{"id":133,"date":"2021-03-23T19:05:42","date_gmt":"2021-03-23T22:05:42","guid":{"rendered":"https:\/\/tut.ct.utfpr.edu.br\/?page_id=133"},"modified":"2026-02-20T15:43:10","modified_gmt":"2026-02-20T18:43:10","slug":"coordenacao","status":"publish","type":"page","link":"https:\/\/utfpr.curitiba.br\/tut\/index.php\/coordenacao\/","title":{"rendered":"Coordena\u00e7\u00e3o"},"content":{"rendered":"\t\t<div data-elementor-type=\"wp-page\" data-elementor-id=\"133\" class=\"elementor elementor-133\">\n\t\t\t\t\t\t<section class=\"elementor-section elementor-top-section elementor-element elementor-element-384a196 elementor-section-boxed elementor-section-height-default elementor-section-height-default\" data-id=\"384a196\" data-element_type=\"section\" data-e-type=\"section\">\n\t\t\t\t\t\t<div class=\"elementor-container elementor-column-gap-default\">\n\t\t\t\t\t<div class=\"elementor-column elementor-col-33 elementor-top-column elementor-element elementor-element-1abdd8b\" data-id=\"1abdd8b\" data-element_type=\"column\" data-e-type=\"column\">\n\t\t\t<div class=\"elementor-widget-wrap elementor-element-populated\">\n\t\t\t\t\t\t<div class=\"elementor-element elementor-element-ba74673 elementor-widget elementor-widget-heading\" data-id=\"ba74673\" data-element_type=\"widget\" data-e-type=\"widget\" data-widget_type=\"heading.default\">\n\t\t\t\t<div class=\"elementor-widget-container\">\n\t\t\t\t\t<h4 class=\"elementor-heading-title elementor-size-default\">ISMAEL SCHEFFLER<\/h4>\t\t\t\t<\/div>\n\t\t\t\t<\/div>\n\t\t\t\t<div class=\"elementor-element elementor-element-a55c8fd elementor-widget elementor-widget-image\" data-id=\"a55c8fd\" data-element_type=\"widget\" data-e-type=\"widget\" data-widget_type=\"image.default\">\n\t\t\t\t<div class=\"elementor-widget-container\">\n\t\t\t\t\t\t\t\t\t\t\t\t<figure class=\"wp-caption\">\n\t\t\t\t\t\t\t\t\t\t<img decoding=\"async\" src=\"https:\/\/utfpr-ct-static-content.s3.amazonaws.com\/utfpr.curitiba.br\/wp-content\/uploads\/sites\/52\/2021\/03\/Ismael-1.jpg\" class=\"attachment-full size-full wp-image-300\" alt=\"\" \/>\t\t\t\t\t\t\t\t\t\t\t<figcaption class=\"widget-image-caption wp-caption-text\">Dr. Prof. Ismael Schffler<\/figcaption>\n\t\t\t\t\t\t\t\t\t\t<\/figure>\n\t\t\t\t\t\t\t\t\t<\/div>\n\t\t\t\t<\/div>\n\t\t\t\t\t<\/div>\n\t\t<\/div>\n\t\t\t\t<div class=\"elementor-column elementor-col-66 elementor-top-column elementor-element elementor-element-d50a09e\" data-id=\"d50a09e\" data-element_type=\"column\" data-e-type=\"column\">\n\t\t\t<div class=\"elementor-widget-wrap elementor-element-populated\">\n\t\t\t\t\t\t<div class=\"elementor-element elementor-element-852bbc8 elementor-widget elementor-widget-text-editor\" data-id=\"852bbc8\" data-element_type=\"widget\" data-e-type=\"widget\" data-widget_type=\"text-editor.default\">\n\t\t\t\t<div class=\"elementor-widget-container\">\n\t\t\t\t\t\t\t\t\t<p style=\"font-size: 14px;color: #40403f;text-align: justify\">Ismael Scheffler \u00e9 professor coordenador do TUT \u2013 Programa de Extens\u00e3o em Teatro da UTFPR. \u00c9 tamb\u00e9m professor do Departamento Acad\u00eamico de Desenho Industrial da Universidade Tecnol\u00f3gica Federal do Paran\u00e1, Curitiba\/PR.\u00a0<\/p><p style=\"font-size: 14px;color: #40403f;text-align: justify\">\u00c9 Doutor pelo Programa de P\u00f3s-Gradua\u00e7\u00e3o em Teatro da Universidade do Estado de Santa Catarina (2013), onde tamb\u00e9m concluiu o mestrado em Teatro (2004).\u00a0<span style=\"font-size: inherit\">Especialista em Teatro (2001) e graduado em Dire\u00e7\u00e3o Teatral pela Faculdade de Artes do Paran\u00e1 (1999).\u00a0<\/span>Participou do Laborat\u00f3rio de Estudo do Movimento na Escola Internacional de Teatro Jacques Lecoq (2010-2011).\u00a0<\/p><p style=\"font-size: 14px;color: #40403f;text-align: justify\">\u00c9 pesquisador, ator, diretor e cen\u00f3grafo.<\/p>\t\t\t\t\t\t\t\t<\/div>\n\t\t\t\t<\/div>\n\t\t\t\t\t<\/div>\n\t\t<\/div>\n\t\t\t\t\t<\/div>\n\t\t<\/section>\n\t\t\t\t<section class=\"elementor-section elementor-top-section elementor-element elementor-element-69d17ee elementor-section-boxed elementor-section-height-default elementor-section-height-default\" data-id=\"69d17ee\" data-element_type=\"section\" data-e-type=\"section\">\n\t\t\t\t\t\t<div class=\"elementor-container elementor-column-gap-default\">\n\t\t\t\t\t<div class=\"elementor-column elementor-col-33 elementor-top-column elementor-element elementor-element-bae4dc2\" data-id=\"bae4dc2\" data-element_type=\"column\" data-e-type=\"column\">\n\t\t\t<div class=\"elementor-widget-wrap elementor-element-populated\">\n\t\t\t\t\t\t<div class=\"elementor-element elementor-element-d4b4440 elementor-widget elementor-widget-heading\" data-id=\"d4b4440\" data-element_type=\"widget\" data-e-type=\"widget\" data-widget_type=\"heading.default\">\n\t\t\t\t<div class=\"elementor-widget-container\">\n\t\t\t\t\t<h4 class=\"elementor-heading-title elementor-size-default\">CURR\u00cdCULO LATTES<\/h4>\t\t\t\t<\/div>\n\t\t\t\t<\/div>\n\t\t\t\t\t<\/div>\n\t\t<\/div>\n\t\t\t\t<div class=\"elementor-column elementor-col-66 elementor-top-column elementor-element elementor-element-a7435d0\" data-id=\"a7435d0\" data-element_type=\"column\" data-e-type=\"column\">\n\t\t\t<div class=\"elementor-widget-wrap elementor-element-populated\">\n\t\t\t\t\t\t<div class=\"elementor-element elementor-element-c2dc292 elementor-widget elementor-widget-text-editor\" data-id=\"c2dc292\" data-element_type=\"widget\" data-e-type=\"widget\" data-widget_type=\"text-editor.default\">\n\t\t\t\t<div class=\"elementor-widget-container\">\n\t\t\t\t\t\t\t\t\t<p style=\"font-size: 14px;color: #40403f;text-align: justify\"><span style=\"text-align: start\">Para conhecer mais, consulte o\u00a0<\/span><span style=\"color: #ff0000\">Curr\u00edculo Lattes <a href=\"http:\/\/lattes.cnpq.br\/8555057354085208\" style=\"color: #ff0000\"><span style=\"text-decoration: underline\">(clique aqui).<\/span><\/a><\/span><\/p>\t\t\t\t\t\t\t\t<\/div>\n\t\t\t\t<\/div>\n\t\t\t\t\t<\/div>\n\t\t<\/div>\n\t\t\t\t\t<\/div>\n\t\t<\/section>\n\t\t\t\t<section class=\"elementor-section elementor-top-section elementor-element elementor-element-d37ff86 elementor-section-boxed elementor-section-height-default elementor-section-height-default\" data-id=\"d37ff86\" data-element_type=\"section\" data-e-type=\"section\">\n\t\t\t\t\t\t<div class=\"elementor-container elementor-column-gap-default\">\n\t\t\t\t\t<div class=\"elementor-column elementor-col-100 elementor-top-column elementor-element elementor-element-f7fec8e\" data-id=\"f7fec8e\" data-element_type=\"column\" data-e-type=\"column\">\n\t\t\t<div class=\"elementor-widget-wrap elementor-element-populated\">\n\t\t\t\t\t\t<div class=\"elementor-element elementor-element-a077ae9 elementor-widget elementor-widget-accordion\" data-id=\"a077ae9\" data-element_type=\"widget\" data-e-type=\"widget\" data-widget_type=\"accordion.default\">\n\t\t\t\t<div class=\"elementor-widget-container\">\n\t\t\t\t\t\t\t<div class=\"elementor-accordion\">\n\t\t\t\t\t\t\t<div class=\"elementor-accordion-item\">\n\t\t\t\t\t<div id=\"elementor-tab-title-1681\" class=\"elementor-tab-title\" data-tab=\"1\" role=\"button\" aria-controls=\"elementor-tab-content-1681\" aria-expanded=\"false\">\n\t\t\t\t\t\t\t\t\t\t\t\t\t<span class=\"elementor-accordion-icon elementor-accordion-icon-right\" aria-hidden=\"true\">\n\t\t\t\t\t\t\t\t\t\t\t\t\t\t\t<span class=\"elementor-accordion-icon-closed\"><i class=\"fas fa-plus\"><\/i><\/span>\n\t\t\t\t\t\t\t\t<span class=\"elementor-accordion-icon-opened\"><i class=\"fas fa-minus\"><\/i><\/span>\n\t\t\t\t\t\t\t\t\t\t\t\t\t\t<\/span>\n\t\t\t\t\t\t\t\t\t\t\t\t<a class=\"elementor-accordion-title\" tabindex=\"0\">PUBLICA\u00c7\u00d5ES<\/a>\n\t\t\t\t\t<\/div>\n\t\t\t\t\t<div id=\"elementor-tab-content-1681\" class=\"elementor-tab-content elementor-clearfix\" data-tab=\"1\" role=\"region\" aria-labelledby=\"elementor-tab-title-1681\"><p>Ismael Scheffler publicou diversos livros, cap\u00edtulos de livro e artigos cient\u00edficos sobre hist\u00f3ria e processos de cria\u00e7\u00e3o do TUT, pedagogia teatral, hist\u00f3ria do teatro curitibano, Antonin Artaud, Jacques Lecoq e design c\u00eanico.<\/p><p>Dentre os livros, destaca-se:<span>\u00a0<\/span><i>Processos criativos no teatro: encena\u00e7\u00e3o, cenografia e trilha sonora<\/i> (Arte Final, 2025);\u00a0TUT \u2013 50 anos de teatro (UTFPR, 2025); <i>Artaud e o teatro sagrado<\/i> (Arte Final, 2021);\u00a0\u00a0<i>OCO: mem\u00f3rias e olhares\u00a0<\/i>(Arte Final, 2021);\u00a0<i>Caricaturas e tipos c\u00f4micos no teatro<\/i> (Arte Final, 2021);\u00a0<i>Teorias da cena: teatro e visualidades\u00a0<\/i>(InterSaberes, 2019);\u00a0<i>Jos\u00e9 Maria Santos: entrevistas e embates<\/i>\u00a0(UTFPR, 2017);\u00a0<i>Quest\u00f5es de cenografia II: cenografia no teatro e em outros contextos<\/i>\u00a0(Arte Final, 2016);\u00a0<i>Quest\u00f5es de cenografia I\u00a0<\/i>(Arte Final, 2014);\u00a0<i>Babel: o processo de cria\u00e7\u00e3o do espet\u00e1culo<\/i>\u00a0(UTFPR, 2013);\u00a0<i>TUT, TECEFET, TETEF: 35 anos de teatro na UTFPR<\/i>\u00a0(UTFPR, 2008).<\/p><p>Publicou cap\u00edtulo nos livros:<span>\u00a0<\/span><i>\u00c0 sombra do vampiro: 25 anos de teatro de grupo em Curitiba<\/i><span>\u00a0<\/span>(Walter Lima Torres Neto (Org.), Kotter, 2018);<span>\u00a0<\/span><i>The Routledge Companion to Jacques Lecoq<\/i><span>\u00a0<\/span>(Mark Evans; Rick Kemp. (Org.), Londres: Routledge, 2016);<span>\u00a0<\/span><i>Teatralidade e cidade<\/i><span>\u00a0<\/span>(Andr\u00e9 Carreira. (Org.), UDESC, 2011);<span>\u00a0<\/span><i>A Interatividade, o controle da cena e o p\u00fablico como agente compositor<\/i><span>\u00a0<\/span>(Margie Gandara Rauen (Org.),\u00a0 EDUFBA, 2009), entre outros.<\/p><p><span>Foi editor-convidado para o dossi\u00ea tem\u00e1tico<\/span><span>\u00a0<\/span><i>Cenografia, Dire\u00e7\u00e3o de Arte &amp; Design de Cena<\/i><span>, publicado em dois volumes da<\/span><span>\u00a0<\/span><i>Revista Arte da Cena<\/i><span>, da UFG (2018 e 2019) e dos dois volumes do dossi\u00ea tem\u00e1tico<\/span><span>\u00a0<\/span><i>Quadrienal de Praga: Espa\u00e7o e Desenho da Cena<\/i><span>, junto \u00e0 Revista Cena, da UFRGS (2020). \u00c9 membro dos comit\u00eas editoriais das revistas cient\u00edficas<\/span><span>\u00a0<\/span><i>Revista Cient\u00edfica\/FAP<span>\u00a0<\/span><\/i><span>e<\/span><span>\u00a0<\/span><i>O Mosaico: Revista de Pesquisa em Artes<span>\u00a0<\/span><\/i><span>(ambas da UNESPAR).\u00a0<\/span><\/p><p>Diversos artigos publicados em revistas especializadas e anais de eventos cient\u00edficos podem ser encontrados na plataforma<span>\u00a0<\/span><span style=\"color: #ff0000\">Academia.edu <\/span><span style=\"text-decoration: underline;color: #ff0000\"><a href=\"https:\/\/utfpr-br.academia.edu\/IsmaelScheffler\" target=\"_blank\" title=\"\" rel=\"noopener\" style=\"color: #ff0000\">(clique aqui)<\/a>.<\/span><\/p><\/div>\n\t\t\t\t<\/div>\n\t\t\t\t\t\t\t<div class=\"elementor-accordion-item\">\n\t\t\t\t\t<div id=\"elementor-tab-title-1682\" class=\"elementor-tab-title\" data-tab=\"2\" role=\"button\" aria-controls=\"elementor-tab-content-1682\" aria-expanded=\"false\">\n\t\t\t\t\t\t\t\t\t\t\t\t\t<span class=\"elementor-accordion-icon elementor-accordion-icon-right\" aria-hidden=\"true\">\n\t\t\t\t\t\t\t\t\t\t\t\t\t\t\t<span class=\"elementor-accordion-icon-closed\"><i class=\"fas fa-plus\"><\/i><\/span>\n\t\t\t\t\t\t\t\t<span class=\"elementor-accordion-icon-opened\"><i class=\"fas fa-minus\"><\/i><\/span>\n\t\t\t\t\t\t\t\t\t\t\t\t\t\t<\/span>\n\t\t\t\t\t\t\t\t\t\t\t\t<a class=\"elementor-accordion-title\" tabindex=\"0\">DISCIPLINAS NA GRADUA\u00c7\u00c3O<\/a>\n\t\t\t\t\t<\/div>\n\t\t\t\t\t<div id=\"elementor-tab-content-1682\" class=\"elementor-tab-content elementor-clearfix\" data-tab=\"2\" role=\"region\" aria-labelledby=\"elementor-tab-title-1682\"><p>Espa\u00e7o Cenogr\u00e1fico (optativa no\u00a0 Bacharelado em Design)<\/p><p>Projeto de Cenografia\u00a0 (optativa no\u00a0 Bacharelado em Design)<\/p><p>Projeto de Experi\u00eancia Po\u00e9tica\u00a0 (optativa no\u00a0 Bacharelado em Design)<\/p><p>Corpo-forma-movimento\u00a0 (optativa no\u00a0 Bacharelado em Design)<\/p><p>Design C\u00eanico\u00a0 (optativa no\u00a0 Bacharelado em Design)<\/p><p>Psicologia 1\/ Criatividade\u00a0 ( Bacharelado em Design \/ Tecnologia em Design Gr\u00e1fico)<\/p><ul><\/ul><\/div>\n\t\t\t\t<\/div>\n\t\t\t\t\t\t\t<div class=\"elementor-accordion-item\">\n\t\t\t\t\t<div id=\"elementor-tab-title-1683\" class=\"elementor-tab-title\" data-tab=\"3\" role=\"button\" aria-controls=\"elementor-tab-content-1683\" aria-expanded=\"false\">\n\t\t\t\t\t\t\t\t\t\t\t\t\t<span class=\"elementor-accordion-icon elementor-accordion-icon-right\" aria-hidden=\"true\">\n\t\t\t\t\t\t\t\t\t\t\t\t\t\t\t<span class=\"elementor-accordion-icon-closed\"><i class=\"fas fa-plus\"><\/i><\/span>\n\t\t\t\t\t\t\t\t<span class=\"elementor-accordion-icon-opened\"><i class=\"fas fa-minus\"><\/i><\/span>\n\t\t\t\t\t\t\t\t\t\t\t\t\t\t<\/span>\n\t\t\t\t\t\t\t\t\t\t\t\t<a class=\"elementor-accordion-title\" tabindex=\"0\">ESPECIALIZA\u00c7\u00d5ES <\/a>\n\t\t\t\t\t<\/div>\n\t\t\t\t\t<div id=\"elementor-tab-content-1683\" class=\"elementor-tab-content elementor-clearfix\" data-tab=\"3\" role=\"region\" aria-labelledby=\"elementor-tab-title-1683\"><p><span>Scheffler foi coordenador e professor do Curso de Especializa\u00e7\u00e3o em Cenografia (turmas 2009, 2013, 2015 e 2017) e do Curso de Especializa\u00e7\u00e3o em Artes H\u00edbridas (turmas 2015, 2017 e 2018); tamb\u00e9m foi professor nos Curso de Especializa\u00e7\u00e3o em Narrativas Visuais (turmas 2016, 2017 e 2018), Especializa\u00e7\u00e3o em Literatura Dram\u00e1tica e Teatro (turmas 2006 e 2008) e Especializa\u00e7\u00e3o em Comunica\u00e7\u00e3o e Cultura (2008).<\/span><\/p><\/div>\n\t\t\t\t<\/div>\n\t\t\t\t\t\t\t\t<\/div>\n\t\t\t\t\t\t<\/div>\n\t\t\t\t<\/div>\n\t\t\t\t<div class=\"elementor-element elementor-element-178a4c2 elementor-widget elementor-widget-image\" data-id=\"178a4c2\" data-element_type=\"widget\" data-e-type=\"widget\" data-widget_type=\"image.default\">\n\t\t\t\t<div class=\"elementor-widget-container\">\n\t\t\t\t\t\t\t\t\t\t\t\t\t\t\t<img fetchpriority=\"high\" decoding=\"async\" width=\"750\" height=\"397\" src=\"https:\/\/utfpr-ct-static-content.s3.amazonaws.com\/utfpr.curitiba.br\/wp-content\/uploads\/sites\/52\/2022\/12\/DSC_0266-1024x542.jpg\" class=\"attachment-large size-large wp-image-1196\" alt=\"\" srcset=\"https:\/\/utfpr-ct-static-content.s3.amazonaws.com\/utfpr.curitiba.br\/wp-content\/uploads\/sites\/52\/2022\/12\/DSC_0266-1024x542.jpg 1024w, https:\/\/utfpr-ct-static-content.s3.amazonaws.com\/utfpr.curitiba.br\/wp-content\/uploads\/sites\/52\/2022\/12\/DSC_0266-300x159.jpg 300w, https:\/\/utfpr-ct-static-content.s3.amazonaws.com\/utfpr.curitiba.br\/wp-content\/uploads\/sites\/52\/2022\/12\/DSC_0266-768x406.jpg 768w, https:\/\/utfpr-ct-static-content.s3.amazonaws.com\/utfpr.curitiba.br\/wp-content\/uploads\/sites\/52\/2022\/12\/DSC_0266-1536x813.jpg 1536w, https:\/\/utfpr-ct-static-content.s3.amazonaws.com\/utfpr.curitiba.br\/wp-content\/uploads\/sites\/52\/2022\/12\/DSC_0266-2048x1084.jpg 2048w\" sizes=\"(max-width: 750px) 100vw, 750px\" \/>\t\t\t\t\t\t\t\t\t\t\t\t\t\t\t<\/div>\n\t\t\t\t<\/div>\n\t\t\t\t<div class=\"elementor-element elementor-element-25981aa elementor-widget elementor-widget-spacer\" data-id=\"25981aa\" data-element_type=\"widget\" data-e-type=\"widget\" data-widget_type=\"spacer.default\">\n\t\t\t\t<div class=\"elementor-widget-container\">\n\t\t\t\t\t\t\t<div class=\"elementor-spacer\">\n\t\t\t<div class=\"elementor-spacer-inner\"><\/div>\n\t\t<\/div>\n\t\t\t\t\t\t<\/div>\n\t\t\t\t<\/div>\n\t\t\t\t\t<\/div>\n\t\t<\/div>\n\t\t\t\t\t<\/div>\n\t\t<\/section>\n\t\t\t\t<\/div>\n\t\t","protected":false},"excerpt":{"rendered":"<p>ISMAEL SCHEFFLER Dr. Prof. Ismael Schffler Ismael Scheffler \u00e9 professor coordenador do TUT \u2013 Programa de Extens\u00e3o em Teatro da UTFPR. \u00c9 tamb\u00e9m professor do Departamento Acad\u00eamico de Desenho Industrial da Universidade Tecnol\u00f3gica Federal do Paran\u00e1, Curitiba\/PR.\u00a0 \u00c9 Doutor pelo Programa de P\u00f3s-Gradua\u00e7\u00e3o em Teatro da Universidade do Estado de [&hellip;]<\/p>\n","protected":false},"author":4,"featured_media":0,"parent":0,"menu_order":0,"comment_status":"closed","ping_status":"closed","template":"elementor_theme","meta":{"footnotes":""},"class_list":["post-133","page","type-page","status-publish","hentry"],"_links":{"self":[{"href":"https:\/\/utfpr.curitiba.br\/tut\/index.php\/wp-json\/wp\/v2\/pages\/133","targetHints":{"allow":["GET"]}}],"collection":[{"href":"https:\/\/utfpr.curitiba.br\/tut\/index.php\/wp-json\/wp\/v2\/pages"}],"about":[{"href":"https:\/\/utfpr.curitiba.br\/tut\/index.php\/wp-json\/wp\/v2\/types\/page"}],"author":[{"embeddable":true,"href":"https:\/\/utfpr.curitiba.br\/tut\/index.php\/wp-json\/wp\/v2\/users\/4"}],"replies":[{"embeddable":true,"href":"https:\/\/utfpr.curitiba.br\/tut\/index.php\/wp-json\/wp\/v2\/comments?post=133"}],"version-history":[{"count":98,"href":"https:\/\/utfpr.curitiba.br\/tut\/index.php\/wp-json\/wp\/v2\/pages\/133\/revisions"}],"predecessor-version":[{"id":1390,"href":"https:\/\/utfpr.curitiba.br\/tut\/index.php\/wp-json\/wp\/v2\/pages\/133\/revisions\/1390"}],"wp:attachment":[{"href":"https:\/\/utfpr.curitiba.br\/tut\/index.php\/wp-json\/wp\/v2\/media?parent=133"}],"curies":[{"name":"wp","href":"https:\/\/api.w.org\/{rel}","templated":true}]}}