{"id":22,"date":"2023-09-04T17:24:26","date_gmt":"2023-09-04T20:24:26","guid":{"rendered":"https:\/\/utfpr.curitiba.br\/tecsolutfprcuritiba\/?page_id=22"},"modified":"2023-09-19T00:44:19","modified_gmt":"2023-09-19T03:44:19","slug":"sobre-nos","status":"publish","type":"page","link":"https:\/\/utfpr.curitiba.br\/tecsolutfprcuritiba\/sobre-nos\/","title":{"rendered":"Sobre n\u00f3s"},"content":{"rendered":"\t\t<div data-elementor-type=\"wp-page\" data-elementor-id=\"22\" class=\"elementor elementor-22\">\n\t\t\t\t<div class=\"elementor-element elementor-element-c47997d e-flex e-con-boxed wpr-particle-no wpr-jarallax-no wpr-parallax-no wpr-sticky-section-no e-con e-parent\" data-id=\"c47997d\" data-element_type=\"container\" data-e-type=\"container\">\n\t\t\t\t\t<div class=\"e-con-inner\">\n\t\t\t\t<div class=\"elementor-element elementor-element-bfb1453 elementor-widget elementor-widget-heading\" data-id=\"bfb1453\" data-element_type=\"widget\" data-e-type=\"widget\" data-widget_type=\"heading.default\">\n\t\t\t\t<div class=\"elementor-widget-container\">\n\t\t\t\t\t<h2 class=\"elementor-heading-title elementor-size-default\">Sobre n\u00f3s<\/h2>\t\t\t\t<\/div>\n\t\t\t\t<\/div>\n\t\t\t\t<div class=\"elementor-element elementor-element-362f442 elementor-widget elementor-widget-text-editor\" data-id=\"362f442\" data-element_type=\"widget\" data-e-type=\"widget\" data-widget_type=\"text-editor.default\">\n\t\t\t\t<div class=\"elementor-widget-container\">\n\t\t\t\t\t\t\t\t\t<p>Em mar\u00e7o de 2015, obteve-se a autoriza\u00e7\u00e3o para a cria\u00e7\u00e3o da incubadora de Economia Solid\u00e1ria pela dire\u00e7\u00e3o da UTFPR campus Curitiba. Tratando-se de uma universidade p\u00fablica e tecnol\u00f3gica, cujas a\u00e7\u00f5es se baseiam no lema Tecnologia e Humanismo, cabe ressaltar a relev\u00e2ncia de desenvolver projetos de extens\u00e3o que promovam as chamadas Tecnologias Sociais, como \u00e9 o caso da Economia Solid\u00e1ria, que aliam os saberes populares e t\u00e9cnico-cient\u00edfcos, desenvolvendo solu\u00e7\u00f5es para o desenvolvimento social e melhorias das condi\u00e7\u00f5es de vida da popula\u00e7\u00e3o.<\/p>\n<p>A cria\u00e7\u00e3o da referida incubadora veio ao encontro da demanda que pode ser identifcada por meio dos dados do II Mapeamento Nacional da Economia Solid\u00e1ria no Brasil (2013), segundo o qual h\u00e1 270 Empreendimentos Econ\u00f4micos Solid\u00e1rios (EES), sendo 54 rurais, 187 urbanos e 29 rural-urbanos na regi\u00e3o metropolitana de Curitiba. A maioria (182) ainda atua como grupos informais, 58 s\u00e3o associa\u00e7\u00f5es, 29 cooperativas e 1 n\u00e3o se enquadra em nenhuma dessas categorias. Destaca-se que em rela\u00e7\u00e3o ao acesso a algum tipo de apoio, assessoria ou capacita\u00e7\u00e3o, apenas 14 passaram por incuba\u00e7\u00e3o. Outro dado que corroborou para a necessidade de um processo de incuba\u00e7\u00e3o e assessoramentos mais efetivos se refere ao resultado da atividade econ\u00f4mica: em 113 EES foi poss\u00edvel pagar as despesas e houve sobras; em 102 apenas se pagaram as despesas, em 16 n\u00e3o foi sufciente nem para as despesas e 39 n\u00e3o tinham o objetivo de gera\u00e7\u00e3o de renda (PROJETO SIES, 2013). De acordo com os dados do Cadastro Nacional de Economia Solid\u00e1ria, em 2018, o Estado do Paran\u00e1 apresentava 1203 EES envolvendo 87.147 trabalhadores(as), sendo que Curitiba possu\u00eda 148 EES, com 2.356 trabalhadores(as).<\/p>\n<p>Com a autoriza\u00e7\u00e3o da cria\u00e7\u00e3o da incubadora na UTFPR, era chegada a hora de pensar em um nome e na logomarca da mesma, agora em parceria com o Departamento Acad\u00eamico de Design Industrial (DADIN). A Profa. Simone Landal, chefe do departamento, possibilitou que a Profa. Vanessa Kupczik, com seus alunos, nos auxiliasse nesta empreitada. Ent\u00e3o, entre os meses de maio a julho de 2015, ela gentilmente aceitou o desafo e solicitou que seus alunos se reunissem em subgrupos para criarem as propostas. Foi o que aconteceu com o grupo de Ana Luisa, Elis Maria, Jean e Vinicius (2015), cuja marca escolhida foi a do origami.<\/p>\n<p>E o que o origami quer dizer? Ao mesmo tempo em que simboliza a dureza da tecnologia, tamb\u00e9m pode ser fex\u00edvel, pois origami \u00e9 uma t\u00e9cnica cujo objetivo \u00e9 fazer dobras de papel, sem cortes e nem colas, para criar objetos e outros seres, desde formas geom\u00e9tricas simples a desenhos complexos, al\u00e9m de trazer leveza e beleza. Por isto foi escolhido, pois entendemos que a TECSOL \u00e9 uma incubadora que lida com a dureza da \u201cvida do trabalho e dos trabalhadores(as)\u201d, bem como pode se transformar em um espa\u00e7o de m\u00edsticas, encontros populares, rodas de conversas, produ\u00e7\u00e3o de ideias e esperan\u00e7as de que um novo mundo \u00e9 poss\u00edvel.<\/p>\n<p><strong>Em 17 de novembro de 2015, houve o lan\u00e7amento oficial da Incubadora de Economia Solid\u00e1ria (TECSOL) da UTFPR \u2013 campus Curitiba.<\/strong><\/p>\n<p>Na mesa de abertura estiveram presentes os professores: Cezar Augusto Romano (diretor do campus); Mauro Edson Alberti (diretor de Gradua\u00e7\u00e3o e Educa\u00e7\u00e3o Profssional); Paulo Apelles Camboim de Oliveira (diretor de Rela\u00e7\u00f5es Empresariais e Comunit\u00e1rias); Faimara do Rocio Strauhs (coordenadora do PPGTE); Wanderley Deina (chefe do DAESO); Simone Landal (chefe do DADIN).<\/p>\t\t\t\t\t\t\t\t<\/div>\n\t\t\t\t<\/div>\n\t\t\t\t<div class=\"elementor-element elementor-element-47031ed elementor-widget-divider--view-line elementor-widget elementor-widget-divider\" data-id=\"47031ed\" data-element_type=\"widget\" data-e-type=\"widget\" data-widget_type=\"divider.default\">\n\t\t\t\t<div class=\"elementor-widget-container\">\n\t\t\t\t\t\t\t<div class=\"elementor-divider\">\n\t\t\t<span class=\"elementor-divider-separator\">\n\t\t\t\t\t\t<\/span>\n\t\t<\/div>\n\t\t\t\t\t\t<\/div>\n\t\t\t\t<\/div>\n\t\t\t\t\t<\/div>\n\t\t\t\t<\/div>\n\t\t<div class=\"elementor-element elementor-element-28d6e07 e-flex e-con-boxed wpr-particle-no wpr-jarallax-no wpr-parallax-no wpr-sticky-section-no e-con e-parent\" data-id=\"28d6e07\" data-element_type=\"container\" data-e-type=\"container\">\n\t\t\t\t\t<div class=\"e-con-inner\">\n\t\t\t\t<div class=\"elementor-element elementor-element-441b564 elementor-widget elementor-widget-text-editor\" data-id=\"441b564\" data-element_type=\"widget\" data-e-type=\"widget\" data-widget_type=\"text-editor.default\">\n\t\t\t\t<div class=\"elementor-widget-container\">\n\t\t\t\t\t\t\t\t\t<p><strong>Desde sua cria\u00e7\u00e3o em 2015, a TECSOL tem ampliado seu trabalho, atingindo diversas metas estabelecidas no projeto de extens\u00e3o de sua implanta\u00e7\u00e3o.<\/strong> Assim, durante sua exist\u00eancia a incubadora de Economia Solid\u00e1ria conquistou um espa\u00e7o f\u00edsico (sala multiuso); constituiu uma equipe t\u00e9cnica composta por docentes, discentes e volunt\u00e1rios numa perspectiva interdisciplinar e autogestion\u00e1ria; transformou-se em local de est\u00e1gio obrigat\u00f3rio e n\u00e3o obrigat\u00f3rio na UTFPR; tamb\u00e9m acolhe estudantes que queiram desenvolver seus Trabalhos de Conclus\u00e3o de Cursos (TCC), no qual um deles ganhou pr\u00eamio de 1.\u00ba lugar no evento de Extens\u00e3o Universit\u00e1ria em 2019. Obteve 19 bolsas de extens\u00e3o entre os anos de 2016 a 2022. Realizou forma\u00e7\u00e3o em Economia Solid\u00e1ria para sua equipe e comunidade interna e externa; integra a Rede de Incubadoras Universit\u00e1rias de Apoio e Fomento \u00e0 Economia Solid\u00e1ria do Paran\u00e1 (RIU-PR) e a Rede Nacional de Incubadoras Tecnol\u00f3gicas de Cooperativas Populares (ITCPS); participou de eventos cient\u00edfcos na \u00e1rea e dos Semin\u00e1rios de Extens\u00e3o e Inova\u00e7\u00e3o da UTFPR com apresenta\u00e7\u00e3o de trabalhos elaborados em conjunto com alunos; implantou uma disciplina optativa sobre Economia Solid\u00e1ria e Tecnologia Social no PPGTE e outra disciplina optativa para gradua\u00e7\u00e3o que \u00e9 ofertada para todos os cursos de gradua\u00e7\u00e3o; criou um Grupo de Estudos sobre Economia Solid\u00e1ria e Tecnologia Social; participou de bancas de avalia\u00e7\u00e3o de Trabalho de Final de curso; participou de bancas de mestrado e doutorado sobre a tem\u00e1tica; h\u00e1 tamb\u00e9m forte participa\u00e7\u00e3o de eventos com apresenta\u00e7\u00e3o de trabalhos cient\u00edfcos em congressos, encontros e semin\u00e1rios; h\u00e1 produ\u00e7\u00e3o de livros sobre cursos realizados na incubadora; assessorou EES (Associa\u00e7\u00e3o da Feira Permanente de Economia Solid\u00e1ria, Associa\u00e7\u00e3o dos Catadores Ilha) e projetos sociais na \u00e1rea de Economia Solid\u00e1ria (Cooperua \u2013 Pessoas em Situa\u00e7\u00e3o de Rua). Neste momento, continua assessorando os dois primeiros, al\u00e9m de integrar os projetos de extens\u00e3o: o da articula\u00e7\u00e3o de Rede Paranaense de Economia Solid\u00e1ria Campo Cidade (Rede Mandala) e o de Economia Solid\u00e1ria e Dan\u00e7a; organizou cinco Mostras de Economia Solid\u00e1ria na UTFPR (2015, 2016, 2017, 2018, 2019); participa em inst\u00e2ncias pol\u00edticas da Economia Solid\u00e1ria como: Conselho Municipal de Economia Popular Solid\u00e1ria de Curitiba, Conselho Estadual de Economia Solid\u00e1ria do Paran\u00e1, F\u00f3rum Municipal de Economia Solid\u00e1ria de Curitiba, F\u00f3rum Estadual de Economia Solid\u00e1ria e participou da Comiss\u00e3o Especial do Paran\u00e1 do Cadastro Nacional de Empreendimentos Econ\u00f4micos Solid\u00e1rios e Com\u00e9rcio Justo (CADSOL). Ajudou a aprovar as leis municipal e estadual de Economia Solid\u00e1ria. No Conselho Municipal de Economia Solid\u00e1ria de Curitiba (CMEPS), participou da constru\u00e7\u00e3o do I Plano Municipal de Economia Popular Solid\u00e1ria de Curitiba. Participou da comiss\u00e3o organizadora das II e III Confer\u00eancia Estadual de Economia Solid\u00e1ria e participou como delegada representando a regi\u00e3o em confer\u00eancias municipais, estaduais e nacional de Economia Solid\u00e1ria; participou da comiss\u00e3o de organiza\u00e7\u00e3o do I Semin\u00e1rio Municipal de Economia Solid\u00e1ria da cidade de Curitiba (2017); participou da comiss\u00e3o organizadora da II Confer\u00eancia Municipal de Economia Popular Solid\u00e1ria de Curitiba (2018). Em 2018, a TECSOL foi transformada em Programa de Extens\u00e3o. Em 2020, ganhou o pr\u00eamio Projeto de Extens\u00e3o Destaque da UTFPR no Paran\u00e1. Ainda em 2020, em meio \u00e0 pandemia, procurou se reinventar com o uso de plataformas virtuais para continuar assessorando EES, desenvolvendo cursos de forma\u00e7\u00e3o e procurando manter a ES viva e pulsante.<\/p><p>A Incubadora de Economia Solid\u00e1ria possibilita a alunos, professores e t\u00e9cnicos administrativos contato direto com a comunidade e realidade social, favorecendo a integra\u00e7\u00e3o e parceria da universidade com a sociedade. Pode ser local de est\u00e1gio para alunos, oportunizando a eles dialogar com o saber popular e desenvolver a consci\u00eancia cr\u00edtica. \u00c9 tamb\u00e9m campo de pesquisa e extens\u00e3o para docentes e alunos da gradua\u00e7\u00e3o e p\u00f3s-gradua\u00e7\u00e3o, bem como promove um maior aperfei\u00e7oamento do corpo docente para atua\u00e7\u00e3o no ensino e na pesquisa. A incubadora promove ainda o fortalecimento da interdisciplinaridade na universidade, tendo articula\u00e7\u00e3o com outras \u00e1reas de conhecimento, tais como: Ci\u00eancias Humanas (Psicologia, Sociologia, Filosofa, Hist\u00f3ria, Arte e Geografia), Engenharia Civil (edifca\u00e7\u00f5es, seguran\u00e7a do trabalho); Arquitetura e Urbanismo (projetos arquitet\u00f4nicos), Sistemas de Informa\u00e7\u00e3o (capacita\u00e7\u00e3o em inform\u00e1tica), Design (produtos de EES), discuss\u00f5es de Ci\u00eancia, Tecnologia e Sociedade, especialmente no que tange \u00e0 Tecnologia Social.<\/p><p><em>Texto retirado do livro &#8220;Programa de p\u00f3s-gradua\u00e7\u00e3o em tecnologia e sociedade PPGTE: hist\u00f3rias, conversas e imagens&#8221;, p. 176-184.<\/em><\/p>\t\t\t\t\t\t\t\t<\/div>\n\t\t\t\t<\/div>\n\t\t\t\t\t<\/div>\n\t\t\t\t<\/div>\n\t\t\t\t<\/div>\n\t\t","protected":false},"excerpt":{"rendered":"<p>\/*! elementor &#8211; v3.15.0 &#8211; 20-08-2023 *\/ .elementor-heading-title{padding:0;margin:0;line-height:1}.elementor-widget-heading .elementor-heading-title[class*=elementor-size-]&gt;a{color:inherit;font-size:inherit;line-height:inherit}.elementor-widget-heading .elementor-heading-title.elementor-size-small{font-size:15px}.elementor-widget-heading .elementor-heading-title.elementor-size-medium{font-size:19px}.elementor-widget-heading .elementor-heading-title.elementor-size-large{font-size:29px}.elementor-widget-heading .elementor-heading-title.elementor-size-xl{font-size:39px}.elementor-widget-heading .elementor-heading-title.elementor-size-xxl{font-size:59px} Sobre n\u00f3s Em mar\u00e7o de 2015, obteve-se a autoriza\u00e7\u00e3o para a cria\u00e7\u00e3o da incubadora de Economia Solid\u00e1ria pela dire\u00e7\u00e3o da UTFPR campus Curitiba. Tratando-se de uma universidade p\u00fablica e tecnol\u00f3gica, cujas a\u00e7\u00f5es se baseiam no lema Tecnologia e Humanismo, cabe ressaltar a relev\u00e2ncia de desenvolver projetos de extens\u00e3o que promovam as chamadas Tecnologias Sociais, como \u00e9 o caso da Economia Solid\u00e1ria, que aliam os saberes populares e t\u00e9cnico-cient\u00edfcos, desenvolvendo solu\u00e7\u00f5es para o desenvolvimento social e melhorias das condi\u00e7\u00f5es de vida da popula\u00e7\u00e3o. A cria\u00e7\u00e3o da referida incubadora veio ao encontro da demanda que pode ser identifcada por meio dos dados do II Mapeamento Nacional da Economia Solid\u00e1ria no Brasil (2013), segundo o qual h\u00e1 270 Empreendimentos Econ\u00f4micos Solid\u00e1rios (EES), sendo 54 rurais, 187 urbanos e 29 rural-urbanos na regi\u00e3o metropolitana de Curitiba. A maioria (182) ainda atua como grupos informais, 58 s\u00e3o associa\u00e7\u00f5es, 29 cooperativas e 1 n\u00e3o se enquadra em nenhuma dessas categorias. Destaca-se que em rela\u00e7\u00e3o ao acesso a algum tipo de apoio, assessoria ou capacita\u00e7\u00e3o, apenas 14 passaram por incuba\u00e7\u00e3o. Outro dado que corroborou para a necessidade de um processo de incuba\u00e7\u00e3o e assessoramentos mais efetivos se refere ao resultado da atividade econ\u00f4mica: em 113 EES foi poss\u00edvel pagar as despesas e houve sobras; em 102 apenas se pagaram as despesas, em 16 n\u00e3o foi sufciente nem para as despesas e 39 n\u00e3o tinham o objetivo de gera\u00e7\u00e3o de renda (PROJETO SIES, 2013). De acordo com os dados do Cadastro Nacional de Economia Solid\u00e1ria, em 2018, o Estado do Paran\u00e1 apresentava 1203 EES envolvendo 87.147 trabalhadores(as), sendo que Curitiba possu\u00eda 148 EES, com 2.356 trabalhadores(as). Com a autoriza\u00e7\u00e3o da cria\u00e7\u00e3o da incubadora na UTFPR, era chegada a hora de pensar em um nome e na logomarca da mesma, agora em parceria com o Departamento Acad\u00eamico de Design Industrial (DADIN). A Profa. Simone Landal, chefe do departamento, possibilitou que a Profa. Vanessa Kupczik, com seus alunos, nos auxiliasse nesta empreitada. Ent\u00e3o, entre os meses de maio a julho de 2015, ela gentilmente aceitou o desafo e solicitou que seus alunos se reunissem em subgrupos para criarem as propostas. Foi o que aconteceu com o grupo de Ana Luisa, Elis Maria, Jean e Vinicius (2015), cuja marca escolhida foi a do origami. E o que o origami quer dizer? Ao mesmo tempo em que simboliza a dureza da tecnologia, tamb\u00e9m pode ser fex\u00edvel, pois origami \u00e9 uma t\u00e9cnica cujo objetivo \u00e9 fazer dobras de papel, sem cortes e nem colas, para criar objetos e outros seres, desde formas geom\u00e9tricas simples a desenhos complexos, al\u00e9m de trazer leveza e beleza. Por isto foi escolhido, pois entendemos que a TECSOL \u00e9 uma incubadora que lida com a dureza da \u201cvida do trabalho e dos trabalhadores(as)\u201d, bem como pode se transformar em um espa\u00e7o de m\u00edsticas, encontros populares, rodas de conversas, produ\u00e7\u00e3o de ideias e esperan\u00e7as de que um novo mundo \u00e9 poss\u00edvel. Em 17 de novembro de 2015, houve o lan\u00e7amento oficial da Incubadora de Economia Solid\u00e1ria (TECSOL) da UTFPR \u2013 campus Curitiba. Na mesa de abertura estiveram presentes os professores: Cezar Augusto Romano (diretor do campus); Mauro Edson Alberti (diretor de Gradua\u00e7\u00e3o e Educa\u00e7\u00e3o Profssional); Paulo Apelles Camboim de Oliveira (diretor de Rela\u00e7\u00f5es Empresariais e Comunit\u00e1rias); Faimara do Rocio Strauhs (coordenadora do PPGTE); Wanderley Deina (chefe do DAESO); Simone Landal (chefe do DADIN). \/*! elementor &#8211; v3.15.0 &#8211; 20-08-2023 *\/ .elementor-widget-divider{&#8211;divider-border-style:none;&#8211;divider-border-width:1px;&#8211;divider-color:#0c0d0e;&#8211;divider-icon-size:20px;&#8211;divider-element-spacing:10px;&#8211;divider-pattern-height:24px;&#8211;divider-pattern-size:20px;&#8211;divider-pattern-url:none;&#8211;divider-pattern-repeat:repeat-x}.elementor-widget-divider .elementor-divider{display:flex}.elementor-widget-divider .elementor-divider__text{font-size:15px;line-height:1;max-width:95%}.elementor-widget-divider .elementor-divider__element{margin:0 var(&#8211;divider-element-spacing);flex-shrink:0}.elementor-widget-divider .elementor-icon{font-size:var(&#8211;divider-icon-size)}.elementor-widget-divider .elementor-divider-separator{display:flex;margin:0;direction:ltr}.elementor-widget-divider&#8211;view-line_icon .elementor-divider-separator,.elementor-widget-divider&#8211;view-line_text .elementor-divider-separator{align-items:center}.elementor-widget-divider&#8211;view-line_icon .elementor-divider-separator:after,.elementor-widget-divider&#8211;view-line_icon .elementor-divider-separator:before,.elementor-widget-divider&#8211;view-line_text .elementor-divider-separator:after,.elementor-widget-divider&#8211;view-line_text .elementor-divider-separator:before{display:block;content:&#8221;&#8221;;border-bottom:0;flex-grow:1;border-top:var(&#8211;divider-border-width) var(&#8211;divider-border-style) var(&#8211;divider-color)}.elementor-widget-divider&#8211;element-align-left .elementor-divider .elementor-divider-separator&gt;.elementor-divider__svg:first-of-type{flex-grow:0;flex-shrink:100}.elementor-widget-divider&#8211;element-align-left .elementor-divider-separator:before{content:none}.elementor-widget-divider&#8211;element-align-left .elementor-divider__element{margin-left:0}.elementor-widget-divider&#8211;element-align-right .elementor-divider .elementor-divider-separator&gt;.elementor-divider__svg:last-of-type{flex-grow:0;flex-shrink:100}.elementor-widget-divider&#8211;element-align-right .elementor-divider-separator:after{content:none}.elementor-widget-divider&#8211;element-align-right .elementor-divider__element{margin-right:0}.elementor-widget-divider:not(.elementor-widget-divider&#8211;view-line_text):not(.elementor-widget-divider&#8211;view-line_icon) .elementor-divider-separator{border-top:var(&#8211;divider-border-width) var(&#8211;divider-border-style) var(&#8211;divider-color)}.elementor-widget-divider&#8211;separator-type-pattern{&#8211;divider-border-style:none}.elementor-widget-divider&#8211;separator-type-pattern.elementor-widget-divider&#8211;view-line .elementor-divider-separator,.elementor-widget-divider&#8211;separator-type-pattern:not(.elementor-widget-divider&#8211;view-line) .elementor-divider-separator:after,.elementor-widget-divider&#8211;separator-type-pattern:not(.elementor-widget-divider&#8211;view-line) .elementor-divider-separator:before,.elementor-widget-divider&#8211;separator-type-pattern:not([class*=elementor-widget-divider&#8211;view]) .elementor-divider-separator{width:100%;min-height:var(&#8211;divider-pattern-height);-webkit-mask-size:var(&#8211;divider-pattern-size) 100%;mask-size:var(&#8211;divider-pattern-size) 100%;-webkit-mask-repeat:var(&#8211;divider-pattern-repeat);mask-repeat:var(&#8211;divider-pattern-repeat);background-color:var(&#8211;divider-color);-webkit-mask-image:var(&#8211;divider-pattern-url);mask-image:var(&#8211;divider-pattern-url)}.elementor-widget-divider&#8211;no-spacing{&#8211;divider-pattern-size:auto}.elementor-widget-divider&#8211;bg-round{&#8211;divider-pattern-repeat:round}.rtl .elementor-widget-divider .elementor-divider__text{direction:rtl}.e-con-inner&gt;.elementor-widget-divider,.e-con&gt;.elementor-widget-divider{width:var(&#8211;container-widget-width,100%);&#8211;flex-grow:var(&#8211;container-widget-flex-grow)} Desde sua cria\u00e7\u00e3o em 2015, a TECSOL tem ampliado seu trabalho, atingindo diversas metas estabelecidas no projeto de extens\u00e3o de sua implanta\u00e7\u00e3o. Assim, durante sua exist\u00eancia a incubadora de Economia Solid\u00e1ria conquistou um espa\u00e7o f\u00edsico (sala multiuso); constituiu uma equipe t\u00e9cnica composta por docentes, discentes e volunt\u00e1rios numa perspectiva interdisciplinar e autogestion\u00e1ria; transformou-se em local de est\u00e1gio obrigat\u00f3rio e n\u00e3o obrigat\u00f3rio na UTFPR; tamb\u00e9m acolhe estudantes que queiram desenvolver seus Trabalhos de Conclus\u00e3o de Cursos (TCC), no qual um deles ganhou pr\u00eamio de 1.\u00ba lugar no evento de Extens\u00e3o Universit\u00e1ria em 2019. Obteve 19 bolsas de extens\u00e3o entre os anos de 2016 a 2022. Realizou forma\u00e7\u00e3o em Economia Solid\u00e1ria para sua equipe e comunidade interna e externa; integra a Rede de Incubadoras Universit\u00e1rias de Apoio e Fomento \u00e0 Economia Solid\u00e1ria do Paran\u00e1 (RIU-PR) e a Rede Nacional de Incubadoras Tecnol\u00f3gicas de Cooperativas Populares (ITCPS); participou de eventos cient\u00edfcos na \u00e1rea e dos Semin\u00e1rios de Extens\u00e3o e Inova\u00e7\u00e3o da UTFPR com apresenta\u00e7\u00e3o de trabalhos elaborados em conjunto com alunos; implantou uma disciplina optativa sobre Economia Solid\u00e1ria e Tecnologia Social no PPGTE e outra disciplina optativa para gradua\u00e7\u00e3o que \u00e9 ofertada para todos os cursos de gradua\u00e7\u00e3o; criou um Grupo de Estudos sobre Economia Solid\u00e1ria e Tecnologia Social; participou de bancas de avalia\u00e7\u00e3o de Trabalho de Final de curso; participou de bancas de mestrado e doutorado sobre a tem\u00e1tica; h\u00e1 tamb\u00e9m forte participa\u00e7\u00e3o de eventos com apresenta\u00e7\u00e3o de trabalhos cient\u00edfcos em congressos, encontros e semin\u00e1rios; h\u00e1 produ\u00e7\u00e3o de livros sobre cursos realizados na incubadora; assessorou EES (Associa\u00e7\u00e3o da Feira Permanente de Economia Solid\u00e1ria, Associa\u00e7\u00e3o dos Catadores Ilha) e projetos sociais na \u00e1rea de Economia Solid\u00e1ria (Cooperua \u2013 Pessoas em Situa\u00e7\u00e3o de Rua). Neste momento, continua assessorando os dois primeiros, al\u00e9m de integrar os projetos de extens\u00e3o: o da articula\u00e7\u00e3o de Rede Paranaense de Economia Solid\u00e1ria Campo Cidade (Rede Mandala) e o de Economia Solid\u00e1ria e Dan\u00e7a; organizou cinco Mostras de Economia Solid\u00e1ria na UTFPR (2015, 2016, 2017, 2018, 2019); participa em inst\u00e2ncias pol\u00edticas da Economia Solid\u00e1ria como: Conselho Municipal de Economia Popular Solid\u00e1ria de Curitiba, Conselho Estadual de Economia Solid\u00e1ria do Paran\u00e1, F\u00f3rum Municipal de Economia Solid\u00e1ria de Curitiba, F\u00f3rum Estadual de Economia Solid\u00e1ria e participou da Comiss\u00e3o Especial do Paran\u00e1 do Cadastro Nacional de Empreendimentos Econ\u00f4micos Solid\u00e1rios e Com\u00e9rcio Justo (CADSOL). Ajudou a aprovar as leis municipal e estadual de Economia Solid\u00e1ria.<\/p>\n","protected":false},"author":73,"featured_media":0,"parent":0,"menu_order":0,"comment_status":"closed","ping_status":"closed","template":"","meta":{"footnotes":""},"class_list":["post-22","page","type-page","status-publish","hentry"],"_links":{"self":[{"href":"https:\/\/utfpr.curitiba.br\/tecsolutfprcuritiba\/wp-json\/wp\/v2\/pages\/22","targetHints":{"allow":["GET"]}}],"collection":[{"href":"https:\/\/utfpr.curitiba.br\/tecsolutfprcuritiba\/wp-json\/wp\/v2\/pages"}],"about":[{"href":"https:\/\/utfpr.curitiba.br\/tecsolutfprcuritiba\/wp-json\/wp\/v2\/types\/page"}],"author":[{"embeddable":true,"href":"https:\/\/utfpr.curitiba.br\/tecsolutfprcuritiba\/wp-json\/wp\/v2\/users\/73"}],"replies":[{"embeddable":true,"href":"https:\/\/utfpr.curitiba.br\/tecsolutfprcuritiba\/wp-json\/wp\/v2\/comments?post=22"}],"version-history":[{"count":49,"href":"https:\/\/utfpr.curitiba.br\/tecsolutfprcuritiba\/wp-json\/wp\/v2\/pages\/22\/revisions"}],"predecessor-version":[{"id":574,"href":"https:\/\/utfpr.curitiba.br\/tecsolutfprcuritiba\/wp-json\/wp\/v2\/pages\/22\/revisions\/574"}],"wp:attachment":[{"href":"https:\/\/utfpr.curitiba.br\/tecsolutfprcuritiba\/wp-json\/wp\/v2\/media?parent=22"}],"curies":[{"name":"wp","href":"https:\/\/api.w.org\/{rel}","templated":true}]}}