{"id":72,"date":"2015-07-03T17:21:39","date_gmt":"2015-07-03T17:21:39","guid":{"rendered":"http:\/\/200.19.73.116\/anais2\/?page_id=72"},"modified":"2020-05-18T21:55:27","modified_gmt":"2020-05-18T21:55:27","slug":"normas-para-publicacao","status":"publish","type":"page","link":"https:\/\/utfpr.curitiba.br\/snpd\/index.php\/normas-para-publicacao\/","title":{"rendered":"Normas para publica\u00e7\u00e3o"},"content":{"rendered":"<h3><\/h3>\n<ul>\n<li><strong>Tipo de arquivo: <\/strong>\u00a0Microsoft Word (a partir de 2003)<\/li>\n<li><strong>Configura\u00e7\u00f5es da P\u00e1gina:<\/strong>\n<ul>\n<li>Tamanho do Papel: A4<\/li>\n<li>Margem Superior: 3 cm<\/li>\n<li>Margem Inferior: 2 cm<\/li>\n<li>Margem Esquerda: 3 cm<\/li>\n<li>Margem Direita: 2 cm<\/li>\n<\/ul>\n<\/li>\n<li><strong>Os Cap\u00edtulos, T\u00edtulos e Subt\u00edtulos dever\u00e3o ser ordenados segundo os seguintes crit\u00e9rios:<\/strong>\n<ul>\n<li>T\u00edtulo: Times New Roman tamanho 14, caixa alta e normal.<\/li>\n<li>Subt\u00edtulo: Times New Roman, tamanho 12 e negrito.<\/li>\n<li>Sub-Subt\u00edtulo: Times New Roman, tamanho 12 e negrito.<\/li>\n<\/ul>\n<\/li>\n<li><strong>Configura\u00e7\u00e3o do corpo do texto<\/strong>\n<ul>\n<li>Fonte Times New Roman, tamanho 12, par\u00e1grafo justificado.<\/li>\n<li>Espa\u00e7amento entre caracteres e palavras: simples.<\/li>\n<li>Espa\u00e7amento entre linhas: 1,5 Linhas.<\/li>\n<li>Deslocamento do par\u00e1grafo: 2 cm.<\/li>\n<li>Quantidade de p\u00e1ginas: M\u00ednimo 12 e m\u00e1ximo de 17 p\u00e1ginas, incluindo a primeira p\u00e1gina e a bibliografia.<\/li>\n<li>Numera\u00e7\u00e3o de p\u00e1ginas: Posicionar embaixo da p\u00e1gina, \u00e0 direita; Utilizar fonte Times New Roman tamanho 12 normal.<\/li>\n<li>Tabelas, quadros, ilustra\u00e7\u00f5es e gr\u00e1ficos: Devem ser apresentadas na forma edit\u00e1vel, com t\u00edtulos em Times New Roman, tamanho 12, normal e justificado, sem deslocamento do par\u00e1grafo. Para as legendas, utilizar o tamanho 11.<\/li>\n<li><strong>Nota: <\/strong>\u00a0N\u00e3o utilizar notas de rodap\u00e9, sen\u00e3o na primeira p\u00e1gina para identifica\u00e7\u00e3o (mini-curr\u00edculo do(s) autor(res)\/ co-autor(es). Toda a \u201ccomunica\u00e7\u00e3o\u201d deve ser feita no interior (corpo) do texto.<\/li>\n<\/ul>\n<\/li>\n<li><strong>Conte\u00fado da Primeira P\u00e1gina:<\/strong>\n<ul>\n<li>T\u00edtulo do trabalho, centralizado, em caixa alta a partir da 1\u00aa linha da p\u00e1gina, em Times New Roman tamanho 14, caixa alta e normal.<\/li>\n<li>Colocar a identifica\u00e7\u00e3o do(s) autor(es)\/coautor(es) alinhada a direita da p\u00e1gina \u00e0 duas linhas do t\u00edtulo do trabalho, em Times New Roman tamanho 12; somente as primeiras letras do nome\/sobrenome em caixa alta e normal, destacando a nota de rodap\u00e9 identificativa que deve contemplar os respectivos mini curr\u00edculos com no m\u00e1ximo tr\u00eas linhas por autor\/coautor.<\/li>\n<li>Resumo do trabalho: Tamanho m\u00ednimo de 250 e m\u00e1ximo de 400 palavras, em um \u00fanico par\u00e1grafo, no mesmo idioma do trabalho, em espa\u00e7o simples, contendo: objetivo, men\u00e7\u00e3o breve ao quadro te\u00f3rico de refer\u00eancia, metodologia, resultados e conclus\u00f5es.<\/li>\n<li>Palavras-chave: tr\u00eas a cinco, a duas linhas abaixo do corpo do resumo.<\/li>\n<li><strong>N\u00e3o \u00e9 necess\u00e1rio o <\/strong><em>abstract <\/em>.<\/li>\n<\/ul>\n<\/li>\n<\/ul>\n<ul>\n<li><strong>Cita\u00e7\u00f5es e Refer\u00eancias bibliogr\u00e1ficas:<\/strong>\n<ul>\n<li>De acordo com a orienta\u00e7\u00e3o da organiza\u00e7\u00e3o da edi\u00e7\u00e3o corrente do evento.<\/li>\n<\/ul>\n<\/li>\n<\/ul>\n","protected":false},"excerpt":{"rendered":"<p>Tipo de arquivo: \u00a0Microsoft Word (a partir de 2003) Configura\u00e7\u00f5es da P\u00e1gina: Tamanho do Papel: A4 Margem Superior: 3 cm<\/p>\n","protected":false},"author":5,"featured_media":0,"parent":0,"menu_order":0,"comment_status":"closed","ping_status":"open","template":"","meta":{"colormag_page_container_layout":"default_layout","colormag_page_sidebar_layout":"default_layout","footnotes":""},"class_list":["post-72","page","type-page","status-publish","hentry"],"_links":{"self":[{"href":"https:\/\/utfpr.curitiba.br\/snpd\/index.php\/wp-json\/wp\/v2\/pages\/72","targetHints":{"allow":["GET"]}}],"collection":[{"href":"https:\/\/utfpr.curitiba.br\/snpd\/index.php\/wp-json\/wp\/v2\/pages"}],"about":[{"href":"https:\/\/utfpr.curitiba.br\/snpd\/index.php\/wp-json\/wp\/v2\/types\/page"}],"author":[{"embeddable":true,"href":"https:\/\/utfpr.curitiba.br\/snpd\/index.php\/wp-json\/wp\/v2\/users\/5"}],"replies":[{"embeddable":true,"href":"https:\/\/utfpr.curitiba.br\/snpd\/index.php\/wp-json\/wp\/v2\/comments?post=72"}],"version-history":[{"count":3,"href":"https:\/\/utfpr.curitiba.br\/snpd\/index.php\/wp-json\/wp\/v2\/pages\/72\/revisions"}],"predecessor-version":[{"id":392,"href":"https:\/\/utfpr.curitiba.br\/snpd\/index.php\/wp-json\/wp\/v2\/pages\/72\/revisions\/392"}],"wp:attachment":[{"href":"https:\/\/utfpr.curitiba.br\/snpd\/index.php\/wp-json\/wp\/v2\/media?parent=72"}],"curies":[{"name":"wp","href":"https:\/\/api.w.org\/{rel}","templated":true}]}}

Normas para publicação

<h3></h3>
<ul>
<li><strong>Tipo de arquivo: </strong> Microsoft Word (a partir de 2003)</li>
<li><strong>Configurações da Página:</strong>
<ul>
<li>Tamanho do Papel: A4</li>
<li>Margem Superior: 3 cm</li>
<li>Margem Inferior: 2 cm</li>
<li>Margem Esquerda: 3 cm</li>
<li>Margem Direita: 2 cm</li>
</ul>
</li>
<li><strong>Os Capítulos, Títulos e Subtítulos deverão ser ordenados segundo os seguintes critérios:</strong>
<ul>
<li>Título: Times New Roman tamanho 14, caixa alta e normal.</li>
<li>Subtítulo: Times New Roman, tamanho 12 e negrito.</li>
<li>Sub-Subtítulo: Times New Roman, tamanho 12 e negrito.</li>
</ul>
</li>
<li><strong>Configuração do corpo do texto</strong>
<ul>
<li>Fonte Times New Roman, tamanho 12, parágrafo justificado.</li>
<li>Espaçamento entre caracteres e palavras: simples.</li>
<li>Espaçamento entre linhas: 1,5 Linhas.</li>
<li>Deslocamento do parágrafo: 2 cm.</li>
<li>Quantidade de páginas: Mínimo 12 e máximo de 17 páginas, incluindo a primeira página e a bibliografia.</li>
<li>Numeração de páginas: Posicionar embaixo da página, à direita; Utilizar fonte Times New Roman tamanho 12 normal.</li>
<li>Tabelas, quadros, ilustrações e gráficos: Devem ser apresentadas na forma editável, com títulos em Times New Roman, tamanho 12, normal e justificado, sem deslocamento do parágrafo. Para as legendas, utilizar o tamanho 11.</li>
<li><strong>Nota: </strong> Não utilizar notas de rodapé, senão na primeira página para identificação (mini-currículo do(s) autor(res)/ co-autor(es). Toda a “comunicação” deve ser feita no interior (corpo) do texto.</li>
</ul>
</li>
<li><strong>Conteúdo da Primeira Página:</strong>
<ul>
<li>Título do trabalho, centralizado, em caixa alta a partir da 1ª linha da página, em Times New Roman tamanho 14, caixa alta e normal.</li>
<li>Colocar a identificação do(s) autor(es)/coautor(es) alinhada a direita da página à duas linhas do título do trabalho, em Times New Roman tamanho 12; somente as primeiras letras do nome/sobrenome em caixa alta e normal, destacando a nota de rodapé identificativa que deve contemplar os respectivos mini currículos com no máximo três linhas por autor/coautor.</li>
<li>Resumo do trabalho: Tamanho mínimo de 250 e máximo de 400 palavras, em um único parágrafo, no mesmo idioma do trabalho, em espaço simples, contendo: objetivo, menção breve ao quadro teórico de referência, metodologia, resultados e conclusões.</li>
<li>Palavras-chave: três a cinco, a duas linhas abaixo do corpo do resumo.</li>
<li><strong>Não é necessário o </strong><em>abstract </em>.</li>
</ul>
</li>
</ul>
<ul>
<li><strong>Citações e Referências bibliográficas:</strong>
<ul>
<li>De acordo com a orientação da organização da edição corrente do evento.</li>
</ul>
</li>
</ul>

<p>Tipo de arquivo:  Microsoft Word (a partir de 2003) Configurações da Página: Tamanho do Papel: A4 Margem Superior: 3 cm</p>
