{"id":69,"date":"2015-07-03T17:20:40","date_gmt":"2015-07-03T17:20:40","guid":{"rendered":"http:\/\/200.19.73.116\/anais2\/?page_id=69"},"modified":"2020-05-18T21:55:26","modified_gmt":"2020-05-18T21:55:26","slug":"comite-cientifico","status":"publish","type":"page","link":"https:\/\/utfpr.curitiba.br\/snpd\/index.php\/comite-cientifico\/","title":{"rendered":"Comit\u00ea cient\u00edfico"},"content":{"rendered":"<p style=\"text-align: left;\">S\u00e3o membros do comit\u00ea cient\u00edfico os seguintes professores:<\/p>\n<p style=\"text-align: left;\">\u2022\u00a0 Dr. Gilson Batista de Oliveira\u00a0\u2013 Universidade Federal da Integra\u00e7\u00e3o Latino-Americana<\/p>\n<p style=\"text-align: left;\">\u2022\u00a0 Dr. Marcus Aur\u00e9lio Machado Fernandes\u00a0\u2013 Universidade Estadual do Centro Oeste do Paran\u00e1<\/p>\n<p style=\"text-align: left;\">\u2022\u00a0 Dra. Maria Lucia Figueiredo\u00a0Gomes de Meza\u00a0\u2013 Universidade Tecnol\u00f3gica Federal do Paran\u00e1<\/p>\n<p style=\"text-align: left;\">\u2022\u00a0 Dr. Pery Francisco Assis Shikida\u00a0\u2013 Universidade Estadual do Oeste do Paran\u00e1<\/p>\n<p style=\"text-align: left;\">\u2022\u00a0 Dra. Vera Lucia Nehls Dias\u00a0\u2013 Universidade do Estado de Santa Catarina<\/p>\n<p style=\"text-align: left;\">\u2022\u00a0 Dr. Vicente Pacheco\u00a0\u2013 Universidade Federal do Paran\u00e1<\/p>\n<p style=\"text-align: left;\">\u2022\u00a0 Dr. Rodrigo Vilani \u2013 Universidade C\u00e2ndido Mendes<\/p>\n<hr \/>\n<p style=\"text-align: left;\"><strong>Editores-chefe:<\/strong><\/p>\n<p style=\"text-align: left;\">\u2022\u00a0Prof. Dr. Antonio Gon\u00e7alves de Oliveira &#8211; Universidade Tecnol\u00f3gica Federal do Paran\u00e1<\/p>\n<p style=\"text-align: left;\">\u2022\u00a0Prof. Dr. Anderson Catapan &#8211; Universidade Tecnol\u00f3gica Federal do Paran\u00e1<\/p>\n","protected":false},"excerpt":{"rendered":"<p>S\u00e3o membros do comit\u00ea cient\u00edfico os seguintes professores: \u2022\u00a0 Dr. Gilson Batista de Oliveira\u00a0\u2013 Universidade Federal da Integra\u00e7\u00e3o Latino-Americana \u2022\u00a0<\/p>\n","protected":false},"author":5,"featured_media":0,"parent":0,"menu_order":0,"comment_status":"closed","ping_status":"open","template":"","meta":{"colormag_page_container_layout":"default_layout","colormag_page_sidebar_layout":"default_layout","footnotes":""},"class_list":["post-69","page","type-page","status-publish","hentry"],"_links":{"self":[{"href":"https:\/\/utfpr.curitiba.br\/snpd\/index.php\/wp-json\/wp\/v2\/pages\/69","targetHints":{"allow":["GET"]}}],"collection":[{"href":"https:\/\/utfpr.curitiba.br\/snpd\/index.php\/wp-json\/wp\/v2\/pages"}],"about":[{"href":"https:\/\/utfpr.curitiba.br\/snpd\/index.php\/wp-json\/wp\/v2\/types\/page"}],"author":[{"embeddable":true,"href":"https:\/\/utfpr.curitiba.br\/snpd\/index.php\/wp-json\/wp\/v2\/users\/5"}],"replies":[{"embeddable":true,"href":"https:\/\/utfpr.curitiba.br\/snpd\/index.php\/wp-json\/wp\/v2\/comments?post=69"}],"version-history":[{"count":11,"href":"https:\/\/utfpr.curitiba.br\/snpd\/index.php\/wp-json\/wp\/v2\/pages\/69\/revisions"}],"predecessor-version":[{"id":355,"href":"https:\/\/utfpr.curitiba.br\/snpd\/index.php\/wp-json\/wp\/v2\/pages\/69\/revisions\/355"}],"wp:attachment":[{"href":"https:\/\/utfpr.curitiba.br\/snpd\/index.php\/wp-json\/wp\/v2\/media?parent=69"}],"curies":[{"name":"wp","href":"https:\/\/api.w.org\/{rel}","templated":true}]}}