{"id":393,"date":"2015-11-20T18:21:53","date_gmt":"2015-11-20T18:21:53","guid":{"rendered":"http:\/\/200.19.73.116\/anais2\/?page_id=393"},"modified":"2020-05-18T21:55:26","modified_gmt":"2020-05-18T21:55:26","slug":"editorial","status":"publish","type":"page","link":"https:\/\/utfpr.curitiba.br\/snpd\/index.php\/edicoes-anteriores\/editorial\/","title":{"rendered":"EDITORIAL"},"content":{"rendered":"<h3>Prezados Leitores,<\/h3>\n<p>Dando prosseguimento \u00e0s realiza\u00e7\u00f5es planejadas pelo Programa de P\u00f3s-Gradua\u00e7\u00e3o em Planejamento e Governan\u00e7a P\u00fablica (PPGGP) da Universidade Tecnol\u00f3gica Federal do Paran\u00e1 (UTFPR), nasce esta 1\u00aa edi\u00e7\u00e3o do Semin\u00e1rio Nacional de Planejamento e Desenvolvimento (1\u00ba SNPD).<\/p>\n<p>Nesta edi\u00e7\u00e3o, como se observa, est\u00e3o publicados 36 trabalhos com ader\u00eancia\/vincula\u00e7\u00e3o \u00e0s \u00e1reas tem\u00e1ticas de Planejamento e Desenvolvimento Local e Regional; e de Governan\u00e7a,\u00a0 Gest\u00e3o de Pol\u00edticas P\u00fablicas e Administra\u00e7\u00e3o P\u00fablica, selecionados ap\u00f3s criterioso processo de avalia\u00e7\u00e3o realizado por renomados professores pesquisadores de diferentes institui\u00e7\u00f5es nacionais, com total independ\u00eancia e isen\u00e7\u00e3o.<\/p>\n<p>Aproveito o momento para agradecer a todos os autores que submeteram seus trabalhos ao evento e, especialmente parabenizar aqueles que, segundo os crit\u00e9rios avaliativos e a subjetividade dos avaliadores, tiveram seus trabalhos aprovados.<\/p>\n<p>Meus reconhecidos agradecimentos a toda a equipe organizadora, com destaque para o Comit\u00ea Cient\u00edfico, comiss\u00e3o de Avalia\u00e7\u00e3o e equipe de TI, que n\u00e3o mediram esfor\u00e7os para o sucesso ora alcan\u00e7ado. Obrigado a todos!<\/p>\n<p>Boa leitura!<\/p>\n<p><strong>Professor Doutor Antonio Gon\u00e7alves de Oliveira<\/strong><\/p>\n<p><strong>Editor-Geral<\/strong><\/p>\n<p>&nbsp;<\/p>\n","protected":false},"excerpt":{"rendered":"<p>Prezados Leitores, Dando prosseguimento \u00e0s realiza\u00e7\u00f5es planejadas pelo Programa de P\u00f3s-Gradua\u00e7\u00e3o em Planejamento e Governan\u00e7a P\u00fablica (PPGGP) da Universidade Tecnol\u00f3gica<\/p>\n","protected":false},"author":5,"featured_media":0,"parent":80,"menu_order":0,"comment_status":"closed","ping_status":"open","template":"","meta":{"colormag_page_container_layout":"default_layout","colormag_page_sidebar_layout":"default_layout","footnotes":""},"class_list":["post-393","page","type-page","status-publish","hentry"],"_links":{"self":[{"href":"https:\/\/utfpr.curitiba.br\/snpd\/index.php\/wp-json\/wp\/v2\/pages\/393","targetHints":{"allow":["GET"]}}],"collection":[{"href":"https:\/\/utfpr.curitiba.br\/snpd\/index.php\/wp-json\/wp\/v2\/pages"}],"about":[{"href":"https:\/\/utfpr.curitiba.br\/snpd\/index.php\/wp-json\/wp\/v2\/types\/page"}],"author":[{"embeddable":true,"href":"https:\/\/utfpr.curitiba.br\/snpd\/index.php\/wp-json\/wp\/v2\/users\/5"}],"replies":[{"embeddable":true,"href":"https:\/\/utfpr.curitiba.br\/snpd\/index.php\/wp-json\/wp\/v2\/comments?post=393"}],"version-history":[{"count":1,"href":"https:\/\/utfpr.curitiba.br\/snpd\/index.php\/wp-json\/wp\/v2\/pages\/393\/revisions"}],"predecessor-version":[{"id":394,"href":"https:\/\/utfpr.curitiba.br\/snpd\/index.php\/wp-json\/wp\/v2\/pages\/393\/revisions\/394"}],"up":[{"embeddable":true,"href":"https:\/\/utfpr.curitiba.br\/snpd\/index.php\/wp-json\/wp\/v2\/pages\/80"}],"wp:attachment":[{"href":"https:\/\/utfpr.curitiba.br\/snpd\/index.php\/wp-json\/wp\/v2\/media?parent=393"}],"curies":[{"name":"wp","href":"https:\/\/api.w.org\/{rel}","templated":true}]}}

<h3>Prezados Leitores,</h3>
<p>Dando prosseguimento às realizações planejadas pelo Programa de Pós-Graduação em Planejamento e Governança Pública (PPGGP) da Universidade Tecnológica Federal do Paraná (UTFPR), nasce esta 1ª edição do Seminário Nacional de Planejamento e Desenvolvimento (1º SNPD).</p>
<p>Nesta edição, como se observa, estão publicados 36 trabalhos com aderência/vinculação às áreas temáticas de Planejamento e Desenvolvimento Local e Regional; e de Governança,  Gestão de Políticas Públicas e Administração Pública, selecionados após criterioso processo de avaliação realizado por renomados professores pesquisadores de diferentes instituições nacionais, com total independência e isenção.</p>
<p>Aproveito o momento para agradecer a todos os autores que submeteram seus trabalhos ao evento e, especialmente parabenizar aqueles que, segundo os critérios avaliativos e a subjetividade dos avaliadores, tiveram seus trabalhos aprovados.</p>
<p>Meus reconhecidos agradecimentos a toda a equipe organizadora, com destaque para o Comitê Científico, comissão de Avaliação e equipe de TI, que não mediram esforços para o sucesso ora alcançado. Obrigado a todos!</p>
<p>Boa leitura!</p>
<p><strong>Professor Doutor Antonio Gonçalves de Oliveira</strong></p>
<p><strong>Editor-Geral</strong></p>
<p>&nbsp;</p>

<p>Prezados Leitores, Dando prosseguimento às realizações planejadas pelo Programa de Pós-Graduação em Planejamento e Governança Pública (PPGGP) da Universidade Tecnológica</p>
