{"id":29,"date":"2022-06-11T15:28:21","date_gmt":"2022-06-11T18:28:21","guid":{"rendered":"https:\/\/utfpr.curitiba.br\/simdaqbi\/?page_id=29"},"modified":"2022-06-12T14:56:23","modified_gmt":"2022-06-12T17:56:23","slug":"iii-simdaqbi-2020","status":"publish","type":"page","link":"https:\/\/utfpr.curitiba.br\/simdaqbi\/iii-simdaqbi-2020\/","title":{"rendered":"III SIMDAQBI &#8211; 2020"},"content":{"rendered":"\n<p>O III SIMDAQBI foi realizado entre os dias 28 e 30 de setembro de 2020,  de forma <em>on-line<\/em> e gratuita, atrav\u00e9s da plataforma Even3.<\/p>\n\n\n\n<p>A realiza\u00e7\u00e3o do evento <em>on-line<\/em> &nbsp;trouxe uma s\u00e9rie de desafios t\u00e9cnicos para a Comiss\u00e3o Organizadora, mas promoveu uma intera\u00e7\u00e3o maior e mais din\u00e2mica entre estudantes e profissionais de todo o pa\u00eds. O evento contou com 1.266 inscritos de cinco pa\u00edses (Alemanha, Portugal, Costa Rica, Paraguai e Brasil), sendo que no Brasil foram 22 estados representados, al\u00e9m do Distrito Federal. Os participantes eram de 192 institui\u00e7\u00f5es de ensino e algumas empresas. Esse interesse da comunidade pelo evento foi resultado de uma programa\u00e7\u00e3o bastante diversificada e atrativa, com convidados de prestigiado conhecimento cient\u00edfico, nacional e internacionalmente, justamente por ter sido realizado <em>on-line<\/em>.<\/p>\n\n\n\n<p>A programa\u00e7\u00e3o do SIMDAQBI sempre considerou o lema da UTFPR &#8220;Tecnologia e Humanismo&#8221;, e nessa terceira edi\u00e7\u00e3o abordou quest\u00f5es cient\u00edficas\/tecnol\u00f3gicas (palestras, minicursos, oficinas, mostra de 88 trabalhos cient\u00edficos), de extens\u00e3o (com a divulga\u00e7\u00e3o de trabalhos de extens\u00e3o desenvolvidos pelo DAQBI),&nbsp; mas tamb\u00e9m quest\u00f5es culturais (mostra de fotografias, apresenta\u00e7\u00e3o de m\u00fasicos, de outras atividades art\u00edsticas) e conversa sobre sa\u00fade mental em tempos de pandemia. &nbsp;&nbsp;&nbsp;&nbsp;&nbsp;&nbsp;&nbsp;&nbsp;&nbsp;&nbsp;&nbsp;<\/p>\n\n\n\n<p>A palestra de abertura foi proferida pelo Prof. Dr. Osvaldo Novais de Oliveira J\u00fanior, com o t\u00edtulo: I<em>ntelig\u00eancia artificial na pesquisa em materiais<\/em><\/p>\n\n\n\n<p>A palestra de encerramento foi proferida pelo Prof. Dr. Vander de Freitas Melo, entitulada: <em>Metais Pesados nos Solos e Pr\u00e1ticas de Remedia\u00e7\u00e3o Ambiental<\/em><\/p>\n\n\n\n<p>Portanto, o III SIMDAQBI conseguiu refletir a din\u00e2mica da UTFPR e proporcionou \u00e0 comunidade um ambiente de atualiza\u00e7\u00e3o e aperfei\u00e7oamento, atrav\u00e9s da intera\u00e7\u00e3o com outras institui\u00e7\u00f5es e profissionais de diversas \u00e1reas e diferentes estados, tamb\u00e9m contribuindo para divulgar o nome da UTFPR no Brasil e no exterior.<\/p>\n\n\n\n<figure class=\"wp-block-image size-full\"><a href=\"https:\/\/www.even3.com.br\/iiisimdaqbi\/\"><img fetchpriority=\"high\" decoding=\"async\" width=\"928\" height=\"381\" src=\"https:\/\/utfpr-ct-static-content.s3.amazonaws.com\/utfpr.curitiba.br\/wp-content\/uploads\/sites\/50\/2022\/06\/III-SIMDAQBI-logo-sem-data.png\" alt=\"\" class=\"wp-image-120\" srcset=\"https:\/\/utfpr-ct-static-content.s3.amazonaws.com\/utfpr.curitiba.br\/wp-content\/uploads\/sites\/50\/2022\/06\/III-SIMDAQBI-logo-sem-data.png 928w, https:\/\/utfpr-ct-static-content.s3.amazonaws.com\/utfpr.curitiba.br\/wp-content\/uploads\/sites\/50\/2022\/06\/III-SIMDAQBI-logo-sem-data-300x123.png 300w, https:\/\/utfpr-ct-static-content.s3.amazonaws.com\/utfpr.curitiba.br\/wp-content\/uploads\/sites\/50\/2022\/06\/III-SIMDAQBI-logo-sem-data-768x315.png 768w, https:\/\/utfpr-ct-static-content.s3.amazonaws.com\/utfpr.curitiba.br\/wp-content\/uploads\/sites\/50\/2022\/06\/III-SIMDAQBI-logo-sem-data-500x205.png 500w\" sizes=\"(max-width: 928px) 100vw, 928px\" \/><\/a><figcaption>Clicando na figura acima voc\u00ea ser\u00e1 direcionado \u00e0 p\u00e1gina do evento.<\/figcaption><\/figure>\n","protected":false},"excerpt":{"rendered":"<p>O III SIMDAQBI foi realizado entre os dias 28 e 30 de setembro de 2020, de forma on-line e gratuita, atrav\u00e9s da plataforma Even3. A realiza\u00e7\u00e3o do evento on-line &nbsp;trouxe uma s\u00e9rie de desafios t\u00e9cnicos para a Comiss\u00e3o Organizadora, mas &hellip; <a href=\"https:\/\/utfpr.curitiba.br\/simdaqbi\/iii-simdaqbi-2020\/\">Continue lendo <span class=\"meta-nav\">&rarr;<\/span><\/a><\/p>\n","protected":false},"author":81,"featured_media":0,"parent":0,"menu_order":6,"comment_status":"closed","ping_status":"closed","template":"","meta":{"footnotes":""},"class_list":["post-29","page","type-page","status-publish","hentry"],"_links":{"self":[{"href":"https:\/\/utfpr.curitiba.br\/simdaqbi\/wp-json\/wp\/v2\/pages\/29","targetHints":{"allow":["GET"]}}],"collection":[{"href":"https:\/\/utfpr.curitiba.br\/simdaqbi\/wp-json\/wp\/v2\/pages"}],"about":[{"href":"https:\/\/utfpr.curitiba.br\/simdaqbi\/wp-json\/wp\/v2\/types\/page"}],"author":[{"embeddable":true,"href":"https:\/\/utfpr.curitiba.br\/simdaqbi\/wp-json\/wp\/v2\/users\/81"}],"replies":[{"embeddable":true,"href":"https:\/\/utfpr.curitiba.br\/simdaqbi\/wp-json\/wp\/v2\/comments?post=29"}],"version-history":[{"count":7,"href":"https:\/\/utfpr.curitiba.br\/simdaqbi\/wp-json\/wp\/v2\/pages\/29\/revisions"}],"predecessor-version":[{"id":122,"href":"https:\/\/utfpr.curitiba.br\/simdaqbi\/wp-json\/wp\/v2\/pages\/29\/revisions\/122"}],"wp:attachment":[{"href":"https:\/\/utfpr.curitiba.br\/simdaqbi\/wp-json\/wp\/v2\/media?parent=29"}],"curies":[{"name":"wp","href":"https:\/\/api.w.org\/{rel}","templated":true}]}}