{"id":21,"date":"2022-06-11T12:31:47","date_gmt":"2022-06-11T15:31:47","guid":{"rendered":"https:\/\/utfpr.curitiba.br\/simdaqbi\/?page_id=21"},"modified":"2023-09-04T10:59:30","modified_gmt":"2023-09-04T13:59:30","slug":"expediente-comissao-organizadora","status":"publish","type":"page","link":"https:\/\/utfpr.curitiba.br\/simdaqbi\/expediente-comissao-organizadora\/","title":{"rendered":"Comiss\u00e3o Organizadora"},"content":{"rendered":"\n<p><strong>DESCRI\u00c7\u00c3O<\/strong><\/p>\n\n\n\n<p>Simp\u00f3sio de Gradua\u00e7\u00e3o e P\u00f3s-Gradua\u00e7\u00e3o do Departamento Acad\u00eamico de Qu\u00edmica e Biologia (SIMDAQBI), da Universidade Tecnol\u00f3gica Federal do Paran\u00e1 &#8211; Campus Curitiba (UTFPR-CT)<\/p>\n\n\n\n<p><strong>E-mail para contato:<\/strong> geral.simdaqbi@gmail.com<\/p>\n\n\n\n<p><strong>Endere\u00e7o de contato:<\/strong> Universidade Tecnol\u00f3gica Federal do Paran\u00e1 &#8211; Campus Curitiba, Sede Ecoville. Rua Deputado Heitor Alencar Furtado, 5000 &#8211; Cidade Industrial de Curitiba, Curitiba &#8211; PR, CEP 81280-340<\/p>\n\n\n\n<p>Telefone: <a href=\"https:\/\/www.google.com\/search?q=utfpr+ecoville&amp;rlz=1C1SQJL_pt-BRBR861BR861&amp;oq=utfpr+eco&amp;aqs=chrome.0.0i355i457j46i175i199j69i57j0i22i30l4j69i65.3659j0j7&amp;sourceid=chrome&amp;ie=UTF-8#\">(41) 3279-6800<\/a><\/p>\n\n\n\n<p><\/p>\n\n\n\n<p><\/p>\n\n\n\n<p><strong>COMISS\u00c3O ORGANIZADORA<\/strong><\/p>\n\n\n\n<p>A comiss\u00e3o organizadora \u00e9 formada por docentes e discentes dos cursos de gradua\u00e7\u00e3o e p\u00f3s-gradua\u00e7\u00e3o do Departamento Acad\u00eamico de Qu\u00edmica e Biologia da UTFPR Campus Curitiba.<\/p>\n\n\n\n<p>A Comiss\u00e3o Organizadora do VI SIMDAQBI \u00e9 formada pelas seguintes equipes:<\/p>\n\n\n\n<p>Coordenadora Discente: Sabrina da Silva Santos\u00a0(Bacharelado em Qu\u00edmica)<br>Coordenador Discente Sucessor: Jheymson Martins Farias\u00a0(Licenciatura em Qu\u00edmica)<\/p>\n\n\n\n<p>Coordenadora Docente: Prof\u00aa Dr\u00aa\u00a0Danielle Caroline Schnitzler<br>Coordenadora Docente Sucessora: Prof\u00aa Dr\u00aa Adriane Martins de Freitas<\/p>\n\n\n\n<p><\/p>\n\n\n\n<p><\/p>\n\n\n\n<p><br><strong>COMISS\u00c3O CIENT\u00cdFICA<\/strong><\/p>\n\n\n\n<p>Gestora:\u00a0Barbara Vieira de Souza Moravski ( Doutoranda UFSC)<\/p>\n\n\n\n<p>Prof\u00aa Dr\u00aa Carla Bastos Vidal<\/p>\n\n\n\n<p>Prof\u00aa Dr\u00aa Danielle Caroline Schnitzler<\/p>\n\n\n\n<p>Prof\u00aa Dr\u00aa Tamara Van Kaick<\/p>\n\n\n\n<p>Camila Gabriela Grassmann ( Mestranda PPGCTA)<\/p>\n\n\n\n<p>D\u00e9bora Gon\u00e7alves Bortolini ( P\u00f3s-doutorando PPGCTA)<\/p>\n\n\n\n<p>Eloisa Bernardo Ribeiro ( Licenciatura em Qu\u00edmica)<\/p>\n\n\n\n<p>Gabriele Verginaci ( P\u00f3s-graduanda PPGQ)<\/p>\n\n\n\n<p>Sonia Regina Mincov de Almeida ( Doutoranda PPGFCET)<\/p>\n\n\n\n<p><\/p>\n\n\n\n<p><strong>COMISS\u00c3O LOG\u00cdSTICA<\/strong><\/p>\n\n\n\n<p>Gestor: Kelven Gabriel de Azevedo da Concei\u00e7\u00e3o ( Licenciatura em Qu\u00edmica)<\/p>\n\n\n\n<p>Brayan Vanderlei Anacleto da Silva ( Bacharelado em Qu\u00edmica)<\/p>\n\n\n\n<p>Bruna Louise Dering ( Engenharia Ambiental e Sanit\u00e1ria)<\/p>\n\n\n\n<p>Eric Maciel da Silva ( Licenciatura em Qu\u00edmica)<\/p>\n\n\n\n<p>Gabriela Zolet Diaz ( Bacharelado em Qu\u00edmica)<\/p>\n\n\n\n<p>Maria \u00c2ngela Gasperin Nicoletti ( Bacharelado em Qu\u00edmica)<br><\/p>\n\n\n\n<p><strong>COMISS\u00c3O DE AGENDA<\/strong><\/p>\n\n\n\n<p>Gestor:\u00a0Jheymson Martins Farias\u00a0( Licenciatura em Qu\u00edmica)<\/p>\n\n\n\n<p>Marcela Milena Schultz ( Bacharelado em Qu\u00edmica)<\/p>\n\n\n\n<p>Maria Eduarda Mercante de Souza ( Licenciatura em Qu\u00edmica)<\/p>\n\n\n\n<p>Sabrina Yukari Kons do Ros\u00e1rio ( Licenciatura em Qu\u00edmica)<\/p>\n\n\n\n<p><\/p>\n\n\n\n<p><\/p>\n\n\n\n<p><strong>COMISS\u00c3O DE ASSUNTOS ACAD\u00caMICOS<\/strong><\/p>\n\n\n\n<div class=\"wp-block-group\"><div class=\"wp-block-group__inner-container is-layout-flow wp-block-group-is-layout-flow\">\n<p>Gestora: Andressa Lullez ( Bacharel em Qu\u00edmica)<\/p>\n\n\n\n<p>Camila Gabriela Grassmann ( Mestranda PPGCTA)<\/p>\n\n\n\n<p>Diogo Gabriel Barbosa Pimentel ( Bacharelado em Qu\u00edmica Ambiental)<\/p>\n\n\n\n<p>Gabriel de Araujo do Prado ( Bacharelado em Qu\u00edmica Ambiental)<\/p>\n\n\n\n<p>Georgia Alano ( Bacharelado em Qu\u00edmica Ambiental)<\/p>\n\n\n\n<p><\/p>\n<\/div><\/div>\n\n\n\n<p><strong>COMISS\u00c3O DE COMUNICA\u00c7\u00c3O<\/strong><\/p>\n\n\n\n<p>Gestora: Sabrina da Silva Santos\u00a0( Bacharelado em Qu\u00edmica)<\/p>\n\n\n\n<p>Prof\u00aa Dr\u00aa Juliana Regina Kloss<strong><\/strong><\/p>\n\n\n\n<p>Amanda Faleiro Oliveira ( Licenciatura em Qu\u00edmica)<\/p>\n\n\n\n<p>Ana Beatriz Gon\u00e7alves Terra ( Bacharelado em Qu\u00edmica)<\/p>\n\n\n\n<p>Ana Paula Pepplow Parodi ( Bacharelado em Qu\u00edmica)<\/p>\n\n\n\n<p><\/p>\n\n\n\n<p><strong>COMISS\u00c3O DE GASTRONOMIA<\/strong><\/p>\n\n\n\n<p>Brayan Vanderlei Anacleto da Silva ( Bacharelado em Qu\u00edmica)<strong><\/strong><\/p>\n\n\n\n<p>L\u00farian Aparecida Domingos da Cruz ( Bacharelado em Qu\u00edmica)<\/p>\n\n\n\n<p>Pietra Trida Exp\u00f3sito ( Bacharelado em Qu\u00edmica)<\/p>\n\n\n\n<p><\/p>\n\n\n\n<p><strong>COMISS\u00c3O DE ASSUNTOS FINANCEIROS<\/strong><\/p>\n\n\n\n<p>Sabrina\u00a0da Silva Santos\u00a0(Bacharelado em Qu\u00edmica)<\/p>\n\n\n\n<p>Kelven Gabriel de Azevedo da Concei\u00e7\u00e3o (Licenciatura em Qu\u00edmica)<\/p>\n\n\n\n<p><br><\/p>\n","protected":false},"excerpt":{"rendered":"<p>DESCRI\u00c7\u00c3O Simp\u00f3sio de Gradua\u00e7\u00e3o e P\u00f3s-Gradua\u00e7\u00e3o do Departamento Acad\u00eamico de Qu\u00edmica e Biologia (SIMDAQBI), da Universidade Tecnol\u00f3gica Federal do Paran\u00e1 &#8211; Campus Curitiba (UTFPR-CT) E-mail para contato: geral.simdaqbi@gmail.com Endere\u00e7o de contato: Universidade Tecnol\u00f3gica Federal do Paran\u00e1 &#8211; Campus Curitiba, Sede &hellip; <a href=\"https:\/\/utfpr.curitiba.br\/simdaqbi\/expediente-comissao-organizadora\/\">Continue lendo <span class=\"meta-nav\">&rarr;<\/span><\/a><\/p>\n","protected":false},"author":81,"featured_media":0,"parent":0,"menu_order":1,"comment_status":"closed","ping_status":"closed","template":"","meta":{"footnotes":""},"class_list":["post-21","page","type-page","status-publish","hentry"],"_links":{"self":[{"href":"https:\/\/utfpr.curitiba.br\/simdaqbi\/wp-json\/wp\/v2\/pages\/21","targetHints":{"allow":["GET"]}}],"collection":[{"href":"https:\/\/utfpr.curitiba.br\/simdaqbi\/wp-json\/wp\/v2\/pages"}],"about":[{"href":"https:\/\/utfpr.curitiba.br\/simdaqbi\/wp-json\/wp\/v2\/types\/page"}],"author":[{"embeddable":true,"href":"https:\/\/utfpr.curitiba.br\/simdaqbi\/wp-json\/wp\/v2\/users\/81"}],"replies":[{"embeddable":true,"href":"https:\/\/utfpr.curitiba.br\/simdaqbi\/wp-json\/wp\/v2\/comments?post=21"}],"version-history":[{"count":16,"href":"https:\/\/utfpr.curitiba.br\/simdaqbi\/wp-json\/wp\/v2\/pages\/21\/revisions"}],"predecessor-version":[{"id":181,"href":"https:\/\/utfpr.curitiba.br\/simdaqbi\/wp-json\/wp\/v2\/pages\/21\/revisions\/181"}],"wp:attachment":[{"href":"https:\/\/utfpr.curitiba.br\/simdaqbi\/wp-json\/wp\/v2\/media?parent=21"}],"curies":[{"name":"wp","href":"https:\/\/api.w.org\/{rel}","templated":true}]}}