{"id":79,"date":"2016-02-19T18:10:59","date_gmt":"2016-02-19T18:10:59","guid":{"rendered":"http:\/\/blogs.ct.utfpr.edu.br\/redes\/?page_id=79"},"modified":"2019-08-11T18:35:29","modified_gmt":"2019-08-11T18:35:29","slug":"investimento","status":"publish","type":"page","link":"https:\/\/utfpr.curitiba.br\/redes\/investimento\/","title":{"rendered":"Investimento"},"content":{"rendered":"<p>O candidato, no ato da matr\u00edcula, far\u00e1 a op\u00e7\u00e3o de uma das condi\u00e7\u00f5es de pagamento do Curso abaixo relacionadas:<br \/>\n&#8211; \u00c0 vista: R$ 10.737,00.<br \/>\n&#8211; Parcelado: matr\u00edcula no valor de R$ 600,00, com vencimento em 04\/10\/2019, mais 22 parcelas de R$ 515,00, com vencimentos nos dia 10 de cada m\u00eas, a partir do m\u00eas de novembro\/2019.<\/p>\n<p>N\u00famero de Vagas M\u00e1ximo: 28.<\/p>\n","protected":false},"excerpt":{"rendered":"<p>O candidato, no ato da matr\u00edcula, far\u00e1 a op\u00e7\u00e3o de uma das condi\u00e7\u00f5es de pagamento do Curso abaixo relacionadas: &#8211; \u00c0 vista: R$ 10.737,00. &#8211; Parcelado: matr\u00edcula no valor de R$ 600,00, com vencimento em 04\/10\/2019, mais 22 parcelas de &hellip; <a href=\"https:\/\/utfpr.curitiba.br\/redes\/investimento\/\">Continue lendo <span class=\"meta-nav\">&rarr;<\/span><\/a><\/p>\n","protected":false},"author":4,"featured_media":0,"parent":0,"menu_order":0,"comment_status":"closed","ping_status":"closed","template":"","meta":{"footnotes":""},"class_list":["post-79","page","type-page","status-publish","hentry"],"_links":{"self":[{"href":"https:\/\/utfpr.curitiba.br\/redes\/wp-json\/wp\/v2\/pages\/79","targetHints":{"allow":["GET"]}}],"collection":[{"href":"https:\/\/utfpr.curitiba.br\/redes\/wp-json\/wp\/v2\/pages"}],"about":[{"href":"https:\/\/utfpr.curitiba.br\/redes\/wp-json\/wp\/v2\/types\/page"}],"author":[{"embeddable":true,"href":"https:\/\/utfpr.curitiba.br\/redes\/wp-json\/wp\/v2\/users\/4"}],"replies":[{"embeddable":true,"href":"https:\/\/utfpr.curitiba.br\/redes\/wp-json\/wp\/v2\/comments?post=79"}],"version-history":[{"count":6,"href":"https:\/\/utfpr.curitiba.br\/redes\/wp-json\/wp\/v2\/pages\/79\/revisions"}],"predecessor-version":[{"id":213,"href":"https:\/\/utfpr.curitiba.br\/redes\/wp-json\/wp\/v2\/pages\/79\/revisions\/213"}],"wp:attachment":[{"href":"https:\/\/utfpr.curitiba.br\/redes\/wp-json\/wp\/v2\/media?parent=79"}],"curies":[{"name":"wp","href":"https:\/\/api.w.org\/{rel}","templated":true}]}}