{"id":46,"date":"2023-06-12T16:50:22","date_gmt":"2023-06-12T19:50:22","guid":{"rendered":"https:\/\/utfpr.curitiba.br\/recursosdigitais\/?page_id=46"},"modified":"2023-06-22T19:47:11","modified_gmt":"2023-06-22T22:47:11","slug":"rea","status":"publish","type":"page","link":"https:\/\/utfpr.curitiba.br\/recursosdigitais\/rea\/","title":{"rendered":"Recursos Educacionais Abertos"},"content":{"rendered":"\n<p>Nesta p\u00e1gina deixamos \u00e0 disposi\u00e7\u00e3o os Recursos Educaionais Abertos (REA) desenvolvidos nas mais variadas disciplinas do Licenciatura em Letras Portugu\u00eas da UTFPR-Curitiba. A maioria dos REA dispon\u00edveis est\u00e3o vinculados \u00e0 disciplina &#8220;Projeto Integrador Trabalho docente e tecnologia&#8221;.<\/p>\n\n\n\n<p>Fique \u00e0 vontade para utilizar a nossa produ\u00e7\u00e3o!<\/p>\n\n\n\n<figure class=\"wp-block-table is-style-stripes\"><table><tbody><tr><td class=\"has-text-align-center\" data-align=\"center\"><strong>T\u00cdTULO<\/strong><\/td><td class=\"has-text-align-center\" data-align=\"center\"><strong>TIPO<\/strong><\/td><td class=\"has-text-align-center\" data-align=\"center\"><strong>LINK PARA DOWNLOAD<\/strong><\/td><\/tr><tr><td class=\"has-text-align-center\" data-align=\"center\">Gil Vicente: vida e obra<\/td><td class=\"has-text-align-center\" data-align=\"center\">sequ\u00eancia did\u00e1tica<\/td><td class=\"has-text-align-center\" data-align=\"center\"><a href=\"https:\/\/cloud.utfpr.edu.br\/index.php\/s\/aT96Btq5WmvwRQG\">Download<\/a><\/td><\/tr><tr><td class=\"has-text-align-center\" data-align=\"center\">LiteraQuest<\/td><td class=\"has-text-align-center\" data-align=\"center\">jogo<\/td><td class=\"has-text-align-center\" data-align=\"center\"><a href=\"https:\/\/cloud.utfpr.edu.br\/index.php\/s\/vQF4ch3n5xSnKVG\" data-type=\"URL\" data-id=\"https:\/\/cloud.utfpr.edu.br\/index.php\/s\/vQF4ch3n5xSnKVG\" target=\"_blank\" rel=\"noreferrer noopener\">Download<\/a><\/td><\/tr><tr><td class=\"has-text-align-center\" data-align=\"center\">Ensino (Em)Cena<\/td><td class=\"has-text-align-center\" data-align=\"center\">sequ\u00eancia did\u00e1tica<\/td><td class=\"has-text-align-center\" data-align=\"center\"><a href=\"https:\/\/cloud.utfpr.edu.br\/index.php\/s\/dhOUyQIE6m7mz3G\">Download<\/a><\/td><\/tr><tr><td class=\"has-text-align-center\" data-align=\"center\">LiterA\u00e7\u00e3o<\/td><td class=\"has-text-align-center\" data-align=\"center\">jogo<\/td><td class=\"has-text-align-center\" data-align=\"center\"><a href=\"https:\/\/cloud.utfpr.edu.br\/index.php\/s\/rdB9QY6BH9vtNmR\" data-type=\"URL\" data-id=\"https:\/\/cloud.utfpr.edu.br\/index.php\/s\/rdB9QY6BH9vtNmR\" target=\"_blank\" rel=\"noreferrer noopener\">Download<\/a><\/td><\/tr><tr><td class=\"has-text-align-center\" data-align=\"center\">Cr\u00f4nicas<\/td><td class=\"has-text-align-center\" data-align=\"center\">sequ\u00eancia did\u00e1tica<\/td><td class=\"has-text-align-center\" data-align=\"center\"><a href=\"https:\/\/cloud.utfpr.edu.br\/index.php\/s\/LXdD07O6ff1g6II\" data-type=\"URL\" data-id=\"https:\/\/cloud.utfpr.edu.br\/index.php\/s\/LXdD07O6ff1g6II\" target=\"_blank\" rel=\"noreferrer noopener\">Download<\/a><\/td><\/tr><tr><td class=\"has-text-align-center\" data-align=\"center\">Conte-me um conto tipo Black Mirror<\/td><td class=\"has-text-align-center\" data-align=\"center\">sequ\u00eancia did\u00e1tica<\/td><td class=\"has-text-align-center\" data-align=\"center\"><a href=\"https:\/\/cloud.utfpr.edu.br\/index.php\/s\/MNEYoeVQuWVdWoY\" data-type=\"URL\" data-id=\"https:\/\/cloud.utfpr.edu.br\/index.php\/s\/MNEYoeVQuWVdWoY\" target=\"_blank\" rel=\"noreferrer noopener\">Download<\/a><\/td><\/tr><tr><td class=\"has-text-align-center\" data-align=\"center\">Vidas Secas<\/td><td class=\"has-text-align-center\" data-align=\"center\">sequ\u00eancia did\u00e1tica; jogo<\/td><td class=\"has-text-align-center\" data-align=\"center\"><a href=\"https:\/\/cloud.utfpr.edu.br\/index.php\/s\/sQhMnOgxUlPXJLl\" data-type=\"URL\" data-id=\"https:\/\/cloud.utfpr.edu.br\/index.php\/s\/sQhMnOgxUlPXJLl\" target=\"_blank\" rel=\"noreferrer noopener\">Download<\/a><\/td><\/tr><tr><td class=\"has-text-align-center\" data-align=\"center\">Centen\u00e1rio da Semana de Arte Moderna<\/td><td class=\"has-text-align-center\" data-align=\"center\">sequ\u00eancia did\u00e1tica<\/td><td class=\"has-text-align-center\" data-align=\"center\"><a href=\"https:\/\/cloud.utfpr.edu.br\/index.php\/s\/3HQY6ymUATDhDEJ\" data-type=\"URL\" data-id=\"https:\/\/cloud.utfpr.edu.br\/index.php\/s\/3HQY6ymUATDhDEJ\" target=\"_blank\" rel=\"noreferrer noopener\">Download<\/a><\/td><\/tr><tr><td class=\"has-text-align-center\" data-align=\"center\">Semana de arte moderna<\/td><td class=\"has-text-align-center\" data-align=\"center\">infogr\u00e1fico<\/td><td class=\"has-text-align-center\" data-align=\"center\"><a href=\"https:\/\/cloud.utfpr.edu.br\/index.php\/s\/Hdc9ONZSTjJqz1k\" data-type=\"URL\" data-id=\"https:\/\/cloud.utfpr.edu.br\/index.php\/s\/Hdc9ONZSTjJqz1k\" target=\"_blank\" rel=\"noreferrer noopener\">Download<\/a><\/td><\/tr><tr><td class=\"has-text-align-center\" data-align=\"center\">Literative<\/td><td class=\"has-text-align-center\" data-align=\"center\">jogo<\/td><td class=\"has-text-align-center\" data-align=\"center\"><a href=\"https:\/\/cloud.utfpr.edu.br\/index.php\/s\/9Utrci2EGYIXHkb\" data-type=\"URL\" data-id=\"https:\/\/cloud.utfpr.edu.br\/index.php\/s\/9Utrci2EGYIXHkb\" target=\"_blank\" rel=\"noreferrer noopener\">Download<\/a><\/td><\/tr><tr><td class=\"has-text-align-center\" data-align=\"center\">Obras feministas<\/td><td class=\"has-text-align-center\" data-align=\"center\">\u00e1udio<\/td><td class=\"has-text-align-center\" data-align=\"center\"><a href=\"https:\/\/cloud.utfpr.edu.br\/index.php\/s\/W3agFGmCEdnFj4G\" data-type=\"URL\" data-id=\"https:\/\/cloud.utfpr.edu.br\/index.php\/s\/W3agFGmCEdnFj4G\" target=\"_blank\" rel=\"noreferrer noopener\">Download<\/a><\/td><\/tr><tr><td class=\"has-text-align-center\" data-align=\"center\">Democracia e desinforma\u00e7\u00e3o<\/td><td class=\"has-text-align-center\" data-align=\"center\">sequ\u00eancia did\u00e1tica<\/td><td class=\"has-text-align-center\" data-align=\"center\"><a href=\"https:\/\/cloud.utfpr.edu.br\/index.php\/s\/13d2F9rAKKr2e9h\" data-type=\"URL\" data-id=\"https:\/\/cloud.utfpr.edu.br\/index.php\/s\/13d2F9rAKKr2e9h\" target=\"_blank\" rel=\"noreferrer noopener\">Download<\/a><\/td><\/tr><tr><td class=\"has-text-align-center\" data-align=\"center\">Tracejando<\/td><td class=\"has-text-align-center\" data-align=\"center\">Jogo<\/td><td class=\"has-text-align-center\" data-align=\"center\"><a href=\"https:\/\/cloud.utfpr.edu.br\/index.php\/s\/8oVa7IE0LIDVtOR\" data-type=\"URL\" data-id=\"https:\/\/cloud.utfpr.edu.br\/index.php\/s\/8oVa7IE0LIDVtOR\" target=\"_blank\" rel=\"noreferrer noopener\">Download<\/a><\/td><\/tr><tr><td class=\"has-text-align-center\" data-align=\"center\">Kahoot<\/td><td class=\"has-text-align-center\" data-align=\"center\">instru\u00e7\u00e3o<\/td><td class=\"has-text-align-center\" data-align=\"center\"><a href=\"https:\/\/cloud.utfpr.edu.br\/index.php\/s\/oDDtg8e5strcJnT\" data-type=\"URL\" data-id=\"https:\/\/cloud.utfpr.edu.br\/index.php\/s\/oDDtg8e5strcJnT\" target=\"_blank\" rel=\"noreferrer noopener\">Download<\/a><\/td><\/tr><tr><td class=\"has-text-align-center\" data-align=\"center\">Edgar Allan Poe<\/td><td class=\"has-text-align-center\" data-align=\"center\">\u00e1udio<\/td><td class=\"has-text-align-center\" data-align=\"center\"><a href=\"https:\/\/cloud.utfpr.edu.br\/index.php\/s\/RHy6Zr5HjnyHG6J\" data-type=\"URL\" data-id=\"https:\/\/cloud.utfpr.edu.br\/index.php\/s\/RHy6Zr5HjnyHG6J\" target=\"_blank\" rel=\"noreferrer noopener\">Download<\/a><\/td><\/tr><tr><td class=\"has-text-align-center\" data-align=\"center\">Canto 9 de Os Lus\u00edadas<\/td><td class=\"has-text-align-center\" data-align=\"center\">\u00e1udio<\/td><td class=\"has-text-align-center\" data-align=\"center\"><a href=\"https:\/\/cloud.utfpr.edu.br\/index.php\/s\/6qIqKmsxxa18WJs\" data-type=\"URL\" data-id=\"https:\/\/cloud.utfpr.edu.br\/index.php\/s\/6qIqKmsxxa18WJs\" target=\"_blank\" rel=\"noreferrer noopener\">Download<\/a><\/td><\/tr><tr><td class=\"has-text-align-center\" data-align=\"center\">F\u00e1bulas<\/td><td class=\"has-text-align-center\" data-align=\"center\">\u00e1udio<\/td><td class=\"has-text-align-center\" data-align=\"center\"><a href=\"https:\/\/cloud.utfpr.edu.br\/index.php\/s\/IrEGsN2Dc8UvEPT\" data-type=\"URL\" data-id=\"https:\/\/cloud.utfpr.edu.br\/index.php\/s\/IrEGsN2Dc8UvEPT\" target=\"_blank\" rel=\"noreferrer noopener\">Download<\/a><\/td><\/tr><tr><td class=\"has-text-align-center\" data-align=\"center\">Helena &#8211; Machado de Assis<\/td><td class=\"has-text-align-center\" data-align=\"center\">\u00e1udio<\/td><td class=\"has-text-align-center\" data-align=\"center\"><a href=\"https:\/\/cloud.utfpr.edu.br\/index.php\/s\/AMtta0EMfeD2835\" data-type=\"URL\" data-id=\"https:\/\/cloud.utfpr.edu.br\/index.php\/s\/AMtta0EMfeD2835\" target=\"_blank\" rel=\"noreferrer noopener\">Download<\/a><\/td><\/tr><\/tbody><\/table><\/figure>\n","protected":false},"excerpt":{"rendered":"<p>Nesta p\u00e1gina deixamos \u00e0 disposi\u00e7\u00e3o os Recursos Educaionais Abertos (REA) desenvolvidos nas mais variadas disciplinas do Licenciatura em Letras Portugu\u00eas da UTFPR-Curitiba. A maioria dos REA dispon\u00edveis est\u00e3o vinculados \u00e0 disciplina &#8220;Projeto Integrador Trabalho docente e tecnologia&#8221;. Fique \u00e0 vontade &hellip; <a href=\"https:\/\/utfpr.curitiba.br\/recursosdigitais\/rea\/\">Continue lendo <span class=\"meta-nav\">&rarr;<\/span><\/a><\/p>\n","protected":false},"author":12,"featured_media":0,"parent":0,"menu_order":0,"comment_status":"closed","ping_status":"closed","template":"","meta":{"footnotes":""},"class_list":["post-46","page","type-page","status-publish","hentry"],"_links":{"self":[{"href":"https:\/\/utfpr.curitiba.br\/recursosdigitais\/wp-json\/wp\/v2\/pages\/46","targetHints":{"allow":["GET"]}}],"collection":[{"href":"https:\/\/utfpr.curitiba.br\/recursosdigitais\/wp-json\/wp\/v2\/pages"}],"about":[{"href":"https:\/\/utfpr.curitiba.br\/recursosdigitais\/wp-json\/wp\/v2\/types\/page"}],"author":[{"embeddable":true,"href":"https:\/\/utfpr.curitiba.br\/recursosdigitais\/wp-json\/wp\/v2\/users\/12"}],"replies":[{"embeddable":true,"href":"https:\/\/utfpr.curitiba.br\/recursosdigitais\/wp-json\/wp\/v2\/comments?post=46"}],"version-history":[{"count":11,"href":"https:\/\/utfpr.curitiba.br\/recursosdigitais\/wp-json\/wp\/v2\/pages\/46\/revisions"}],"predecessor-version":[{"id":193,"href":"https:\/\/utfpr.curitiba.br\/recursosdigitais\/wp-json\/wp\/v2\/pages\/46\/revisions\/193"}],"wp:attachment":[{"href":"https:\/\/utfpr.curitiba.br\/recursosdigitais\/wp-json\/wp\/v2\/media?parent=46"}],"curies":[{"name":"wp","href":"https:\/\/api.w.org\/{rel}","templated":true}]}}