{"id":106,"date":"2023-06-15T10:25:04","date_gmt":"2023-06-15T13:25:04","guid":{"rendered":"https:\/\/utfpr.curitiba.br\/recursosdigitais\/?page_id=106"},"modified":"2023-06-15T14:28:49","modified_gmt":"2023-06-15T17:28:49","slug":"podcast","status":"publish","type":"page","link":"https:\/\/utfpr.curitiba.br\/recursosdigitais\/podcast\/","title":{"rendered":"Podcast"},"content":{"rendered":"\n<p>Nesta p\u00e1gina voc\u00ea encontra os podcasts produzidos no Departamento Acad\u00eamico de Linguagem e Comunica\u00e7\u00e3o (DALIC) da UTFPR.<\/p>\n\n\n\n<ol class=\"wp-block-list\"><li><a href=\"https:\/\/open.spotify.com\/show\/4ZN7Fh9FhUpL1ZRFIGJIC1?si=83e76e2fe1d3489c\" data-type=\"URL\" data-id=\"https:\/\/open.spotify.com\/show\/4ZN7Fh9FhUpL1ZRFIGJIC1?si=83e76e2fe1d3489c\" target=\"_blank\" rel=\"noreferrer noopener\">Literalhos.<\/a><\/li><li><a href=\"https:\/\/open.spotify.com\/show\/0XkgOVh56NwG63rK9NU0JX?si=e0b37c905d774437\" data-type=\"URL\" data-id=\"https:\/\/open.spotify.com\/show\/0XkgOVh56NwG63rK9NU0JX?si=e0b37c905d774437\" target=\"_blank\" rel=\"noreferrer noopener\">Pod041<\/a><\/li><li>DaliCast: @dalicast.utfpr . Tamb\u00e9m dispon\u00edvel no <a rel=\"noreferrer noopener\" href=\"https:\/\/open.spotify.com\/show\/2oJhrjXeflRrjoCFpISVCN?si=acc66cfa92a94747\" data-type=\"URL\" data-id=\"https:\/\/open.spotify.com\/show\/2oJhrjXeflRrjoCFpISVCN?si=acc66cfa92a94747\" target=\"_blank\">Spotify.<\/a><\/li><li><a href=\"https:\/\/open.spotify.com\/show\/0B0C1OR7tXcMqL9u7WN0w5?si=a2d8b0478d2747ba\" data-type=\"URL\" data-id=\"https:\/\/open.spotify.com\/show\/0B0C1OR7tXcMqL9u7WN0w5?si=a2d8b0478d2747ba\" target=\"_blank\" rel=\"noreferrer noopener\">Comunica\u00e7\u00e3o o qu\u00ea?<\/a>: podcast sobre o curso de Comunica\u00e7\u00e3o Organizacional.<\/li><li><a href=\"https:\/\/open.spotify.com\/show\/6j1V0muul7NNxcmEuT1tGQ?si=25baf7e116c34e09\" data-type=\"URL\" data-id=\"https:\/\/open.spotify.com\/show\/6j1V0muul7NNxcmEuT1tGQ?si=25baf7e116c34e09\" target=\"_blank\" rel=\"noreferrer noopener\">Que que era pra ler mesmo?<\/a>: podcast em desenvolvimento para revis\u00e3o de obras liter\u00e1rias para alunos do ensino m\u00e9dio.<\/li><\/ol>\n","protected":false},"excerpt":{"rendered":"<p>Nesta p\u00e1gina voc\u00ea encontra os podcasts produzidos no Departamento Acad\u00eamico de Linguagem e Comunica\u00e7\u00e3o (DALIC) da UTFPR. Literalhos. Pod041 DaliCast: @dalicast.utfpr . Tamb\u00e9m dispon\u00edvel no Spotify. Comunica\u00e7\u00e3o o qu\u00ea?: podcast sobre o curso de Comunica\u00e7\u00e3o Organizacional. Que que era pra &hellip; <a href=\"https:\/\/utfpr.curitiba.br\/recursosdigitais\/podcast\/\">Continue lendo <span class=\"meta-nav\">&rarr;<\/span><\/a><\/p>\n","protected":false},"author":12,"featured_media":0,"parent":0,"menu_order":0,"comment_status":"closed","ping_status":"closed","template":"","meta":{"footnotes":""},"class_list":["post-106","page","type-page","status-publish","hentry"],"_links":{"self":[{"href":"https:\/\/utfpr.curitiba.br\/recursosdigitais\/wp-json\/wp\/v2\/pages\/106","targetHints":{"allow":["GET"]}}],"collection":[{"href":"https:\/\/utfpr.curitiba.br\/recursosdigitais\/wp-json\/wp\/v2\/pages"}],"about":[{"href":"https:\/\/utfpr.curitiba.br\/recursosdigitais\/wp-json\/wp\/v2\/types\/page"}],"author":[{"embeddable":true,"href":"https:\/\/utfpr.curitiba.br\/recursosdigitais\/wp-json\/wp\/v2\/users\/12"}],"replies":[{"embeddable":true,"href":"https:\/\/utfpr.curitiba.br\/recursosdigitais\/wp-json\/wp\/v2\/comments?post=106"}],"version-history":[{"count":3,"href":"https:\/\/utfpr.curitiba.br\/recursosdigitais\/wp-json\/wp\/v2\/pages\/106\/revisions"}],"predecessor-version":[{"id":138,"href":"https:\/\/utfpr.curitiba.br\/recursosdigitais\/wp-json\/wp\/v2\/pages\/106\/revisions\/138"}],"wp:attachment":[{"href":"https:\/\/utfpr.curitiba.br\/recursosdigitais\/wp-json\/wp\/v2\/media?parent=106"}],"curies":[{"name":"wp","href":"https:\/\/api.w.org\/{rel}","templated":true}]}}