{"id":98,"date":"2025-02-24T16:10:06","date_gmt":"2025-02-24T19:10:06","guid":{"rendered":"https:\/\/utfpr.curitiba.br\/proto\/?page_id=98"},"modified":"2025-10-30T16:36:31","modified_gmt":"2025-10-30T19:36:31","slug":"habilitacao","status":"publish","type":"page","link":"https:\/\/utfpr.curitiba.br\/proto\/procedimentos\/habilitacao\/","title":{"rendered":"Habilita\u00e7\u00e3o"},"content":{"rendered":"\n<p>Os m\u00f3dulos de treinamento para todos os recursos do PROTO ainda est\u00e3o em desenvolvimento. <\/p>\n\n\n\n<p>No momento h\u00e1 dois m\u00f3dulos de habilita\u00e7\u00e3o disponibilizados, al\u00e9m das recomenda\u00e7\u00f5es resumidas a seguir.<\/p>\n\n\n\n<div class=\"wp-block-buttons is-vertical is-content-justification-center is-layout-flex wp-container-core-buttons-is-layout-9a7cdcfd wp-block-buttons-is-layout-flex\">\n<div class=\"wp-block-button is-style-fill\"><a class=\"wp-block-button__link wp-element-button\" href=\"https:\/\/utfpr.curitiba.br\/proto\/procedimentos\/habilitacao\/impressao-3d-1\/\">Impress\u00e3o 3D para usu\u00e1rios e usu\u00e1rias do PROTO (b\u00e1sico)<\/a><\/div>\n\n\n\n<div class=\"wp-block-button\"><a class=\"wp-block-button__link wp-element-button\" href=\"https:\/\/utfpr.curitiba.br\/proto\/procedimentos\/habilitacao\/impressao-3d-2\/\">Impress\u00e3o 3D para monitores e monitoras do PROTO (intermedi\u00e1rio)<\/a><\/div>\n<\/div>\n\n\n\n<p><\/p>\n\n\n\n<p>De modo resumido, os dois principais recursos do PROTO s\u00e3o a impress\u00e3o 3D e o corte a laser. Para se habilitar ao uso desses recursos \u00e9 importante estudar os m\u00f3dulos de habilita\u00e7\u00e3o disponibilizados e se habituar com as tecnologias que permitem a prepara\u00e7\u00e3o correta.<\/p>\n\n\n\n<p>Deste modo, \u00e9 recomendada a instala\u00e7\u00e3o e treinamento dos seguintes softwares b\u00e1sicos:<\/p>\n\n\n\n<p><strong>Impress\u00e3o 3D<\/strong> : <a href=\"https:\/\/www.creality.com\/pages\/download-ender-3-max-neo?spm=..product_3b7a3c8a-7861-4186-9818-614e8eb14170.nav_link_store_1.1&amp;spm_prev=..search.search_1.15\" target=\"_blank\" rel=\"noreferrer noopener\">Creality <\/a><a href=\"https:\/\/www.creality.com\/pages\/download-ender-3-max-neo?spm=..product_3b7a3c8a-7861-4186-9818-614e8eb14170.nav_link_store_1.1&amp;spm_prev=..search.search_1.15\">Slicer <\/a>ou <a href=\"https:\/\/ultimaker.com\/software\/ultimaker-cura\/\">Ultimaker Cura <\/a><\/p>\n\n\n\n<p><strong>Corte a laser<\/strong> : Autolaser <\/p>\n\n\n\n<p>Para a <strong>impress\u00e3o 3D<\/strong> incialmente \u00e9 necess\u00e1ria que a pe\u00e7a feita em um modelador seja salva no formato gen\u00e9rico STL ou 3MF (preferencial). A partir dela basta abrir o fatiador. Recomendamos o Creality Slicer, por ser nativo de nossas impressoras, embora o Ultimaker Cura funcione sem problemas. No fatiador \u00e9 importante inicialmente configurar qual impressora ser\u00e1 usada. Temos dois modelos: Ender 3 MAX NEO e Ender 5 Pro. Uma vez configurada a impressora o software ir\u00e1 ajustar sua \u00e1rea de trabalho \u00e0 capacidade da impressora em quest\u00e3o. A partir dai, \u00e9 preciso tamb\u00e9m configurar qual material ser\u00e1 usado. Temos prefer\u00eancia pelo uso do PLA PREMIUM de 1,75mm. Ao escolher esses perfis de material a parametriza\u00e7\u00e3o est\u00e1 praticamente pronta. Basicamente falta ainda definir o percentual de preenchimento e a qualidade de impress\u00e3o esperada. Isto depende de cada projeto. A orienta\u00e7\u00e3o da pe\u00e7a, de modo a minimizar a sua qualidade ou implicar em mais ou menos adi\u00e7\u00e3o de suporte, assim como a quantidade delas que ser\u00e1 impressa a um mesmo momento pode ser ajustada. N\u00e3o esquecer de habilitar estruturas de suporte assim como uma aba de fixa\u00e7\u00e3o. Conferir na pr\u00e9via do software se essas estruturas aparecem. Recomendamos ainda que se busque conhecer boas pr\u00e1ticas de projeto para impress\u00e3o 3D de modo a evitar geometrias ruins para este processo. Por vezes uma pe\u00e7a que parece normal para inje\u00e7\u00e3o pl\u00e1stica apresenta pouca resist\u00eancia mec\u00e2nica como impressas. Estude o assunto e simplifique geometrias para ter um melhor resultado. O que se deve objetivar testar \u00e9 o conceito de funcionamento.<\/p>\n\n\n<div class=\"wp-block-image\">\n<figure class=\"aligncenter size-large\"><img fetchpriority=\"high\" decoding=\"async\" width=\"1024\" height=\"575\" src=\"https:\/\/utfpr-ct-static-content.s3.amazonaws.com\/utfpr.curitiba.br\/wp-content\/uploads\/sites\/190\/2025\/02\/Peca-10-fatiada-1024x575.png\" alt=\"\" class=\"wp-image-325\" srcset=\"https:\/\/utfpr-ct-static-content.s3.amazonaws.com\/utfpr.curitiba.br\/wp-content\/uploads\/sites\/190\/2025\/02\/Peca-10-fatiada-1024x575.png 1024w, https:\/\/utfpr-ct-static-content.s3.amazonaws.com\/utfpr.curitiba.br\/wp-content\/uploads\/sites\/190\/2025\/02\/Peca-10-fatiada-300x169.png 300w, https:\/\/utfpr-ct-static-content.s3.amazonaws.com\/utfpr.curitiba.br\/wp-content\/uploads\/sites\/190\/2025\/02\/Peca-10-fatiada-768x432.png 768w, https:\/\/utfpr-ct-static-content.s3.amazonaws.com\/utfpr.curitiba.br\/wp-content\/uploads\/sites\/190\/2025\/02\/Peca-10-fatiada.png 1365w\" sizes=\"(max-width: 1024px) 100vw, 1024px\" \/><\/figure>\n<\/div>\n\n\n<p>O processo \u00e9 finalizado com a gera\u00e7\u00e3o do arquivo em formato gcode. Este \u00e9 o arquivo que deve ser transferido para o cart\u00e3o de mem\u00f3ria da m\u00e1quina de modo que esta fabrique a pe\u00e7a. Detalhes de pr\u00e9-processamento, processamento e p\u00f3s-processamento devem ser discutidos no laborat\u00f3rio. Uma vantagem marginal do uso do software nativo da m\u00e1quina \u00e9 a de que uma imagem pr\u00e9via do modelo pode ser vista na pr\u00f3pria (Ender 3 Max Neo), o que evita a impress\u00e3o de pe\u00e7as erradas.<\/p>\n\n\n<div class=\"wp-block-image\">\n<figure class=\"aligncenter size-large\"><img decoding=\"async\" width=\"1024\" height=\"473\" src=\"https:\/\/utfpr-ct-static-content.s3.amazonaws.com\/utfpr.curitiba.br\/wp-content\/uploads\/sites\/190\/2025\/03\/20250228_103947-1024x473.jpg\" alt=\"\" class=\"wp-image-378\" srcset=\"https:\/\/utfpr-ct-static-content.s3.amazonaws.com\/utfpr.curitiba.br\/wp-content\/uploads\/sites\/190\/2025\/03\/20250228_103947-1024x473.jpg 1024w, https:\/\/utfpr-ct-static-content.s3.amazonaws.com\/utfpr.curitiba.br\/wp-content\/uploads\/sites\/190\/2025\/03\/20250228_103947-300x139.jpg 300w, https:\/\/utfpr-ct-static-content.s3.amazonaws.com\/utfpr.curitiba.br\/wp-content\/uploads\/sites\/190\/2025\/03\/20250228_103947-768x355.jpg 768w, https:\/\/utfpr-ct-static-content.s3.amazonaws.com\/utfpr.curitiba.br\/wp-content\/uploads\/sites\/190\/2025\/03\/20250228_103947-1536x709.jpg 1536w, https:\/\/utfpr-ct-static-content.s3.amazonaws.com\/utfpr.curitiba.br\/wp-content\/uploads\/sites\/190\/2025\/03\/20250228_103947-2048x946.jpg 2048w\" sizes=\"(max-width: 1024px) 100vw, 1024px\" \/><\/figure>\n<\/div>\n\n\n<p>Para o <strong>corte a laser,<\/strong> \u00e9 importante o projeto da chapa em formato dxf. Este \u00e9 um formato 2D. Ele pode ser aberto no Autolaser e camadas, layers, podem ser atribu\u00eddas \u00e0s linhas do desenho. Basicamente se trabalham com 3 tipos: Grava\u00e7\u00e3o (preenche o espa\u00e7o entre linhas); Contorno\/tra\u00e7os; Corte. <\/p>\n\n\n\n<p>Os par\u00e2metros para corte podem ser os seguintes para cada material:<\/p>\n\n\n\n<figure class=\"wp-block-table\"><table class=\"has-fixed-layout\"><tbody><tr><td><strong>Material <\/strong><\/td><td><strong>Velocidade<\/strong><\/td><td><strong>Pot\u00eancia<\/strong><\/td><\/tr><tr><td>MDF de 3mm<\/td><td>20 \/ 25<\/td><td>Min 60 \/ M\u00e1x 65<\/td><\/tr><tr><td>MDF de 6mm<\/td><td>10 \/12<\/td><td>Min 60 \/ M\u00e1x 65<\/td><\/tr><tr><td>Madeira Balsa Fina<\/td><td>25<\/td><td>Min 15 \/ M\u00e1x 15<\/td><\/tr><tr><td>Acr\u00edlico de 2mm<\/td><td>7<\/td><td>Min 15 \/ M\u00e1x 15<\/td><\/tr><tr><td>Acr\u00edlico de 3mm<\/td><td>7<\/td><td>Min 20 \/ M\u00e1x 20<\/td><\/tr><tr><td>Acr\u00edlico de 4mm<\/td><td>7<\/td><td>Min 25 \/ M\u00e1x 25<\/td><\/tr><tr><td>Acr\u00edlico de 5mm<\/td><td>7<\/td><td>Min 30 \/ M\u00e1x 30<\/td><\/tr><tr><td>Acr\u00edlico de 6mm<\/td><td>7<\/td><td>Min 35 \/ M\u00e1x 35<\/td><\/tr><tr><td>Acr\u00edlico de 10mm<\/td><td>7<\/td><td>Min 35? \/ M\u00e1x 35?<\/td><\/tr><tr><td>Acetado de 0,19mm<\/td><td>40<\/td><td>Min 12 \/ M\u00e1x 15<\/td><\/tr><tr><td>Polipropileno de 0,30mm<\/td><td>40<\/td><td>Min 12 \/ M\u00e1x 15<\/td><\/tr><\/tbody><\/table><\/figure>\n\n\n\n<p>Colocar prote\u00e7\u00e3o na m\u00e1quina ao cortar materiais transparentes.<\/p>\n\n\n\n<p>Os referidos softwares podem ser obtidos gratuitamente na internet. \u00c9 importante aproveitar esta oportunidade e (por que n\u00e3o?) brincar com eles at\u00e9 aprender suas peculiaridades. Assim, as chances de sucesso e de redu\u00e7\u00e3o de desperd\u00edcio de mat\u00e9ria prima s\u00e3o aprimoradas.<\/p>\n\n\n\n<p><\/p>\n","protected":false},"excerpt":{"rendered":"<p>Os m\u00f3dulos de treinamento para todos os recursos do PROTO ainda est\u00e3o em desenvolvimento. No momento h\u00e1 dois m\u00f3dulos de habilita\u00e7\u00e3o disponibilizados, al\u00e9m das recomenda\u00e7\u00f5es resumidas a seguir. De modo resumido, os dois principais recursos do PROTO s\u00e3o a impress\u00e3o 3D e o corte a laser. Para se habilitar ao uso desses recursos \u00e9 importante [&hellip;]<\/p>\n","protected":false},"author":327,"featured_media":0,"parent":238,"menu_order":3,"comment_status":"closed","ping_status":"closed","template":"","meta":{"footnotes":""},"class_list":["post-98","page","type-page","status-publish","hentry"],"_links":{"self":[{"href":"https:\/\/utfpr.curitiba.br\/proto\/wp-json\/wp\/v2\/pages\/98","targetHints":{"allow":["GET"]}}],"collection":[{"href":"https:\/\/utfpr.curitiba.br\/proto\/wp-json\/wp\/v2\/pages"}],"about":[{"href":"https:\/\/utfpr.curitiba.br\/proto\/wp-json\/wp\/v2\/types\/page"}],"author":[{"embeddable":true,"href":"https:\/\/utfpr.curitiba.br\/proto\/wp-json\/wp\/v2\/users\/327"}],"replies":[{"embeddable":true,"href":"https:\/\/utfpr.curitiba.br\/proto\/wp-json\/wp\/v2\/comments?post=98"}],"version-history":[{"count":24,"href":"https:\/\/utfpr.curitiba.br\/proto\/wp-json\/wp\/v2\/pages\/98\/revisions"}],"predecessor-version":[{"id":773,"href":"https:\/\/utfpr.curitiba.br\/proto\/wp-json\/wp\/v2\/pages\/98\/revisions\/773"}],"up":[{"embeddable":true,"href":"https:\/\/utfpr.curitiba.br\/proto\/wp-json\/wp\/v2\/pages\/238"}],"wp:attachment":[{"href":"https:\/\/utfpr.curitiba.br\/proto\/wp-json\/wp\/v2\/media?parent=98"}],"curies":[{"name":"wp","href":"https:\/\/api.w.org\/{rel}","templated":true}]}}

Habilitação

<p>Os módulos de treinamento para todos os recursos do PROTO ainda estão em desenvolvimento. </p>



<p>No momento há dois módulos de habilitação disponibilizados, além das recomendações resumidas a seguir.</p>



<div class="wp-block-buttons is-vertical is-content-justification-center is-layout-flex wp-container-core-buttons-is-layout-9a7cdcfd wp-block-buttons-is-layout-flex">
<div class="wp-block-button is-style-fill"><a class="wp-block-button__link wp-element-button" href="https://utfpr.curitiba.br/proto/procedimentos/habilitacao/impressao-3d-1/">Impressão 3D para usuários e usuárias do PROTO (básico)</a></div>



<div class="wp-block-button"><a class="wp-block-button__link wp-element-button" href="https://utfpr.curitiba.br/proto/procedimentos/habilitacao/impressao-3d-2/">Impressão 3D para monitores e monitoras do PROTO (intermediário)</a></div>
</div>



<p></p>



<p>De modo resumido, os dois principais recursos do PROTO são a impressão 3D e o corte a laser. Para se habilitar ao uso desses recursos é importante estudar os módulos de habilitação disponibilizados e se habituar com as tecnologias que permitem a preparação correta.</p>



<p>Deste modo, é recomendada a instalação e treinamento dos seguintes softwares básicos:</p>



<p><strong>Impressão 3D</strong> : <a href="https://www.creality.com/pages/download-ender-3-max-neo?spm=..product_3b7a3c8a-7861-4186-9818-614e8eb14170.nav_link_store_1.1&amp;spm_prev=..search.search_1.15" target="_blank" rel="noreferrer noopener">Creality </a><a href="https://www.creality.com/pages/download-ender-3-max-neo?spm=..product_3b7a3c8a-7861-4186-9818-614e8eb14170.nav_link_store_1.1&amp;spm_prev=..search.search_1.15">Slicer </a>ou <a href="https://ultimaker.com/software/ultimaker-cura/">Ultimaker Cura </a></p>



<p><strong>Corte a laser</strong> : Autolaser </p>



<p>Para a <strong>impressão 3D</strong> incialmente é necessária que a peça feita em um modelador seja salva no formato genérico STL ou 3MF (preferencial). A partir dela basta abrir o fatiador. Recomendamos o Creality Slicer, por ser nativo de nossas impressoras, embora o Ultimaker Cura funcione sem problemas. No fatiador é importante inicialmente configurar qual impressora será usada. Temos dois modelos: Ender 3 MAX NEO e Ender 5 Pro. Uma vez configurada a impressora o software irá ajustar sua área de trabalho à capacidade da impressora em questão. A partir dai, é preciso também configurar qual material será usado. Temos preferência pelo uso do PLA PREMIUM de 1,75mm. Ao escolher esses perfis de material a parametrização está praticamente pronta. Basicamente falta ainda definir o percentual de preenchimento e a qualidade de impressão esperada. Isto depende de cada projeto. A orientação da peça, de modo a minimizar a sua qualidade ou implicar em mais ou menos adição de suporte, assim como a quantidade delas que será impressa a um mesmo momento pode ser ajustada. Não esquecer de habilitar estruturas de suporte assim como uma aba de fixação. Conferir na prévia do software se essas estruturas aparecem. Recomendamos ainda que se busque conhecer boas práticas de projeto para impressão 3D de modo a evitar geometrias ruins para este processo. Por vezes uma peça que parece normal para injeção plástica apresenta pouca resistência mecânica como impressas. Estude o assunto e simplifique geometrias para ter um melhor resultado. O que se deve objetivar testar é o conceito de funcionamento.</p>


<div class="wp-block-image">
<figure class="aligncenter size-large"><img fetchpriority="high" decoding="async" width="1024" height="575" src="https://utfpr-ct-static-content.s3.amazonaws.com/utfpr.curitiba.br/wp-content/uploads/sites/190/2025/02/Peca-10-fatiada-1024x575.png" alt="" class="wp-image-325" srcset="https://utfpr-ct-static-content.s3.amazonaws.com/utfpr.curitiba.br/wp-content/uploads/sites/190/2025/02/Peca-10-fatiada-1024x575.png 1024w, https://utfpr-ct-static-content.s3.amazonaws.com/utfpr.curitiba.br/wp-content/uploads/sites/190/2025/02/Peca-10-fatiada-300x169.png 300w, https://utfpr-ct-static-content.s3.amazonaws.com/utfpr.curitiba.br/wp-content/uploads/sites/190/2025/02/Peca-10-fatiada-768x432.png 768w, https://utfpr-ct-static-content.s3.amazonaws.com/utfpr.curitiba.br/wp-content/uploads/sites/190/2025/02/Peca-10-fatiada.png 1365w" sizes="(max-width: 1024px) 100vw, 1024px" /></figure>
</div>


<p>O processo é finalizado com a geração do arquivo em formato gcode. Este é o arquivo que deve ser transferido para o cartão de memória da máquina de modo que esta fabrique a peça. Detalhes de pré-processamento, processamento e pós-processamento devem ser discutidos no laboratório. Uma vantagem marginal do uso do software nativo da máquina é a de que uma imagem prévia do modelo pode ser vista na própria (Ender 3 Max Neo), o que evita a impressão de peças erradas.</p>


<div class="wp-block-image">
<figure class="aligncenter size-large"><img decoding="async" width="1024" height="473" src="https://utfpr-ct-static-content.s3.amazonaws.com/utfpr.curitiba.br/wp-content/uploads/sites/190/2025/03/20250228_103947-1024x473.jpg" alt="" class="wp-image-378" srcset="https://utfpr-ct-static-content.s3.amazonaws.com/utfpr.curitiba.br/wp-content/uploads/sites/190/2025/03/20250228_103947-1024x473.jpg 1024w, https://utfpr-ct-static-content.s3.amazonaws.com/utfpr.curitiba.br/wp-content/uploads/sites/190/2025/03/20250228_103947-300x139.jpg 300w, https://utfpr-ct-static-content.s3.amazonaws.com/utfpr.curitiba.br/wp-content/uploads/sites/190/2025/03/20250228_103947-768x355.jpg 768w, https://utfpr-ct-static-content.s3.amazonaws.com/utfpr.curitiba.br/wp-content/uploads/sites/190/2025/03/20250228_103947-1536x709.jpg 1536w, https://utfpr-ct-static-content.s3.amazonaws.com/utfpr.curitiba.br/wp-content/uploads/sites/190/2025/03/20250228_103947-2048x946.jpg 2048w" sizes="(max-width: 1024px) 100vw, 1024px" /></figure>
</div>


<p>Para o <strong>corte a laser,</strong> é importante o projeto da chapa em formato dxf. Este é um formato 2D. Ele pode ser aberto no Autolaser e camadas, layers, podem ser atribuídas às linhas do desenho. Basicamente se trabalham com 3 tipos: Gravação (preenche o espaço entre linhas); Contorno/traços; Corte. </p>



<p>Os parâmetros para corte podem ser os seguintes para cada material:</p>



<figure class="wp-block-table"><table class="has-fixed-layout"><tbody><tr><td><strong>Material </strong></td><td><strong>Velocidade</strong></td><td><strong>Potência</strong></td></tr><tr><td>MDF de 3mm</td><td>20 / 25</td><td>Min 60 / Máx 65</td></tr><tr><td>MDF de 6mm</td><td>10 /12</td><td>Min 60 / Máx 65</td></tr><tr><td>Madeira Balsa Fina</td><td>25</td><td>Min 15 / Máx 15</td></tr><tr><td>Acrílico de 2mm</td><td>7</td><td>Min 15 / Máx 15</td></tr><tr><td>Acrílico de 3mm</td><td>7</td><td>Min 20 / Máx 20</td></tr><tr><td>Acrílico de 4mm</td><td>7</td><td>Min 25 / Máx 25</td></tr><tr><td>Acrílico de 5mm</td><td>7</td><td>Min 30 / Máx 30</td></tr><tr><td>Acrílico de 6mm</td><td>7</td><td>Min 35 / Máx 35</td></tr><tr><td>Acrílico de 10mm</td><td>7</td><td>Min 35? / Máx 35?</td></tr><tr><td>Acetado de 0,19mm</td><td>40</td><td>Min 12 / Máx 15</td></tr><tr><td>Polipropileno de 0,30mm</td><td>40</td><td>Min 12 / Máx 15</td></tr></tbody></table></figure>



<p>Colocar proteção na máquina ao cortar materiais transparentes.</p>



<p>Os referidos softwares podem ser obtidos gratuitamente na internet. É importante aproveitar esta oportunidade e (por que não?) brincar com eles até aprender suas peculiaridades. Assim, as chances de sucesso e de redução de desperdício de matéria prima são aprimoradas.</p>



<p></p>

<p>Os módulos de treinamento para todos os recursos do PROTO ainda estão em desenvolvimento. No momento há dois módulos de habilitação disponibilizados, além das recomendações resumidas a seguir. De modo resumido, os dois principais recursos do PROTO são a impressão 3D e o corte a laser. Para se habilitar ao uso desses recursos é importante [&hellip;]</p>
