{"id":563,"date":"2025-08-25T16:28:49","date_gmt":"2025-08-25T19:28:49","guid":{"rendered":"https:\/\/utfpr.curitiba.br\/proto\/?page_id=563"},"modified":"2025-08-25T17:10:20","modified_gmt":"2025-08-25T20:10:20","slug":"consultoria","status":"publish","type":"page","link":"https:\/\/utfpr.curitiba.br\/proto\/procedimentos\/consultoria\/","title":{"rendered":"Consultoria"},"content":{"rendered":"\n<p>Caso voc\u00ea seja calouro ou caloura ou mesmo um ou uma estudante com d\u00favidas se o seu projeto \u00e9 exequ\u00edvel nas depend\u00eancias do PROTO, recomendamos agendar uma reuni\u00e3o com algum professor ou professora da \u00e1rea projetos habilitados para este aux\u00edlio.<\/p>\n\n\n\n<p>Em especial, o Professor David Kretschek se coloca a disposi\u00e7\u00e3o, a partir de contato e agendamento direto com ele (<a href=\"mailto:davidk@utfpr.edu.br\">davidk@utfpr.edu.br<\/a>), para avaliar a viabilidade t\u00e9cnica dos projetos e propor caminhos para melhoria e alinhamento com as limita\u00e7\u00f5es dos recursos de prototipagem r\u00e1pida.<\/p>\n\n\n\n<p>Os demais colaboradores do PROTO tamb\u00e9m podem auxiliar pontualmente neste sentido, mas recomendamos o contato especializado caso voc\u00ea n\u00e3o possua qualquer experi\u00eancia com o recurso que pretende utilizar e n\u00e3o esteja seguro ou segura da viabilidade t\u00e9cnica do seu projeto.<\/p>\n\n\n\n<p><\/p>\n","protected":false},"excerpt":{"rendered":"<p>Caso voc\u00ea seja calouro ou caloura ou mesmo um ou uma estudante com d\u00favidas se o seu projeto \u00e9 exequ\u00edvel nas depend\u00eancias do PROTO, recomendamos agendar uma reuni\u00e3o com algum professor ou professora da \u00e1rea projetos habilitados para este aux\u00edlio. Em especial, o Professor David Kretschek se coloca a disposi\u00e7\u00e3o, a partir de contato e [&hellip;]<\/p>\n","protected":false},"author":327,"featured_media":0,"parent":238,"menu_order":7,"comment_status":"closed","ping_status":"closed","template":"","meta":{"footnotes":""},"class_list":["post-563","page","type-page","status-publish","hentry"],"_links":{"self":[{"href":"https:\/\/utfpr.curitiba.br\/proto\/wp-json\/wp\/v2\/pages\/563","targetHints":{"allow":["GET"]}}],"collection":[{"href":"https:\/\/utfpr.curitiba.br\/proto\/wp-json\/wp\/v2\/pages"}],"about":[{"href":"https:\/\/utfpr.curitiba.br\/proto\/wp-json\/wp\/v2\/types\/page"}],"author":[{"embeddable":true,"href":"https:\/\/utfpr.curitiba.br\/proto\/wp-json\/wp\/v2\/users\/327"}],"replies":[{"embeddable":true,"href":"https:\/\/utfpr.curitiba.br\/proto\/wp-json\/wp\/v2\/comments?post=563"}],"version-history":[{"count":5,"href":"https:\/\/utfpr.curitiba.br\/proto\/wp-json\/wp\/v2\/pages\/563\/revisions"}],"predecessor-version":[{"id":572,"href":"https:\/\/utfpr.curitiba.br\/proto\/wp-json\/wp\/v2\/pages\/563\/revisions\/572"}],"up":[{"embeddable":true,"href":"https:\/\/utfpr.curitiba.br\/proto\/wp-json\/wp\/v2\/pages\/238"}],"wp:attachment":[{"href":"https:\/\/utfpr.curitiba.br\/proto\/wp-json\/wp\/v2\/media?parent=563"}],"curies":[{"name":"wp","href":"https:\/\/api.w.org\/{rel}","templated":true}]}}

<p>Caso você seja calouro ou caloura ou mesmo um ou uma estudante com dúvidas se o seu projeto é exequível nas dependências do PROTO, recomendamos agendar uma reunião com algum professor ou professora da área projetos habilitados para este auxílio.</p>



<p>Em especial, o Professor David Kretschek se coloca a disposição, a partir de contato e agendamento direto com ele (<a href="mailto:davidk@utfpr.edu.br">davidk@utfpr.edu.br</a>), para avaliar a viabilidade técnica dos projetos e propor caminhos para melhoria e alinhamento com as limitações dos recursos de prototipagem rápida.</p>



<p>Os demais colaboradores do PROTO também podem auxiliar pontualmente neste sentido, mas recomendamos o contato especializado caso você não possua qualquer experiência com o recurso que pretende utilizar e não esteja seguro ou segura da viabilidade técnica do seu projeto.</p>



<p></p>

<p>Caso você seja calouro ou caloura ou mesmo um ou uma estudante com dúvidas se o seu projeto é exequível nas dependências do PROTO, recomendamos agendar uma reunião com algum professor ou professora da área projetos habilitados para este auxílio. Em especial, o Professor David Kretschek se coloca a disposição, a partir de contato e [&hellip;]</p>
