{"id":441,"date":"2025-04-17T16:09:37","date_gmt":"2025-04-17T19:09:37","guid":{"rendered":"https:\/\/utfpr.curitiba.br\/proto\/?page_id=441"},"modified":"2025-04-17T17:23:33","modified_gmt":"2025-04-17T20:23:33","slug":"furadeira-de-bancada","status":"publish","type":"page","link":"https:\/\/utfpr.curitiba.br\/proto\/oquesomos\/recursos\/furadeira-de-bancada\/","title":{"rendered":"Furadeira de bancada"},"content":{"rendered":"\n<p>Em desenvolvimento.<\/p>\n\n\n\n<p><strong>Antes de usar contate o representante do Laborat\u00f3rio no momento do uso para orienta\u00e7\u00f5es.<\/strong><\/p>\n\n\n\n<p>Embora de simples opera\u00e7\u00e3o este equipamento<strong> pode ocasionar les\u00f5es e amputa\u00e7\u00f5es.<\/strong><\/p>\n\n\n\n<p>Part\u00edculas podem ser projetadas ao usu\u00e1rio.<\/p>\n\n\n\n<p>Toda ferramenta rotativa pode enrolar acess\u00f3rios ou partes do usu\u00e1rio que se projetem sobre a mesma.<\/p>\n\n\n\n<p>A posi\u00e7\u00e3o das m\u00e3os deve ficar restrita ao manipulo de deslocamento vertical. <\/p>\n\n\n\n<p><\/p>\n\n\n\n<p>Uso obrigat\u00f3rio de \u00f3culos de prote\u00e7\u00e3o individual.<\/p>\n\n\n\n<p>N\u00e3o usar luvas.<\/p>\n\n\n\n<p>Prender cabelos.<\/p>\n\n\n\n<p>Usar mangas curtas e roupas ajustadas ao corpo.<\/p>\n\n\n\n<p>Demais orienta\u00e7\u00f5es em loco. <\/p>\n","protected":false},"excerpt":{"rendered":"<p>Em desenvolvimento. Antes de usar contate o representante do Laborat\u00f3rio no momento do uso para orienta\u00e7\u00f5es. Embora de simples opera\u00e7\u00e3o este equipamento pode ocasionar les\u00f5es e amputa\u00e7\u00f5es. Part\u00edculas podem ser projetadas ao usu\u00e1rio. Toda ferramenta rotativa pode enrolar acess\u00f3rios ou partes do usu\u00e1rio que se projetem sobre a mesma. A posi\u00e7\u00e3o das m\u00e3os deve ficar [&hellip;]<\/p>\n","protected":false},"author":327,"featured_media":0,"parent":53,"menu_order":8,"comment_status":"closed","ping_status":"closed","template":"","meta":{"footnotes":""},"class_list":["post-441","page","type-page","status-publish","hentry"],"_links":{"self":[{"href":"https:\/\/utfpr.curitiba.br\/proto\/wp-json\/wp\/v2\/pages\/441","targetHints":{"allow":["GET"]}}],"collection":[{"href":"https:\/\/utfpr.curitiba.br\/proto\/wp-json\/wp\/v2\/pages"}],"about":[{"href":"https:\/\/utfpr.curitiba.br\/proto\/wp-json\/wp\/v2\/types\/page"}],"author":[{"embeddable":true,"href":"https:\/\/utfpr.curitiba.br\/proto\/wp-json\/wp\/v2\/users\/327"}],"replies":[{"embeddable":true,"href":"https:\/\/utfpr.curitiba.br\/proto\/wp-json\/wp\/v2\/comments?post=441"}],"version-history":[{"count":2,"href":"https:\/\/utfpr.curitiba.br\/proto\/wp-json\/wp\/v2\/pages\/441\/revisions"}],"predecessor-version":[{"id":444,"href":"https:\/\/utfpr.curitiba.br\/proto\/wp-json\/wp\/v2\/pages\/441\/revisions\/444"}],"up":[{"embeddable":true,"href":"https:\/\/utfpr.curitiba.br\/proto\/wp-json\/wp\/v2\/pages\/53"}],"wp:attachment":[{"href":"https:\/\/utfpr.curitiba.br\/proto\/wp-json\/wp\/v2\/media?parent=441"}],"curies":[{"name":"wp","href":"https:\/\/api.w.org\/{rel}","templated":true}]}}

<p>Em desenvolvimento.</p>



<p><strong>Antes de usar contate o representante do Laboratório no momento do uso para orientações.</strong></p>



<p>Embora de simples operação este equipamento<strong> pode ocasionar lesões e amputações.</strong></p>



<p>Partículas podem ser projetadas ao usuário.</p>



<p>Toda ferramenta rotativa pode enrolar acessórios ou partes do usuário que se projetem sobre a mesma.</p>



<p>A posição das mãos deve ficar restrita ao manipulo de deslocamento vertical. </p>



<p></p>



<p>Uso obrigatório de óculos de proteção individual.</p>



<p>Não usar luvas.</p>



<p>Prender cabelos.</p>



<p>Usar mangas curtas e roupas ajustadas ao corpo.</p>



<p>Demais orientações em loco. </p>

<p>Em desenvolvimento. Antes de usar contate o representante do Laboratório no momento do uso para orientações. Embora de simples operação este equipamento pode ocasionar lesões e amputações. Partículas podem ser projetadas ao usuário. Toda ferramenta rotativa pode enrolar acessórios ou partes do usuário que se projetem sobre a mesma. A posição das mãos deve ficar [&hellip;]</p>
