{"id":416,"date":"2025-04-09T10:06:55","date_gmt":"2025-04-09T13:06:55","guid":{"rendered":"https:\/\/utfpr.curitiba.br\/proto\/?page_id=416"},"modified":"2025-04-09T10:09:00","modified_gmt":"2025-04-09T13:09:00","slug":"publicacoes","status":"publish","type":"page","link":"https:\/\/utfpr.curitiba.br\/proto\/oquesomos\/publicacoes\/","title":{"rendered":"Publica\u00e7\u00f5es"},"content":{"rendered":"\n<p><a href=\"http:\/\/repositorio.utfpr.edu.br\/jspui\/handle\/1\/35763\" target=\"_blank\" rel=\"noreferrer noopener\">Projeto Descritivo do Laborat\u00f3rio<\/a> &#8211; Trabalho de Conclus\u00e3o de Curso em Engenharia Mec\u00e2nica<\/p>\n\n\n\n<p><a href=\"https:\/\/nuvem.utfpr.edu.br\/index.php\/s\/2xJAZUYHoMj0kle\" target=\"_blank\" rel=\"noreferrer noopener\">Projeto Descritivo do Laborat\u00f3rio<\/a> &#8211; Cap\u00edtulo de Livro<\/p>\n\n\n\n<p><\/p>\n","protected":false},"excerpt":{"rendered":"<p>Projeto Descritivo do Laborat\u00f3rio &#8211; Trabalho de Conclus\u00e3o de Curso em Engenharia Mec\u00e2nica Projeto Descritivo do Laborat\u00f3rio &#8211; Cap\u00edtulo de Livro<\/p>\n","protected":false},"author":327,"featured_media":0,"parent":2,"menu_order":5,"comment_status":"closed","ping_status":"closed","template":"","meta":{"footnotes":""},"class_list":["post-416","page","type-page","status-publish","hentry"],"_links":{"self":[{"href":"https:\/\/utfpr.curitiba.br\/proto\/wp-json\/wp\/v2\/pages\/416","targetHints":{"allow":["GET"]}}],"collection":[{"href":"https:\/\/utfpr.curitiba.br\/proto\/wp-json\/wp\/v2\/pages"}],"about":[{"href":"https:\/\/utfpr.curitiba.br\/proto\/wp-json\/wp\/v2\/types\/page"}],"author":[{"embeddable":true,"href":"https:\/\/utfpr.curitiba.br\/proto\/wp-json\/wp\/v2\/users\/327"}],"replies":[{"embeddable":true,"href":"https:\/\/utfpr.curitiba.br\/proto\/wp-json\/wp\/v2\/comments?post=416"}],"version-history":[{"count":2,"href":"https:\/\/utfpr.curitiba.br\/proto\/wp-json\/wp\/v2\/pages\/416\/revisions"}],"predecessor-version":[{"id":418,"href":"https:\/\/utfpr.curitiba.br\/proto\/wp-json\/wp\/v2\/pages\/416\/revisions\/418"}],"up":[{"embeddable":true,"href":"https:\/\/utfpr.curitiba.br\/proto\/wp-json\/wp\/v2\/pages\/2"}],"wp:attachment":[{"href":"https:\/\/utfpr.curitiba.br\/proto\/wp-json\/wp\/v2\/media?parent=416"}],"curies":[{"name":"wp","href":"https:\/\/api.w.org\/{rel}","templated":true}]}}

Publicações

<p><a href="http://repositorio.utfpr.edu.br/jspui/handle/1/35763" target="_blank" rel="noreferrer noopener">Projeto Descritivo do Laboratório</a> &#8211; Trabalho de Conclusão de Curso em Engenharia Mecânica</p>



<p><a href="https://nuvem.utfpr.edu.br/index.php/s/2xJAZUYHoMj0kle" target="_blank" rel="noreferrer noopener">Projeto Descritivo do Laboratório</a> &#8211; Capítulo de Livro</p>



<p></p>

<p>Projeto Descritivo do Laboratório &#8211; Trabalho de Conclusão de Curso em Engenharia Mecânica Projeto Descritivo do Laboratório &#8211; Capítulo de Livro</p>
