{"id":238,"date":"2025-02-26T09:11:07","date_gmt":"2025-02-26T12:11:07","guid":{"rendered":"https:\/\/utfpr.curitiba.br\/proto\/?page_id=238"},"modified":"2025-02-26T17:57:48","modified_gmt":"2025-02-26T20:57:48","slug":"procedimentos","status":"publish","type":"page","link":"https:\/\/utfpr.curitiba.br\/proto\/procedimentos\/","title":{"rendered":"Procedimentos"},"content":{"rendered":"\n<p>Para usar os recursos do PROTO \u00e9 necess\u00e1rio ter ci\u00eancia de seus procedimentos.<\/p>\n\n\n\n<blockquote class=\"wp-block-quote is-layout-flow wp-block-quote-is-layout-flow\">\n<p>Procedimento: <strong>M\u00e9todo ou processo; maneira atrav\u00e9s da qual alguma coisa \u00e9 feita<\/strong>&#8230; <strong>Comportamento ou conduta; maneira de se comportar.\u00a0<\/strong><\/p>\n<\/blockquote>\n\n\n\n<p>O primeiro deles envolve a habilita\u00e7\u00e3o do usu\u00e1rio acerca dos recursos que pretende usar. <\/p>\n\n\n\n<p>Para tal o usu\u00e1rio necessita estudar os m\u00f3dulos de treinamento disponibilizados pelo PROTO, aos padr\u00f5es esperados pelo PROTO, e demonstrar habilidade mediante agendamento com a equipe.<\/p>\n\n\n\n<p>A partir deste ponto, \u00e9 feito o registro do usu\u00e1rio como habilitado em recursos espec\u00edficos e o mesmo poder\u00e1 agendar o uso dos recursos para seus projetos acad\u00eamicos e mesmo pessoais.<\/p>\n\n\n\n<p>Navegue nas guias desta p\u00e1gina acerca dos diferentes tipos de procedimentos e treinamentos disponibilizados (ainda em desenvolvimento).<\/p>\n\n\n\n<p><\/p>\n","protected":false},"excerpt":{"rendered":"<p>Para usar os recursos do PROTO \u00e9 necess\u00e1rio ter ci\u00eancia de seus procedimentos. Procedimento: M\u00e9todo ou processo; maneira atrav\u00e9s da qual alguma coisa \u00e9 feita&#8230; Comportamento ou conduta; maneira de se comportar.\u00a0 O primeiro deles envolve a habilita\u00e7\u00e3o do usu\u00e1rio acerca dos recursos que pretende usar. Para tal o usu\u00e1rio necessita estudar os m\u00f3dulos de [&hellip;]<\/p>\n","protected":false},"author":327,"featured_media":0,"parent":0,"menu_order":3,"comment_status":"closed","ping_status":"closed","template":"","meta":{"footnotes":""},"class_list":["post-238","page","type-page","status-publish","hentry"],"_links":{"self":[{"href":"https:\/\/utfpr.curitiba.br\/proto\/wp-json\/wp\/v2\/pages\/238","targetHints":{"allow":["GET"]}}],"collection":[{"href":"https:\/\/utfpr.curitiba.br\/proto\/wp-json\/wp\/v2\/pages"}],"about":[{"href":"https:\/\/utfpr.curitiba.br\/proto\/wp-json\/wp\/v2\/types\/page"}],"author":[{"embeddable":true,"href":"https:\/\/utfpr.curitiba.br\/proto\/wp-json\/wp\/v2\/users\/327"}],"replies":[{"embeddable":true,"href":"https:\/\/utfpr.curitiba.br\/proto\/wp-json\/wp\/v2\/comments?post=238"}],"version-history":[{"count":4,"href":"https:\/\/utfpr.curitiba.br\/proto\/wp-json\/wp\/v2\/pages\/238\/revisions"}],"predecessor-version":[{"id":304,"href":"https:\/\/utfpr.curitiba.br\/proto\/wp-json\/wp\/v2\/pages\/238\/revisions\/304"}],"wp:attachment":[{"href":"https:\/\/utfpr.curitiba.br\/proto\/wp-json\/wp\/v2\/media?parent=238"}],"curies":[{"name":"wp","href":"https:\/\/api.w.org\/{rel}","templated":true}]}}

<p>Para usar os recursos do PROTO é necessário ter ciência de seus procedimentos.</p>



<blockquote class="wp-block-quote is-layout-flow wp-block-quote-is-layout-flow">
<p>Procedimento: <strong>Método ou processo; maneira através da qual alguma coisa é feita</strong>&#8230; <strong>Comportamento ou conduta; maneira de se comportar. </strong></p>
</blockquote>



<p>O primeiro deles envolve a habilitação do usuário acerca dos recursos que pretende usar. </p>



<p>Para tal o usuário necessita estudar os módulos de treinamento disponibilizados pelo PROTO, aos padrões esperados pelo PROTO, e demonstrar habilidade mediante agendamento com a equipe.</p>



<p>A partir deste ponto, é feito o registro do usuário como habilitado em recursos específicos e o mesmo poderá agendar o uso dos recursos para seus projetos acadêmicos e mesmo pessoais.</p>



<p>Navegue nas guias desta página acerca dos diferentes tipos de procedimentos e treinamentos disponibilizados (ainda em desenvolvimento).</p>



<p></p>

<p>Para usar os recursos do PROTO é necessário ter ciência de seus procedimentos. Procedimento: Método ou processo; maneira através da qual alguma coisa é feita&#8230; Comportamento ou conduta; maneira de se comportar.  O primeiro deles envolve a habilitação do usuário acerca dos recursos que pretende usar. Para tal o usuário necessita estudar os módulos de [&hellip;]</p>
