{"id":192,"date":"2025-02-26T07:54:47","date_gmt":"2025-02-26T10:54:47","guid":{"rendered":"https:\/\/utfpr.curitiba.br\/proto\/?page_id=192"},"modified":"2025-10-20T17:08:56","modified_gmt":"2025-10-20T20:08:56","slug":"quemsomos","status":"publish","type":"page","link":"https:\/\/utfpr.curitiba.br\/proto\/oquesomos\/quemsomos\/","title":{"rendered":"Equipe"},"content":{"rendered":"\n<p>Chefe do Departamento Acad\u00eamico de Mec\u00e2nica &#8211; Prof. Dr. <a href=\"https:\/\/utfpr.curitiba.br\/damec\/?page_id=2516\" data-type=\"page\" data-id=\"114\">La\u00e9rcio Javarez J\u00fanior<\/a><\/p>\n\n\n\n<p>L\u00edder da \u00c1rea de Projetos &#8211; Prof. Dr. <a href=\"https:\/\/utfpr.curitiba.br\/damec\/?page_id=2156\">Marco Aur\u00e9lio de Carvalho<\/a><\/p>\n\n\n\n<p>Respons\u00e1vel pelo Laborat\u00f3rio &#8211; Prof. Dr. <a href=\"https:\/\/utfpr.curitiba.br\/damec\/?page_id=2438\">Josmael Roberto Kampa<\/a><\/p>\n\n\n\n<p>Respons\u00e1vel Auxiliar &#8211; Prof. Me. <a href=\"https:\/\/utfpr.curitiba.br\/damec\/?page_id=2682\">Nilton Luiz Cararo<\/a><\/p>\n\n\n\n<p>Estagi\u00e1rio (2025) &#8211; Giulianno Durigan Martins Borges<\/p>\n\n\n\n<p>Estagi\u00e1rio cedido pelo DAMEC (2025-2025) &#8211; Gabriel Amaro Zanelatto<\/p>\n\n\n\n<p>Monitor (2024, 2025) &#8211; Thiago M\u00e1verick Lessa Delmondes<\/p>\n\n\n\n<p>Colaborador do Projeto Descritivo Inicial &#8211; Breno Weigert<\/p>\n\n\n\n<p>Colaborador do M\u00f3dulo de Habilita\u00e7\u00e3o em Impress\u00e3o 3D (2025) &#8211; Renan Portella<\/p>\n\n\n\n<p>Consultor &#8211; Prof. Dr. <a href=\"https:\/\/utfpr.curitiba.br\/damec\/?page_id=2255\">Carlos Cziulik<\/a><\/p>\n\n\n\n<p>Consultor &#8211; Prof. Me. <a href=\"https:\/\/utfpr.curitiba.br\/damec\/?page_id=2351\">David Krestcheck<\/a><\/p>\n\n\n\n<p>Consultor &#8211; Prof. Dr. <a href=\"https:\/\/utfpr.curitiba.br\/damec\/?page_id=2280\">Celso Salamon<\/a><\/p>\n\n\n\n<p>Consultor &#8211; Prof. Dr. <a href=\"https:\/\/utfpr.curitiba.br\/damec\/?page_id=2204\">Walter Luiz Mikos<\/a><\/p>\n\n\n\n<p>Consultor Volunt\u00e1rio &#8211; <a href=\"http:\/\/lattes.cnpq.br\/4627107564992006\">Ian Lages Coelho<\/a><\/p>\n","protected":false},"excerpt":{"rendered":"<p>Chefe do Departamento Acad\u00eamico de Mec\u00e2nica &#8211; Prof. Dr. La\u00e9rcio Javarez J\u00fanior L\u00edder da \u00c1rea de Projetos &#8211; Prof. Dr. Marco Aur\u00e9lio de Carvalho Respons\u00e1vel pelo Laborat\u00f3rio &#8211; Prof. Dr. Josmael Roberto Kampa Respons\u00e1vel Auxiliar &#8211; Prof. Me. Nilton Luiz Cararo Estagi\u00e1rio (2025) &#8211; Giulianno Durigan Martins Borges Estagi\u00e1rio cedido pelo DAMEC (2025-2025) &#8211; Gabriel [&hellip;]<\/p>\n","protected":false},"author":327,"featured_media":0,"parent":2,"menu_order":6,"comment_status":"closed","ping_status":"closed","template":"","meta":{"footnotes":""},"class_list":["post-192","page","type-page","status-publish","hentry"],"_links":{"self":[{"href":"https:\/\/utfpr.curitiba.br\/proto\/wp-json\/wp\/v2\/pages\/192","targetHints":{"allow":["GET"]}}],"collection":[{"href":"https:\/\/utfpr.curitiba.br\/proto\/wp-json\/wp\/v2\/pages"}],"about":[{"href":"https:\/\/utfpr.curitiba.br\/proto\/wp-json\/wp\/v2\/types\/page"}],"author":[{"embeddable":true,"href":"https:\/\/utfpr.curitiba.br\/proto\/wp-json\/wp\/v2\/users\/327"}],"replies":[{"embeddable":true,"href":"https:\/\/utfpr.curitiba.br\/proto\/wp-json\/wp\/v2\/comments?post=192"}],"version-history":[{"count":9,"href":"https:\/\/utfpr.curitiba.br\/proto\/wp-json\/wp\/v2\/pages\/192\/revisions"}],"predecessor-version":[{"id":770,"href":"https:\/\/utfpr.curitiba.br\/proto\/wp-json\/wp\/v2\/pages\/192\/revisions\/770"}],"up":[{"embeddable":true,"href":"https:\/\/utfpr.curitiba.br\/proto\/wp-json\/wp\/v2\/pages\/2"}],"wp:attachment":[{"href":"https:\/\/utfpr.curitiba.br\/proto\/wp-json\/wp\/v2\/media?parent=192"}],"curies":[{"name":"wp","href":"https:\/\/api.w.org\/{rel}","templated":true}]}}

<p>Chefe do Departamento Acadêmico de Mecânica &#8211; Prof. Dr. <a href="https://utfpr.curitiba.br/damec/?page_id=2516" data-type="page" data-id="114">Laércio Javarez Júnior</a></p>



<p>Líder da Área de Projetos &#8211; Prof. Dr. <a href="https://utfpr.curitiba.br/damec/?page_id=2156">Marco Aurélio de Carvalho</a></p>



<p>Responsável pelo Laboratório &#8211; Prof. Dr. <a href="https://utfpr.curitiba.br/damec/?page_id=2438">Josmael Roberto Kampa</a></p>



<p>Responsável Auxiliar &#8211; Prof. Me. <a href="https://utfpr.curitiba.br/damec/?page_id=2682">Nilton Luiz Cararo</a></p>



<p>Estagiário (2025) &#8211; Giulianno Durigan Martins Borges</p>



<p>Estagiário cedido pelo DAMEC (2025-2025) &#8211; Gabriel Amaro Zanelatto</p>



<p>Monitor (2024, 2025) &#8211; Thiago Máverick Lessa Delmondes</p>



<p>Colaborador do Projeto Descritivo Inicial &#8211; Breno Weigert</p>



<p>Colaborador do Módulo de Habilitação em Impressão 3D (2025) &#8211; Renan Portella</p>



<p>Consultor &#8211; Prof. Dr. <a href="https://utfpr.curitiba.br/damec/?page_id=2255">Carlos Cziulik</a></p>



<p>Consultor &#8211; Prof. Me. <a href="https://utfpr.curitiba.br/damec/?page_id=2351">David Krestcheck</a></p>



<p>Consultor &#8211; Prof. Dr. <a href="https://utfpr.curitiba.br/damec/?page_id=2280">Celso Salamon</a></p>



<p>Consultor &#8211; Prof. Dr. <a href="https://utfpr.curitiba.br/damec/?page_id=2204">Walter Luiz Mikos</a></p>



<p>Consultor Voluntário &#8211; <a href="http://lattes.cnpq.br/4627107564992006">Ian Lages Coelho</a></p>

<p>Chefe do Departamento Acadêmico de Mecânica &#8211; Prof. Dr. Laércio Javarez Júnior Líder da Área de Projetos &#8211; Prof. Dr. Marco Aurélio de Carvalho Responsável pelo Laboratório &#8211; Prof. Dr. Josmael Roberto Kampa Responsável Auxiliar &#8211; Prof. Me. Nilton Luiz Cararo Estagiário (2025) &#8211; Giulianno Durigan Martins Borges Estagiário cedido pelo DAMEC (2025-2025) &#8211; Gabriel [&hellip;]</p>
