{"id":16,"date":"2024-11-29T11:22:43","date_gmt":"2024-11-29T14:22:43","guid":{"rendered":"https:\/\/utfpr.curitiba.br\/proto\/?page_id=16"},"modified":"2025-03-12T09:23:20","modified_gmt":"2025-03-12T12:23:20","slug":"infraestrutura","status":"publish","type":"page","link":"https:\/\/utfpr.curitiba.br\/proto\/oquesomos\/infraestrutura\/","title":{"rendered":"Infraestrutura"},"content":{"rendered":"\n<p class=\"has-text-align-left\">Atualmente o laborat\u00f3rio conta com uma \u00e1rea de aproximadamente 77,47 metros quadrados mais 11,36 metros quadrados em sala interna reservada, com redes de energia, dados, \u00e1gua e monitoramento por c\u00e2meras instaladas.\u00a0<\/p>\n\n\n\n<figure class=\"wp-block-image size-full\"><img decoding=\"async\" src=\"https:\/\/utfpr-ct-static-content.s3.amazonaws.com\/utfpr.curitiba.br\/wp-content\/uploads\/sites\/190\/2025\/02\/PROTO-Cortealaser-250225-scaled.jpg\" alt=\"\" class=\"wp-image-156\" \/><\/figure>\n\n\n\n<p>Os equipamentos dispon\u00edveis e armazenados no espa\u00e7o podem apenas ser usados pelos alunos acompanhados de professores mediante agendamento com o professor respons\u00e1vel pelo laborat\u00f3rio. o desenvolvimento de procedimentos que s\u00e3o explicitados neste site buscam alterar esta realidade e aproxim\u00e1-la da visualizada no objetivo de acessibilidade plena do laborat\u00f3rio.<\/p>\n\n\n\n<figure class=\"wp-block-gallery has-nested-images columns-default is-cropped wp-block-gallery-1 is-layout-flex wp-block-gallery-is-layout-flex\">\n<figure class=\"wp-block-image size-large\"><img fetchpriority=\"high\" decoding=\"async\" width=\"1024\" height=\"473\" data-id=\"392\" src=\"https:\/\/utfpr-ct-static-content.s3.amazonaws.com\/utfpr.curitiba.br\/wp-content\/uploads\/sites\/190\/2025\/03\/20250310_114320-1024x473.jpg\" alt=\"\" class=\"wp-image-392\" srcset=\"https:\/\/utfpr-ct-static-content.s3.amazonaws.com\/utfpr.curitiba.br\/wp-content\/uploads\/sites\/190\/2025\/03\/20250310_114320-1024x473.jpg 1024w, https:\/\/utfpr-ct-static-content.s3.amazonaws.com\/utfpr.curitiba.br\/wp-content\/uploads\/sites\/190\/2025\/03\/20250310_114320-300x139.jpg 300w, https:\/\/utfpr-ct-static-content.s3.amazonaws.com\/utfpr.curitiba.br\/wp-content\/uploads\/sites\/190\/2025\/03\/20250310_114320-768x355.jpg 768w, https:\/\/utfpr-ct-static-content.s3.amazonaws.com\/utfpr.curitiba.br\/wp-content\/uploads\/sites\/190\/2025\/03\/20250310_114320-1536x709.jpg 1536w, https:\/\/utfpr-ct-static-content.s3.amazonaws.com\/utfpr.curitiba.br\/wp-content\/uploads\/sites\/190\/2025\/03\/20250310_114320-2048x946.jpg 2048w\" sizes=\"(max-width: 1024px) 100vw, 1024px\" \/><\/figure>\n\n\n\n<figure class=\"wp-block-image size-large\"><img decoding=\"async\" width=\"1024\" height=\"473\" data-id=\"395\" src=\"https:\/\/utfpr-ct-static-content.s3.amazonaws.com\/utfpr.curitiba.br\/wp-content\/uploads\/sites\/190\/2025\/03\/20250310_114323-1-1024x473.jpg\" alt=\"\" class=\"wp-image-395\" srcset=\"https:\/\/utfpr-ct-static-content.s3.amazonaws.com\/utfpr.curitiba.br\/wp-content\/uploads\/sites\/190\/2025\/03\/20250310_114323-1-1024x473.jpg 1024w, https:\/\/utfpr-ct-static-content.s3.amazonaws.com\/utfpr.curitiba.br\/wp-content\/uploads\/sites\/190\/2025\/03\/20250310_114323-1-300x139.jpg 300w, https:\/\/utfpr-ct-static-content.s3.amazonaws.com\/utfpr.curitiba.br\/wp-content\/uploads\/sites\/190\/2025\/03\/20250310_114323-1-768x355.jpg 768w, https:\/\/utfpr-ct-static-content.s3.amazonaws.com\/utfpr.curitiba.br\/wp-content\/uploads\/sites\/190\/2025\/03\/20250310_114323-1-1536x709.jpg 1536w, https:\/\/utfpr-ct-static-content.s3.amazonaws.com\/utfpr.curitiba.br\/wp-content\/uploads\/sites\/190\/2025\/03\/20250310_114323-1-2048x946.jpg 2048w\" sizes=\"(max-width: 1024px) 100vw, 1024px\" \/><\/figure>\n\n\n\n<figure class=\"wp-block-image size-large\"><img decoding=\"async\" width=\"1024\" height=\"473\" data-id=\"396\" src=\"https:\/\/utfpr-ct-static-content.s3.amazonaws.com\/utfpr.curitiba.br\/wp-content\/uploads\/sites\/190\/2025\/03\/20250310_114325-1-1024x473.jpg\" alt=\"\" class=\"wp-image-396\" srcset=\"https:\/\/utfpr-ct-static-content.s3.amazonaws.com\/utfpr.curitiba.br\/wp-content\/uploads\/sites\/190\/2025\/03\/20250310_114325-1-1024x473.jpg 1024w, https:\/\/utfpr-ct-static-content.s3.amazonaws.com\/utfpr.curitiba.br\/wp-content\/uploads\/sites\/190\/2025\/03\/20250310_114325-1-300x139.jpg 300w, https:\/\/utfpr-ct-static-content.s3.amazonaws.com\/utfpr.curitiba.br\/wp-content\/uploads\/sites\/190\/2025\/03\/20250310_114325-1-768x355.jpg 768w, https:\/\/utfpr-ct-static-content.s3.amazonaws.com\/utfpr.curitiba.br\/wp-content\/uploads\/sites\/190\/2025\/03\/20250310_114325-1-1536x709.jpg 1536w, https:\/\/utfpr-ct-static-content.s3.amazonaws.com\/utfpr.curitiba.br\/wp-content\/uploads\/sites\/190\/2025\/03\/20250310_114325-1-2048x946.jpg 2048w\" sizes=\"(max-width: 1024px) 100vw, 1024px\" \/><\/figure>\n\n\n\n<figure class=\"wp-block-image size-large\"><img loading=\"lazy\" decoding=\"async\" width=\"1024\" height=\"473\" data-id=\"394\" src=\"https:\/\/utfpr-ct-static-content.s3.amazonaws.com\/utfpr.curitiba.br\/wp-content\/uploads\/sites\/190\/2025\/03\/20250310_114329-1024x473.jpg\" alt=\"\" class=\"wp-image-394\" srcset=\"https:\/\/utfpr-ct-static-content.s3.amazonaws.com\/utfpr.curitiba.br\/wp-content\/uploads\/sites\/190\/2025\/03\/20250310_114329-1024x473.jpg 1024w, https:\/\/utfpr-ct-static-content.s3.amazonaws.com\/utfpr.curitiba.br\/wp-content\/uploads\/sites\/190\/2025\/03\/20250310_114329-300x139.jpg 300w, https:\/\/utfpr-ct-static-content.s3.amazonaws.com\/utfpr.curitiba.br\/wp-content\/uploads\/sites\/190\/2025\/03\/20250310_114329-768x355.jpg 768w, https:\/\/utfpr-ct-static-content.s3.amazonaws.com\/utfpr.curitiba.br\/wp-content\/uploads\/sites\/190\/2025\/03\/20250310_114329-1536x709.jpg 1536w, https:\/\/utfpr-ct-static-content.s3.amazonaws.com\/utfpr.curitiba.br\/wp-content\/uploads\/sites\/190\/2025\/03\/20250310_114329-2048x946.jpg 2048w\" sizes=\"(max-width: 1024px) 100vw, 1024px\" \/><\/figure>\n\n\n\n<figure class=\"wp-block-image size-large\"><img loading=\"lazy\" decoding=\"async\" width=\"1024\" height=\"472\" data-id=\"390\" src=\"https:\/\/utfpr-ct-static-content.s3.amazonaws.com\/utfpr.curitiba.br\/wp-content\/uploads\/sites\/190\/2025\/03\/20250310_114337-1024x472.jpg\" alt=\"\" class=\"wp-image-390\" srcset=\"https:\/\/utfpr-ct-static-content.s3.amazonaws.com\/utfpr.curitiba.br\/wp-content\/uploads\/sites\/190\/2025\/03\/20250310_114337-1024x472.jpg 1024w, https:\/\/utfpr-ct-static-content.s3.amazonaws.com\/utfpr.curitiba.br\/wp-content\/uploads\/sites\/190\/2025\/03\/20250310_114337-300x138.jpg 300w, https:\/\/utfpr-ct-static-content.s3.amazonaws.com\/utfpr.curitiba.br\/wp-content\/uploads\/sites\/190\/2025\/03\/20250310_114337-768x354.jpg 768w, https:\/\/utfpr-ct-static-content.s3.amazonaws.com\/utfpr.curitiba.br\/wp-content\/uploads\/sites\/190\/2025\/03\/20250310_114337-1536x708.jpg 1536w, https:\/\/utfpr-ct-static-content.s3.amazonaws.com\/utfpr.curitiba.br\/wp-content\/uploads\/sites\/190\/2025\/03\/20250310_114337-2048x944.jpg 2048w\" sizes=\"(max-width: 1024px) 100vw, 1024px\" \/><\/figure>\n<\/figure>\n","protected":false},"excerpt":{"rendered":"<p>Atualmente o laborat\u00f3rio conta com uma \u00e1rea de aproximadamente 77,47 metros quadrados mais 11,36 metros quadrados em sala interna reservada, com redes de energia, dados, \u00e1gua e monitoramento por c\u00e2meras instaladas.\u00a0 Os equipamentos dispon\u00edveis e armazenados no espa\u00e7o podem apenas ser usados pelos alunos acompanhados de professores mediante agendamento com o professor respons\u00e1vel pelo laborat\u00f3rio. [&hellip;]<\/p>\n","protected":false},"author":327,"featured_media":0,"parent":2,"menu_order":1,"comment_status":"closed","ping_status":"closed","template":"","meta":{"footnotes":""},"class_list":["post-16","page","type-page","status-publish","hentry"],"_links":{"self":[{"href":"https:\/\/utfpr.curitiba.br\/proto\/wp-json\/wp\/v2\/pages\/16","targetHints":{"allow":["GET"]}}],"collection":[{"href":"https:\/\/utfpr.curitiba.br\/proto\/wp-json\/wp\/v2\/pages"}],"about":[{"href":"https:\/\/utfpr.curitiba.br\/proto\/wp-json\/wp\/v2\/types\/page"}],"author":[{"embeddable":true,"href":"https:\/\/utfpr.curitiba.br\/proto\/wp-json\/wp\/v2\/users\/327"}],"replies":[{"embeddable":true,"href":"https:\/\/utfpr.curitiba.br\/proto\/wp-json\/wp\/v2\/comments?post=16"}],"version-history":[{"count":9,"href":"https:\/\/utfpr.curitiba.br\/proto\/wp-json\/wp\/v2\/pages\/16\/revisions"}],"predecessor-version":[{"id":397,"href":"https:\/\/utfpr.curitiba.br\/proto\/wp-json\/wp\/v2\/pages\/16\/revisions\/397"}],"up":[{"embeddable":true,"href":"https:\/\/utfpr.curitiba.br\/proto\/wp-json\/wp\/v2\/pages\/2"}],"wp:attachment":[{"href":"https:\/\/utfpr.curitiba.br\/proto\/wp-json\/wp\/v2\/media?parent=16"}],"curies":[{"name":"wp","href":"https:\/\/api.w.org\/{rel}","templated":true}]}}

<p class="has-text-align-left">Atualmente o laboratório conta com uma área de aproximadamente 77,47 metros quadrados mais 11,36 metros quadrados em sala interna reservada, com redes de energia, dados, água e monitoramento por câmeras instaladas. </p>



<figure class="wp-block-image size-full"><img decoding="async" src="https://utfpr-ct-static-content.s3.amazonaws.com/utfpr.curitiba.br/wp-content/uploads/sites/190/2025/02/PROTO-Cortealaser-250225-scaled.jpg" alt="" class="wp-image-156" /></figure>



<p>Os equipamentos disponíveis e armazenados no espaço podem apenas ser usados pelos alunos acompanhados de professores mediante agendamento com o professor responsável pelo laboratório. o desenvolvimento de procedimentos que são explicitados neste site buscam alterar esta realidade e aproximá-la da visualizada no objetivo de acessibilidade plena do laboratório.</p>



<figure class="wp-block-gallery has-nested-images columns-default is-cropped wp-block-gallery-1 is-layout-flex wp-block-gallery-is-layout-flex">
<figure class="wp-block-image size-large"><img fetchpriority="high" decoding="async" width="1024" height="473" data-id="392" src="https://utfpr-ct-static-content.s3.amazonaws.com/utfpr.curitiba.br/wp-content/uploads/sites/190/2025/03/20250310_114320-1024x473.jpg" alt="" class="wp-image-392" srcset="https://utfpr-ct-static-content.s3.amazonaws.com/utfpr.curitiba.br/wp-content/uploads/sites/190/2025/03/20250310_114320-1024x473.jpg 1024w, https://utfpr-ct-static-content.s3.amazonaws.com/utfpr.curitiba.br/wp-content/uploads/sites/190/2025/03/20250310_114320-300x139.jpg 300w, https://utfpr-ct-static-content.s3.amazonaws.com/utfpr.curitiba.br/wp-content/uploads/sites/190/2025/03/20250310_114320-768x355.jpg 768w, https://utfpr-ct-static-content.s3.amazonaws.com/utfpr.curitiba.br/wp-content/uploads/sites/190/2025/03/20250310_114320-1536x709.jpg 1536w, https://utfpr-ct-static-content.s3.amazonaws.com/utfpr.curitiba.br/wp-content/uploads/sites/190/2025/03/20250310_114320-2048x946.jpg 2048w" sizes="(max-width: 1024px) 100vw, 1024px" /></figure>



<figure class="wp-block-image size-large"><img decoding="async" width="1024" height="473" data-id="395" src="https://utfpr-ct-static-content.s3.amazonaws.com/utfpr.curitiba.br/wp-content/uploads/sites/190/2025/03/20250310_114323-1-1024x473.jpg" alt="" class="wp-image-395" srcset="https://utfpr-ct-static-content.s3.amazonaws.com/utfpr.curitiba.br/wp-content/uploads/sites/190/2025/03/20250310_114323-1-1024x473.jpg 1024w, https://utfpr-ct-static-content.s3.amazonaws.com/utfpr.curitiba.br/wp-content/uploads/sites/190/2025/03/20250310_114323-1-300x139.jpg 300w, https://utfpr-ct-static-content.s3.amazonaws.com/utfpr.curitiba.br/wp-content/uploads/sites/190/2025/03/20250310_114323-1-768x355.jpg 768w, https://utfpr-ct-static-content.s3.amazonaws.com/utfpr.curitiba.br/wp-content/uploads/sites/190/2025/03/20250310_114323-1-1536x709.jpg 1536w, https://utfpr-ct-static-content.s3.amazonaws.com/utfpr.curitiba.br/wp-content/uploads/sites/190/2025/03/20250310_114323-1-2048x946.jpg 2048w" sizes="(max-width: 1024px) 100vw, 1024px" /></figure>



<figure class="wp-block-image size-large"><img decoding="async" width="1024" height="473" data-id="396" src="https://utfpr-ct-static-content.s3.amazonaws.com/utfpr.curitiba.br/wp-content/uploads/sites/190/2025/03/20250310_114325-1-1024x473.jpg" alt="" class="wp-image-396" srcset="https://utfpr-ct-static-content.s3.amazonaws.com/utfpr.curitiba.br/wp-content/uploads/sites/190/2025/03/20250310_114325-1-1024x473.jpg 1024w, https://utfpr-ct-static-content.s3.amazonaws.com/utfpr.curitiba.br/wp-content/uploads/sites/190/2025/03/20250310_114325-1-300x139.jpg 300w, https://utfpr-ct-static-content.s3.amazonaws.com/utfpr.curitiba.br/wp-content/uploads/sites/190/2025/03/20250310_114325-1-768x355.jpg 768w, https://utfpr-ct-static-content.s3.amazonaws.com/utfpr.curitiba.br/wp-content/uploads/sites/190/2025/03/20250310_114325-1-1536x709.jpg 1536w, https://utfpr-ct-static-content.s3.amazonaws.com/utfpr.curitiba.br/wp-content/uploads/sites/190/2025/03/20250310_114325-1-2048x946.jpg 2048w" sizes="(max-width: 1024px) 100vw, 1024px" /></figure>



<figure class="wp-block-image size-large"><img loading="lazy" decoding="async" width="1024" height="473" data-id="394" src="https://utfpr-ct-static-content.s3.amazonaws.com/utfpr.curitiba.br/wp-content/uploads/sites/190/2025/03/20250310_114329-1024x473.jpg" alt="" class="wp-image-394" srcset="https://utfpr-ct-static-content.s3.amazonaws.com/utfpr.curitiba.br/wp-content/uploads/sites/190/2025/03/20250310_114329-1024x473.jpg 1024w, https://utfpr-ct-static-content.s3.amazonaws.com/utfpr.curitiba.br/wp-content/uploads/sites/190/2025/03/20250310_114329-300x139.jpg 300w, https://utfpr-ct-static-content.s3.amazonaws.com/utfpr.curitiba.br/wp-content/uploads/sites/190/2025/03/20250310_114329-768x355.jpg 768w, https://utfpr-ct-static-content.s3.amazonaws.com/utfpr.curitiba.br/wp-content/uploads/sites/190/2025/03/20250310_114329-1536x709.jpg 1536w, https://utfpr-ct-static-content.s3.amazonaws.com/utfpr.curitiba.br/wp-content/uploads/sites/190/2025/03/20250310_114329-2048x946.jpg 2048w" sizes="(max-width: 1024px) 100vw, 1024px" /></figure>



<figure class="wp-block-image size-large"><img loading="lazy" decoding="async" width="1024" height="472" data-id="390" src="https://utfpr-ct-static-content.s3.amazonaws.com/utfpr.curitiba.br/wp-content/uploads/sites/190/2025/03/20250310_114337-1024x472.jpg" alt="" class="wp-image-390" srcset="https://utfpr-ct-static-content.s3.amazonaws.com/utfpr.curitiba.br/wp-content/uploads/sites/190/2025/03/20250310_114337-1024x472.jpg 1024w, https://utfpr-ct-static-content.s3.amazonaws.com/utfpr.curitiba.br/wp-content/uploads/sites/190/2025/03/20250310_114337-300x138.jpg 300w, https://utfpr-ct-static-content.s3.amazonaws.com/utfpr.curitiba.br/wp-content/uploads/sites/190/2025/03/20250310_114337-768x354.jpg 768w, https://utfpr-ct-static-content.s3.amazonaws.com/utfpr.curitiba.br/wp-content/uploads/sites/190/2025/03/20250310_114337-1536x708.jpg 1536w, https://utfpr-ct-static-content.s3.amazonaws.com/utfpr.curitiba.br/wp-content/uploads/sites/190/2025/03/20250310_114337-2048x944.jpg 2048w" sizes="(max-width: 1024px) 100vw, 1024px" /></figure>
</figure>

<p>Atualmente o laboratório conta com uma área de aproximadamente 77,47 metros quadrados mais 11,36 metros quadrados em sala interna reservada, com redes de energia, dados, água e monitoramento por câmeras instaladas.  Os equipamentos disponíveis e armazenados no espaço podem apenas ser usados pelos alunos acompanhados de professores mediante agendamento com o professor responsável pelo laboratório. [&hellip;]</p>
