{"id":525,"date":"2022-05-20T10:30:43","date_gmt":"2022-05-20T13:30:43","guid":{"rendered":"https:\/\/projetoestimulo.ct.utfpr.edu.br\/?page_id=525"},"modified":"2022-05-20T10:43:52","modified_gmt":"2022-05-20T13:43:52","slug":"eventos","status":"publish","type":"page","link":"https:\/\/utfpr.curitiba.br\/projetoestimulo\/?page_id=525","title":{"rendered":"Eventos"},"content":{"rendered":"\n<p>Nosso Projeto tamb\u00e9m realiza e participa de eventos que visam \u00e0 conscientiza\u00e7\u00e3o acerca da doen\u00e7a de Parkinson!<\/p>\n\n\n\n<p>Estes foram os eventos realizados pelo Projeto Est\u00edmulo at\u00e9 o momento:<\/p>\n\n\n\n<div class=\"wp-block-buttons is-layout-flex wp-block-buttons-is-layout-flex\">\n<div class=\"wp-block-button is-style-outline is-style-outline--1\"><a class=\"wp-block-button__link\" href=\"https:\/\/projetoestimulo.ct.utfpr.edu.br\/?page_id=450\">Workshop Est\u00edmulo e Movimento<\/a><\/div>\n\n\n\n<div class=\"wp-block-button is-style-outline is-style-outline--2\"><a class=\"wp-block-button__link\" href=\"https:\/\/projetoestimulo.ct.utfpr.edu.br\/?page_id=431\">Exposi\u00e7\u00e3o Empatia<\/a><\/div>\n\n\n\n<div class=\"wp-block-button is-style-outline is-style-outline--3\"><a class=\"wp-block-button__link\" href=\"https:\/\/projetoestimulo.ct.utfpr.edu.br\/?page_id=431\">Est\u00edmulo e Arte<\/a><\/div>\n\n\n\n<div class=\"wp-block-button is-style-outline is-style-outline--4\"><a class=\"wp-block-button__link\" href=\"https:\/\/projetoestimulo.ct.utfpr.edu.br\/?page_id=464\">Palestras<\/a><\/div>\n<\/div>\n","protected":false},"excerpt":{"rendered":"<p>Nosso Projeto tamb\u00e9m realiza e participa de eventos que visam \u00e0 conscientiza\u00e7\u00e3o acerca da doen\u00e7a de Parkinson! Estes foram os eventos realizados pelo Projeto Est\u00edmulo at\u00e9 o momento:<\/p>\n","protected":false},"author":8,"featured_media":0,"parent":0,"menu_order":0,"comment_status":"closed","ping_status":"closed","template":"","meta":{"footnotes":""},"class_list":["post-525","page","type-page","status-publish","hentry","clearfix"],"_links":{"self":[{"href":"https:\/\/utfpr.curitiba.br\/projetoestimulo\/index.php?rest_route=\/wp\/v2\/pages\/525","targetHints":{"allow":["GET"]}}],"collection":[{"href":"https:\/\/utfpr.curitiba.br\/projetoestimulo\/index.php?rest_route=\/wp\/v2\/pages"}],"about":[{"href":"https:\/\/utfpr.curitiba.br\/projetoestimulo\/index.php?rest_route=\/wp\/v2\/types\/page"}],"author":[{"embeddable":true,"href":"https:\/\/utfpr.curitiba.br\/projetoestimulo\/index.php?rest_route=\/wp\/v2\/users\/8"}],"replies":[{"embeddable":true,"href":"https:\/\/utfpr.curitiba.br\/projetoestimulo\/index.php?rest_route=%2Fwp%2Fv2%2Fcomments&post=525"}],"version-history":[{"count":3,"href":"https:\/\/utfpr.curitiba.br\/projetoestimulo\/index.php?rest_route=\/wp\/v2\/pages\/525\/revisions"}],"predecessor-version":[{"id":531,"href":"https:\/\/utfpr.curitiba.br\/projetoestimulo\/index.php?rest_route=\/wp\/v2\/pages\/525\/revisions\/531"}],"wp:attachment":[{"href":"https:\/\/utfpr.curitiba.br\/projetoestimulo\/index.php?rest_route=%2Fwp%2Fv2%2Fmedia&parent=525"}],"curies":[{"name":"wp","href":"https:\/\/api.w.org\/{rel}","templated":true}]}}

<p>Nosso Projeto também realiza e participa de eventos que visam à conscientização acerca da doença de Parkinson!</p>



<p>Estes foram os eventos realizados pelo Projeto Estímulo até o momento:</p>



<div class="wp-block-buttons is-layout-flex wp-block-buttons-is-layout-flex">
<div class="wp-block-button is-style-outline is-style-outline--1"><a class="wp-block-button__link" href="https://projetoestimulo.ct.utfpr.edu.br/?page_id=450">Workshop Estímulo e Movimento</a></div>



<div class="wp-block-button is-style-outline is-style-outline--2"><a class="wp-block-button__link" href="https://projetoestimulo.ct.utfpr.edu.br/?page_id=431">Exposição Empatia</a></div>



<div class="wp-block-button is-style-outline is-style-outline--3"><a class="wp-block-button__link" href="https://projetoestimulo.ct.utfpr.edu.br/?page_id=431">Estímulo e Arte</a></div>



<div class="wp-block-button is-style-outline is-style-outline--4"><a class="wp-block-button__link" href="https://projetoestimulo.ct.utfpr.edu.br/?page_id=464">Palestras</a></div>
</div>

<p>Nosso Projeto também realiza e participa de eventos que visam à conscientização acerca da doença de Parkinson! Estes foram os eventos realizados pelo Projeto Estímulo até o momento:</p>
