{"id":464,"date":"2022-04-27T18:13:45","date_gmt":"2022-04-27T21:13:45","guid":{"rendered":"https:\/\/projetoestimulo.ct.utfpr.edu.br\/?page_id=464"},"modified":"2022-05-20T10:39:07","modified_gmt":"2022-05-20T13:39:07","slug":"palestras","status":"publish","type":"page","link":"https:\/\/utfpr.curitiba.br\/projetoestimulo\/?page_id=464","title":{"rendered":"Palestras"},"content":{"rendered":"\n<p>Nosso projeto tamb\u00e9m realiza palestras informativas e educativas acerca da Doen\u00e7a de Parkinson, que podem ser ministradas em associa\u00e7\u00f5es, universidades e outras institui\u00e7\u00f5es de interesse. <\/p>\n\n\n\n<p>Voc\u00ea pode conhecer mais sobre as palestras que j\u00e1 foram realizadas clicando abaixo:<\/p>\n\n\n\n<div class=\"wp-block-buttons is-layout-flex wp-block-buttons-is-layout-flex\">\n<div class=\"wp-block-button is-style-outline is-style-outline--1\"><a class=\"wp-block-button__link\" href=\"https:\/\/projetoestimulo.ct.utfpr.edu.br\/?page_id=468\">A Doen\u00e7a de Parkinson e a Atua\u00e7\u00e3o dos Profissionais da Sa\u00fade<\/a><\/div>\n<\/div>\n\n\n\n<p><\/p>\n","protected":false},"excerpt":{"rendered":"<p>Nosso projeto tamb\u00e9m realiza palestras informativas e educativas acerca da Doen\u00e7a de Parkinson, que podem ser ministradas em associa\u00e7\u00f5es, universidades e outras institui\u00e7\u00f5es de interesse. Voc\u00ea pode conhecer mais sobre as palestras que j\u00e1 foram realizadas clicando abaixo:<\/p>\n","protected":false},"author":8,"featured_media":0,"parent":0,"menu_order":0,"comment_status":"closed","ping_status":"closed","template":"","meta":{"footnotes":""},"class_list":["post-464","page","type-page","status-publish","hentry","clearfix"],"_links":{"self":[{"href":"https:\/\/utfpr.curitiba.br\/projetoestimulo\/index.php?rest_route=\/wp\/v2\/pages\/464","targetHints":{"allow":["GET"]}}],"collection":[{"href":"https:\/\/utfpr.curitiba.br\/projetoestimulo\/index.php?rest_route=\/wp\/v2\/pages"}],"about":[{"href":"https:\/\/utfpr.curitiba.br\/projetoestimulo\/index.php?rest_route=\/wp\/v2\/types\/page"}],"author":[{"embeddable":true,"href":"https:\/\/utfpr.curitiba.br\/projetoestimulo\/index.php?rest_route=\/wp\/v2\/users\/8"}],"replies":[{"embeddable":true,"href":"https:\/\/utfpr.curitiba.br\/projetoestimulo\/index.php?rest_route=%2Fwp%2Fv2%2Fcomments&post=464"}],"version-history":[{"count":3,"href":"https:\/\/utfpr.curitiba.br\/projetoestimulo\/index.php?rest_route=\/wp\/v2\/pages\/464\/revisions"}],"predecessor-version":[{"id":532,"href":"https:\/\/utfpr.curitiba.br\/projetoestimulo\/index.php?rest_route=\/wp\/v2\/pages\/464\/revisions\/532"}],"wp:attachment":[{"href":"https:\/\/utfpr.curitiba.br\/projetoestimulo\/index.php?rest_route=%2Fwp%2Fv2%2Fmedia&parent=464"}],"curies":[{"name":"wp","href":"https:\/\/api.w.org\/{rel}","templated":true}]}}

<p>Nosso projeto também realiza palestras informativas e educativas acerca da Doença de Parkinson, que podem ser ministradas em associações, universidades e outras instituições de interesse. </p>



<p>Você pode conhecer mais sobre as palestras que já foram realizadas clicando abaixo:</p>



<div class="wp-block-buttons is-layout-flex wp-block-buttons-is-layout-flex">
<div class="wp-block-button is-style-outline is-style-outline--1"><a class="wp-block-button__link" href="https://projetoestimulo.ct.utfpr.edu.br/?page_id=468">A Doença de Parkinson e a Atuação dos Profissionais da Saúde</a></div>
</div>



<p></p>

<p>Nosso projeto também realiza palestras informativas e educativas acerca da Doença de Parkinson, que podem ser ministradas em associações, universidades e outras instituições de interesse. Você pode conhecer mais sobre as palestras que já foram realizadas clicando abaixo:</p>
