{"id":431,"date":"2022-04-24T12:59:45","date_gmt":"2022-04-24T15:59:45","guid":{"rendered":"https:\/\/projetoestimulo.ct.utfpr.edu.br\/?page_id=431"},"modified":"2022-04-24T12:59:47","modified_gmt":"2022-04-24T15:59:47","slug":"exposicao-empatia","status":"publish","type":"page","link":"https:\/\/utfpr.curitiba.br\/projetoestimulo\/?page_id=431","title":{"rendered":"Exposi\u00e7\u00e3o Empatia"},"content":{"rendered":"\n<p>Foi realizada <strong>durante Abril, o M\u00eas de Conscientiza\u00e7\u00e3o da Doen\u00e7a de Parkinson, de 2021,<\/strong> visando participar das celebra\u00e7\u00f5es o Projeto Est\u00edmulo em parceria com o N\u00facleo de Fotografia da UTFPR, realizou a<strong> Exposi\u00e7\u00e3o Fotogr\u00e1fica Empatia <\/strong>com\u00a0os objetivos de: <\/p>\n\n\n\n<ul class=\"wp-block-list\"><li>incentivar a atua\u00e7\u00e3o da comunidade e estudantes como volunt\u00e1rios do projeto; <\/li><li>ressaltar a import\u00e2ncia do apoio da fam\u00edlia e amigos no tratamento da doen\u00e7a; <\/li><li>refor\u00e7ar que a informa\u00e7\u00e3o sobre a evolu\u00e7\u00e3o dos sinais e sintomas \u00e9 o melhor caminho para a compreens\u00e3o da doen\u00e7a e evitar o preconceito; <\/li><li>incentivar o paciente a compreender e superar suas limita\u00e7\u00f5es, por meio de adapta\u00e7\u00f5es e ajuda da fam\u00edlia; <\/li><li>mostrar que \u00e9 poss\u00edvel viver e realizar planos, mesmo com a doen\u00e7a.\u00a0<\/li><\/ul>\n\n\n\n<p>As imagens foram captadas aplicando-se os princ\u00edpios de composi\u00e7\u00e3o e enquadramento para propor a materializa\u00e7\u00e3o de sentimentos e a\u00e7\u00f5es positivistas tais como: empatia, apoio, colabora\u00e7\u00e3o, compreens\u00e3o, cuidado e aten\u00e7\u00e3o ao paciente, sensibilidade, paci\u00eancia e respeito, incentivo, entre outras. <\/p>\n\n\n\n<p>Na exposi\u00e7\u00e3o fotogr\u00e1fica conseguiu-se um <strong>alinhamento de valores humanos com a ementa estudantil, gerando conte\u00fado de qualidade e informativo para o projeto enquanto promovia educa\u00e7\u00e3o de qualidade, al\u00e9m de engajamento social<\/strong>. No total, 27 alunos participaram da exposi\u00e7\u00e3o, contabilizando 129 fotografias.<\/p>\n\n\n\n<h2 class=\"wp-block-heading\">&nbsp;Poster Exposi\u00e7\u00e3o Empatia&nbsp;<\/h2>\n\n\n\n<figure class=\"wp-block-image\"><img decoding=\"async\" src=\"https:\/\/lh4.googleusercontent.com\/OE9-y6ClBtK1BruiE600X30V_eJAFRoV4816oJDvHPAW_Nn9c9tEUiGA5Cgtm8bm96d_Ekoz0GbwD1qzeSctz8E0Y6j1xtIyeATS3HfkmDVB3BGSKfu_vkAAZ2HGuTJ3ncXo1WgY\" alt=\"\"\/><figcaption>Fonte: N\u00facleo de Fotografia da UTFPR (2021).<\/figcaption><\/figure>\n\n\n\n<p><\/p>\n","protected":false},"excerpt":{"rendered":"<p>Foi realizada durante Abril, o M\u00eas de Conscientiza\u00e7\u00e3o da Doen\u00e7a de Parkinson, de 2021, visando participar das celebra\u00e7\u00f5es o Projeto Est\u00edmulo em parceria com o N\u00facleo de Fotografia da UTFPR, realizou a Exposi\u00e7\u00e3o Fotogr\u00e1fica Empatia com\u00a0os objetivos de: incentivar a [&hellip;]<\/p>\n","protected":false},"author":8,"featured_media":0,"parent":0,"menu_order":0,"comment_status":"closed","ping_status":"closed","template":"","meta":{"footnotes":""},"class_list":["post-431","page","type-page","status-publish","hentry","clearfix"],"_links":{"self":[{"href":"https:\/\/utfpr.curitiba.br\/projetoestimulo\/index.php?rest_route=\/wp\/v2\/pages\/431","targetHints":{"allow":["GET"]}}],"collection":[{"href":"https:\/\/utfpr.curitiba.br\/projetoestimulo\/index.php?rest_route=\/wp\/v2\/pages"}],"about":[{"href":"https:\/\/utfpr.curitiba.br\/projetoestimulo\/index.php?rest_route=\/wp\/v2\/types\/page"}],"author":[{"embeddable":true,"href":"https:\/\/utfpr.curitiba.br\/projetoestimulo\/index.php?rest_route=\/wp\/v2\/users\/8"}],"replies":[{"embeddable":true,"href":"https:\/\/utfpr.curitiba.br\/projetoestimulo\/index.php?rest_route=%2Fwp%2Fv2%2Fcomments&post=431"}],"version-history":[{"count":1,"href":"https:\/\/utfpr.curitiba.br\/projetoestimulo\/index.php?rest_route=\/wp\/v2\/pages\/431\/revisions"}],"predecessor-version":[{"id":434,"href":"https:\/\/utfpr.curitiba.br\/projetoestimulo\/index.php?rest_route=\/wp\/v2\/pages\/431\/revisions\/434"}],"wp:attachment":[{"href":"https:\/\/utfpr.curitiba.br\/projetoestimulo\/index.php?rest_route=%2Fwp%2Fv2%2Fmedia&parent=431"}],"curies":[{"name":"wp","href":"https:\/\/api.w.org\/{rel}","templated":true}]}}

Exposição Empatia

<p>Foi realizada <strong>durante Abril, o Mês de Conscientização da Doença de Parkinson, de 2021,</strong> visando participar das celebrações o Projeto Estímulo em parceria com o Núcleo de Fotografia da UTFPR, realizou a<strong> Exposição Fotográfica Empatia </strong>com os objetivos de: </p>



<ul class="wp-block-list"><li>incentivar a atuação da comunidade e estudantes como voluntários do projeto; </li><li>ressaltar a importância do apoio da família e amigos no tratamento da doença; </li><li>reforçar que a informação sobre a evolução dos sinais e sintomas é o melhor caminho para a compreensão da doença e evitar o preconceito; </li><li>incentivar o paciente a compreender e superar suas limitações, por meio de adaptações e ajuda da família; </li><li>mostrar que é possível viver e realizar planos, mesmo com a doença. </li></ul>



<p>As imagens foram captadas aplicando-se os princípios de composição e enquadramento para propor a materialização de sentimentos e ações positivistas tais como: empatia, apoio, colaboração, compreensão, cuidado e atenção ao paciente, sensibilidade, paciência e respeito, incentivo, entre outras. </p>



<p>Na exposição fotográfica conseguiu-se um <strong>alinhamento de valores humanos com a ementa estudantil, gerando conteúdo de qualidade e informativo para o projeto enquanto promovia educação de qualidade, além de engajamento social</strong>. No total, 27 alunos participaram da exposição, contabilizando 129 fotografias.</p>



<h2 class="wp-block-heading">&nbsp;Poster Exposição Empatia&nbsp;</h2>



<figure class="wp-block-image"><img decoding="async" src="https://lh4.googleusercontent.com/OE9-y6ClBtK1BruiE600X30V_eJAFRoV4816oJDvHPAW_Nn9c9tEUiGA5Cgtm8bm96d_Ekoz0GbwD1qzeSctz8E0Y6j1xtIyeATS3HfkmDVB3BGSKfu_vkAAZ2HGuTJ3ncXo1WgY" alt=""/><figcaption>Fonte: Núcleo de Fotografia da UTFPR (2021).</figcaption></figure>



<p></p>

<p>Foi realizada durante Abril, o Mês de Conscientização da Doença de Parkinson, de 2021, visando participar das celebrações o Projeto Estímulo em parceria com o Núcleo de Fotografia da UTFPR, realizou a Exposição Fotográfica Empatia com os objetivos de: incentivar a [&hellip;]</p>
