{"id":363,"date":"2022-04-23T14:27:24","date_gmt":"2022-04-23T17:27:24","guid":{"rendered":"https:\/\/projetoestimulo.ct.utfpr.edu.br\/?page_id=363"},"modified":"2022-04-24T18:56:22","modified_gmt":"2022-04-24T21:56:22","slug":"falando-para-o-mundo","status":"publish","type":"page","link":"https:\/\/utfpr.curitiba.br\/projetoestimulo\/?page_id=363","title":{"rendered":"Falando para o Mundo"},"content":{"rendered":"\n<p>O Falando Para o Mundo \u00e9 um t\u00f3pico do Projeto Est\u00edmulo respons\u00e1vel pelo compartilhamento de informa\u00e7\u00f5es e experi\u00eancias sobre o Parkinson, a partir de entrevistas realizadas com profissionais de sa\u00fade e cuidadores. Nele podemos desfrutar de uma entrevista por m\u00eas, somando um total de doze entrevistas ao ano dispon\u00edveis para leitura.<\/p>\n\n\n\n<p>No projeto, n\u00f3s realizamos entrevistas com diversas pessoas envolvidas com a Doen\u00e7a de Parkinson: pacientes, cuidadores, profissionais da sa\u00fade, advogados especialistas, colaboradores da Associa\u00e7\u00e3o Parkinson Paran\u00e1, membros do Projeto Est\u00edmulo, entre outros. Al\u00e9m de informar sobre a doen\u00e7a, o objetivo deste projeto \u00e9 que as pessoas possam compartilhar e conhecer experi\u00eancias, sentir que n\u00e3o est\u00e3o sozinhas. <\/p>\n\n\n\n<p><strong>Entrevista Aricl\u00ea &#8211;<\/strong> Artista Pl\u00e1stica, Arteterapeuta, Contadora de Hist\u00f3ria, Esp. Neuropsicologia, Docente de P\u00f3s Gradua\u00e7\u00e3o, Arteterapeuta da Associa\u00e7\u00e3o Parkinson Paran\u00e1.<\/p>\n\n\n\n<blockquote class=\"wp-block-quote is-layout-flow wp-block-quote-is-layout-flow\"><p><em>\u201cO paciente que cria na arte, cria na vida, o desenvolvimento da criatividade leva a autorrealiza\u00e7\u00e3o.\u201d<\/em><\/p><\/blockquote>\n\n\n\n<p><strong>Entrevista Helena &#8211;<\/strong> Criadora do programa \u201cCuide-se\u201d, destinado aos cuidadores de pacientes com Parkinson.<\/p>\n\n\n\n<blockquote class=\"wp-block-quote is-layout-flow wp-block-quote-is-layout-flow\"><p><em>\u201cDiria para os cuidadores e para os doentes da DP que procurem uma nova perspectiva, que ressignifiquem a sua rela\u00e7\u00e3o e o medo que ambos sentem da doen\u00e7a.\u201d<\/em><\/p><\/blockquote>\n\n\n\n<p><strong>Entrevista Dra Mariana &#8211;<\/strong> Especialista em Neurologia; membro titular da Academia Brasileira de Neurologia; especialista em dist\u00farbios do movimento pela Universidade da Fl\u00f3rida &#8211; USA e Doutorado (PhD) na Universidade Federal do Paran\u00e1.<\/p>\n\n\n\n<blockquote class=\"wp-block-quote is-layout-flow wp-block-quote-is-layout-flow\"><p><em>\u201cHoje em dia, existem diversas terapias e tratamentos, podendo-se viver uma vida normal e com uma boa qualidade quando a doen\u00e7a \u00e9 tratada adequadamente. Existem muitos estudos que ocorrem no mundo todo com diversas novas medica\u00e7\u00f5es, ent\u00e3o sempre vamos ter algo novo a oferecer para ele.\u201d<\/em><\/p><\/blockquote>\n\n\n\n<p><strong>Entrevista Edileusa &#8211;<\/strong> Funcion\u00e1ria estadual, formada em educa\u00e7\u00e3o f\u00edsica e ex-atleta. Edileusa trabalhou na \u00e1rea da educa\u00e7\u00e3o nos col\u00e9gios estaduais por oito anos e trabalhou por 13 anos na APAE Paranagu\u00e1. Continua ligada \u00e0s escolas com o projeto dan\u00e7a Afro MACULEL\u00ca, agora como volunt\u00e1ria. Inquieta, ap\u00f3s o diagn\u00f3stico com a doen\u00e7a de Parkinson, busca novos projetos para se aventurar.&nbsp;<\/p>\n\n\n\n<blockquote class=\"wp-block-quote is-layout-flow wp-block-quote-is-layout-flow\"><p><em>\u201cPara conviver com essa doen\u00e7a \u00e9 preciso ter f\u00e9 em Deus, for\u00e7a de vontade, muita, muita garra mesmo, humor, autoestima e determina\u00e7\u00e3o e essas coisas n\u00e3o me faltam, cada dia \u00e9 \u00fanico, cada aprendizado \u00e9 necess\u00e1rio e por isso fa\u00e7o o que posso para ter uma boa qualidade de vida apesar do Parkinson.\u201d<\/em><\/p><\/blockquote>\n\n\n\n<p><strong>Entrevista Everton <\/strong>&#8211; Assistente social, 31 anos, filho de uma paciente diagnosticada com Parkinson.<\/p>\n\n\n\n<blockquote class=\"wp-block-quote is-layout-flow wp-block-quote-is-layout-flow\"><p><em>\u201cPenso que o diagn\u00f3stico de Parkinson em algu\u00e9m amado nos obriga a parar para refletir sobre o sentido da capacidade e impot\u00eancia em nossas vidas, come\u00e7amos a medir nossa limitada capacidade de proporcionar ajuda e conforto a algu\u00e9m que assiste sua capacidade de a\u00e7\u00e3o e de escolha diminuindo a cada dia.\u201d<\/em><\/p><\/blockquote>\n\n\n\n<p><strong>Entrevista Gilmar &#8211;<\/strong> Engenheiro, Psic\u00f3logo, Arteterapeuta, Esp. Psicologia Junguiana e Neuropsicologia. Atualmente trabalha com Arteterapia na Associa\u00e7\u00e3o Parkinson Paran\u00e1 e \u00e9 volunt\u00e1rio na Igreja Guadalupe.<\/p>\n\n\n\n<blockquote class=\"wp-block-quote is-layout-flow wp-block-quote-is-layout-flow\"><p><em>\u201cA Arteterapia tamb\u00e9m \u00e9 entendida como uma t\u00e9cnica que une a arte e a psicologia, capaz de trazer \u00e0 consci\u00eancia conte\u00fados reprimidos no inconsciente para serem trabalhados.\u201d<\/em><\/p><\/blockquote>\n\n\n\n<p><strong>Entrevista Jihad <\/strong>&#8211; Fisioterapeuta da Associa\u00e7\u00e3o Paranaense dos Portadores de Parkinsonismo, em Curitiba, no Paran\u00e1.<\/p>\n\n\n\n<blockquote class=\"wp-block-quote is-layout-flow wp-block-quote-is-layout-flow\"><p><em>\u201c\u00c9 muito importante destacar que o Parkinson se manifesta de uma forma distinta em cada indiv\u00edduo. Qualquer tipo de atividade f\u00edsica ou esporte sempre traz benef\u00edcios para o paciente, desde que ele consiga realiz\u00e1-las de forma satisfat\u00f3ria e sempre bem orientado.\u201d<\/em><\/p><\/blockquote>\n\n\n\n<p><strong>Entrevista Jorge &#8211;<\/strong> Volunt\u00e1rio do Projeto Est\u00edmulo, neto de um paciente que viveu o Parkinson.<\/p>\n\n\n\n<blockquote class=\"wp-block-quote is-layout-flow wp-block-quote-is-layout-flow\"><p><em>\u201c\u00c9 psicologicamente muito dif\u00edcil para ambos, mas manter a cabe\u00e7a no lugar, para conseguir lidar com as adversidades que vir\u00e3o, \u00e9 muito importante.\u201d<\/em><\/p><\/blockquote>\n\n\n\n<p><strong>Entrevista Edna &#8211;<\/strong> Fonoaudi\u00f3loga (UNIUBE), especialista em fonoaudiologia hospitalar (PUC-PR), mestre em dist\u00farbios da comunica\u00e7\u00e3o (Tuiuti-PR) e doutora em medicina interna &#8211; neurologia (UFPR).<\/p>\n\n\n\n<blockquote class=\"wp-block-quote is-layout-flow wp-block-quote-is-layout-flow\"><p><em>\u201cO profissional fonoaudi\u00f3logo precisa ter um olhar al\u00e9m da patologia apresentada pelo paciente. Ele precisa ver o paciente com empatia, entendendo as grandes mudan\u00e7as que lhe ser\u00e3o acarretados a partir do momento que iniciou seus primeiros sintomas que paralisar\u00e1 sua vida e destruir\u00e1 seus sonhos e o mesmo perder\u00e1 a f\u00e9 de que tem capacidade de readapta\u00e7\u00e3o no mundo.\u201d<\/em><\/p><\/blockquote>\n\n\n\n<p><strong>Entrevista Katia <\/strong>\u2013 Formada em enfermagem pela PUC-PR, atuou na \u00e1rea de Oncologia por 6 anos, onde tamb\u00e9m fez Resid\u00eancia. Mestrado e doutorado em Engenharia Biom\u00e9dica na UTFPR, atualmente trabalha como professora UTFPR-DAFIS, no Curso de Tecnologia em Radiologia e coordena o Projeto Est\u00edmulo.<\/p>\n\n\n\n<blockquote class=\"wp-block-quote is-layout-flow wp-block-quote-is-layout-flow\"><p><em>\u201cN\u00e3o devemos olhar para o paciente de Parkinson com piedade ou d\u00f3, pr\u00e9-julgando a sua condi\u00e7\u00e3o, mas sim compreender que, mesmo com as suas limita\u00e7\u00f5es, o paciente tem plena independ\u00eancia para viver a sua vida.\u201d<\/em><\/p><\/blockquote>\n\n\n\n<figure class=\"wp-block-pullquote\"><blockquote><p>Voc\u00ea tem algo a compartilhar? Manda uma mensagem para a gente, vamos ficar felizes em conversar com voc\u00ea!<\/p><\/blockquote><\/figure>\n","protected":false},"excerpt":{"rendered":"<p>O Falando Para o Mundo \u00e9 um t\u00f3pico do Projeto Est\u00edmulo respons\u00e1vel pelo compartilhamento de informa\u00e7\u00f5es e experi\u00eancias sobre o Parkinson, a partir de entrevistas realizadas com profissionais de sa\u00fade e cuidadores. Nele podemos desfrutar de uma entrevista por m\u00eas, [&hellip;]<\/p>\n","protected":false},"author":8,"featured_media":0,"parent":0,"menu_order":0,"comment_status":"closed","ping_status":"closed","template":"","meta":{"footnotes":""},"class_list":["post-363","page","type-page","status-publish","hentry","clearfix"],"_links":{"self":[{"href":"https:\/\/utfpr.curitiba.br\/projetoestimulo\/index.php?rest_route=\/wp\/v2\/pages\/363","targetHints":{"allow":["GET"]}}],"collection":[{"href":"https:\/\/utfpr.curitiba.br\/projetoestimulo\/index.php?rest_route=\/wp\/v2\/pages"}],"about":[{"href":"https:\/\/utfpr.curitiba.br\/projetoestimulo\/index.php?rest_route=\/wp\/v2\/types\/page"}],"author":[{"embeddable":true,"href":"https:\/\/utfpr.curitiba.br\/projetoestimulo\/index.php?rest_route=\/wp\/v2\/users\/8"}],"replies":[{"embeddable":true,"href":"https:\/\/utfpr.curitiba.br\/projetoestimulo\/index.php?rest_route=%2Fwp%2Fv2%2Fcomments&post=363"}],"version-history":[{"count":4,"href":"https:\/\/utfpr.curitiba.br\/projetoestimulo\/index.php?rest_route=\/wp\/v2\/pages\/363\/revisions"}],"predecessor-version":[{"id":463,"href":"https:\/\/utfpr.curitiba.br\/projetoestimulo\/index.php?rest_route=\/wp\/v2\/pages\/363\/revisions\/463"}],"wp:attachment":[{"href":"https:\/\/utfpr.curitiba.br\/projetoestimulo\/index.php?rest_route=%2Fwp%2Fv2%2Fmedia&parent=363"}],"curies":[{"name":"wp","href":"https:\/\/api.w.org\/{rel}","templated":true}]}}

<p>O Falando Para o Mundo é um tópico do Projeto Estímulo responsável pelo compartilhamento de informações e experiências sobre o Parkinson, a partir de entrevistas realizadas com profissionais de saúde e cuidadores. Nele podemos desfrutar de uma entrevista por mês, somando um total de doze entrevistas ao ano disponíveis para leitura.</p>



<p>No projeto, nós realizamos entrevistas com diversas pessoas envolvidas com a Doença de Parkinson: pacientes, cuidadores, profissionais da saúde, advogados especialistas, colaboradores da Associação Parkinson Paraná, membros do Projeto Estímulo, entre outros. Além de informar sobre a doença, o objetivo deste projeto é que as pessoas possam compartilhar e conhecer experiências, sentir que não estão sozinhas. </p>



<p><strong>Entrevista Ariclê &#8211;</strong> Artista Plástica, Arteterapeuta, Contadora de História, Esp. Neuropsicologia, Docente de Pós Graduação, Arteterapeuta da Associação Parkinson Paraná.</p>



<blockquote class="wp-block-quote is-layout-flow wp-block-quote-is-layout-flow"><p><em>“O paciente que cria na arte, cria na vida, o desenvolvimento da criatividade leva a autorrealização.”</em></p></blockquote>



<p><strong>Entrevista Helena &#8211;</strong> Criadora do programa “Cuide-se”, destinado aos cuidadores de pacientes com Parkinson.</p>



<blockquote class="wp-block-quote is-layout-flow wp-block-quote-is-layout-flow"><p><em>“Diria para os cuidadores e para os doentes da DP que procurem uma nova perspectiva, que ressignifiquem a sua relação e o medo que ambos sentem da doença.”</em></p></blockquote>



<p><strong>Entrevista Dra Mariana &#8211;</strong> Especialista em Neurologia; membro titular da Academia Brasileira de Neurologia; especialista em distúrbios do movimento pela Universidade da Flórida &#8211; USA e Doutorado (PhD) na Universidade Federal do Paraná.</p>



<blockquote class="wp-block-quote is-layout-flow wp-block-quote-is-layout-flow"><p><em>“Hoje em dia, existem diversas terapias e tratamentos, podendo-se viver uma vida normal e com uma boa qualidade quando a doença é tratada adequadamente. Existem muitos estudos que ocorrem no mundo todo com diversas novas medicações, então sempre vamos ter algo novo a oferecer para ele.”</em></p></blockquote>



<p><strong>Entrevista Edileusa &#8211;</strong> Funcionária estadual, formada em educação física e ex-atleta. Edileusa trabalhou na área da educação nos colégios estaduais por oito anos e trabalhou por 13 anos na APAE Paranaguá. Continua ligada às escolas com o projeto dança Afro MACULELÊ, agora como voluntária. Inquieta, após o diagnóstico com a doença de Parkinson, busca novos projetos para se aventurar.&nbsp;</p>



<blockquote class="wp-block-quote is-layout-flow wp-block-quote-is-layout-flow"><p><em>“Para conviver com essa doença é preciso ter fé em Deus, força de vontade, muita, muita garra mesmo, humor, autoestima e determinação e essas coisas não me faltam, cada dia é único, cada aprendizado é necessário e por isso faço o que posso para ter uma boa qualidade de vida apesar do Parkinson.”</em></p></blockquote>



<p><strong>Entrevista Everton </strong>&#8211; Assistente social, 31 anos, filho de uma paciente diagnosticada com Parkinson.</p>



<blockquote class="wp-block-quote is-layout-flow wp-block-quote-is-layout-flow"><p><em>“Penso que o diagnóstico de Parkinson em alguém amado nos obriga a parar para refletir sobre o sentido da capacidade e impotência em nossas vidas, começamos a medir nossa limitada capacidade de proporcionar ajuda e conforto a alguém que assiste sua capacidade de ação e de escolha diminuindo a cada dia.”</em></p></blockquote>



<p><strong>Entrevista Gilmar &#8211;</strong> Engenheiro, Psicólogo, Arteterapeuta, Esp. Psicologia Junguiana e Neuropsicologia. Atualmente trabalha com Arteterapia na Associação Parkinson Paraná e é voluntário na Igreja Guadalupe.</p>



<blockquote class="wp-block-quote is-layout-flow wp-block-quote-is-layout-flow"><p><em>“A Arteterapia também é entendida como uma técnica que une a arte e a psicologia, capaz de trazer à consciência conteúdos reprimidos no inconsciente para serem trabalhados.”</em></p></blockquote>



<p><strong>Entrevista Jihad </strong>&#8211; Fisioterapeuta da Associação Paranaense dos Portadores de Parkinsonismo, em Curitiba, no Paraná.</p>



<blockquote class="wp-block-quote is-layout-flow wp-block-quote-is-layout-flow"><p><em>“É muito importante destacar que o Parkinson se manifesta de uma forma distinta em cada indivíduo. Qualquer tipo de atividade física ou esporte sempre traz benefícios para o paciente, desde que ele consiga realizá-las de forma satisfatória e sempre bem orientado.”</em></p></blockquote>



<p><strong>Entrevista Jorge &#8211;</strong> Voluntário do Projeto Estímulo, neto de um paciente que viveu o Parkinson.</p>



<blockquote class="wp-block-quote is-layout-flow wp-block-quote-is-layout-flow"><p><em>“É psicologicamente muito difícil para ambos, mas manter a cabeça no lugar, para conseguir lidar com as adversidades que virão, é muito importante.”</em></p></blockquote>



<p><strong>Entrevista Edna &#8211;</strong> Fonoaudióloga (UNIUBE), especialista em fonoaudiologia hospitalar (PUC-PR), mestre em distúrbios da comunicação (Tuiuti-PR) e doutora em medicina interna &#8211; neurologia (UFPR).</p>



<blockquote class="wp-block-quote is-layout-flow wp-block-quote-is-layout-flow"><p><em>“O profissional fonoaudiólogo precisa ter um olhar além da patologia apresentada pelo paciente. Ele precisa ver o paciente com empatia, entendendo as grandes mudanças que lhe serão acarretados a partir do momento que iniciou seus primeiros sintomas que paralisará sua vida e destruirá seus sonhos e o mesmo perderá a fé de que tem capacidade de readaptação no mundo.”</em></p></blockquote>



<p><strong>Entrevista Katia </strong>– Formada em enfermagem pela PUC-PR, atuou na área de Oncologia por 6 anos, onde também fez Residência. Mestrado e doutorado em Engenharia Biomédica na UTFPR, atualmente trabalha como professora UTFPR-DAFIS, no Curso de Tecnologia em Radiologia e coordena o Projeto Estímulo.</p>



<blockquote class="wp-block-quote is-layout-flow wp-block-quote-is-layout-flow"><p><em>“Não devemos olhar para o paciente de Parkinson com piedade ou dó, pré-julgando a sua condição, mas sim compreender que, mesmo com as suas limitações, o paciente tem plena independência para viver a sua vida.”</em></p></blockquote>



<figure class="wp-block-pullquote"><blockquote><p>Você tem algo a compartilhar? Manda uma mensagem para a gente, vamos ficar felizes em conversar com você!</p></blockquote></figure>

<p>O Falando Para o Mundo é um tópico do Projeto Estímulo responsável pelo compartilhamento de informações e experiências sobre o Parkinson, a partir de entrevistas realizadas com profissionais de saúde e cuidadores. Nele podemos desfrutar de uma entrevista por mês, [&hellip;]</p>
