{"id":356,"date":"2022-04-23T14:19:41","date_gmt":"2022-04-23T17:19:41","guid":{"rendered":"https:\/\/projetoestimulo.ct.utfpr.edu.br\/?page_id=356"},"modified":"2022-04-24T12:24:14","modified_gmt":"2022-04-24T15:24:14","slug":"quarta-musical","status":"publish","type":"page","link":"https:\/\/utfpr.curitiba.br\/projetoestimulo\/?page_id=356","title":{"rendered":"Quarta Musical"},"content":{"rendered":"\n<p>A Quarta Musical, como o pr\u00f3prio nome j\u00e1 diz, trata-se de <strong>postagens sempre relacionadas a \u00e1rea musica<\/strong>l, as quais s\u00e3o feitas a cada quinze dias (quarta-feira sim, quarta-feira n\u00e3o).<\/p>\n\n\n\n<blockquote class=\"wp-block-quote is-layout-flow wp-block-quote-is-layout-flow\"><p><em>Nem sempre esses posts precisam estar relacionados ao Parkinson, tamb\u00e9m podem estar relacionadas \u00e0s pessoas com defici\u00eancia, desabilidades ou fragilidade social, visto que a m\u00fasica traz muitos benef\u00edcios para a mente e o corpo.<\/em><\/p><\/blockquote>\n\n\n\n<p>A cada quinzena, a Quarta Musical <strong>fala de um assunto diferente ligado \u00e0 \u00e1rea da m\u00fasica<\/strong>, podendo ser uma indica\u00e7\u00e3o de uma can\u00e7\u00e3o, curiosidades sobre algum instrumento musical, biografia de algum artista, entre muitos outros temas.<\/p>\n\n\n\n<p>Para conferir os <strong>v\u00eddeos da Quarta Musical<\/strong> que foram postados no Youtube, clique <a href=\"https:\/\/www.youtube.com\/playlist?list=PLd2irvuHuRaQCBg5me8dmTljietFpa60_\">aqui<\/a>!<\/p>\n","protected":false},"excerpt":{"rendered":"<p>A Quarta Musical, como o pr\u00f3prio nome j\u00e1 diz, trata-se de postagens sempre relacionadas a \u00e1rea musical, as quais s\u00e3o feitas a cada quinze dias (quarta-feira sim, quarta-feira n\u00e3o). Nem sempre esses posts precisam estar relacionados ao Parkinson, tamb\u00e9m podem [&hellip;]<\/p>\n","protected":false},"author":8,"featured_media":0,"parent":0,"menu_order":0,"comment_status":"closed","ping_status":"closed","template":"","meta":{"footnotes":""},"class_list":["post-356","page","type-page","status-publish","hentry","clearfix"],"_links":{"self":[{"href":"https:\/\/utfpr.curitiba.br\/projetoestimulo\/index.php?rest_route=\/wp\/v2\/pages\/356","targetHints":{"allow":["GET"]}}],"collection":[{"href":"https:\/\/utfpr.curitiba.br\/projetoestimulo\/index.php?rest_route=\/wp\/v2\/pages"}],"about":[{"href":"https:\/\/utfpr.curitiba.br\/projetoestimulo\/index.php?rest_route=\/wp\/v2\/types\/page"}],"author":[{"embeddable":true,"href":"https:\/\/utfpr.curitiba.br\/projetoestimulo\/index.php?rest_route=\/wp\/v2\/users\/8"}],"replies":[{"embeddable":true,"href":"https:\/\/utfpr.curitiba.br\/projetoestimulo\/index.php?rest_route=%2Fwp%2Fv2%2Fcomments&post=356"}],"version-history":[{"count":3,"href":"https:\/\/utfpr.curitiba.br\/projetoestimulo\/index.php?rest_route=\/wp\/v2\/pages\/356\/revisions"}],"predecessor-version":[{"id":410,"href":"https:\/\/utfpr.curitiba.br\/projetoestimulo\/index.php?rest_route=\/wp\/v2\/pages\/356\/revisions\/410"}],"wp:attachment":[{"href":"https:\/\/utfpr.curitiba.br\/projetoestimulo\/index.php?rest_route=%2Fwp%2Fv2%2Fmedia&parent=356"}],"curies":[{"name":"wp","href":"https:\/\/api.w.org\/{rel}","templated":true}]}}

<p>A Quarta Musical, como o próprio nome já diz, trata-se de <strong>postagens sempre relacionadas a área musica</strong>l, as quais são feitas a cada quinze dias (quarta-feira sim, quarta-feira não).</p>



<blockquote class="wp-block-quote is-layout-flow wp-block-quote-is-layout-flow"><p><em>Nem sempre esses posts precisam estar relacionados ao Parkinson, também podem estar relacionadas às pessoas com deficiência, desabilidades ou fragilidade social, visto que a música traz muitos benefícios para a mente e o corpo.</em></p></blockquote>



<p>A cada quinzena, a Quarta Musical <strong>fala de um assunto diferente ligado à área da música</strong>, podendo ser uma indicação de uma canção, curiosidades sobre algum instrumento musical, biografia de algum artista, entre muitos outros temas.</p>



<p>Para conferir os <strong>vídeos da Quarta Musical</strong> que foram postados no Youtube, clique <a href="https://www.youtube.com/playlist?list=PLd2irvuHuRaQCBg5me8dmTljietFpa60_">aqui</a>!</p>

<p>A Quarta Musical, como o próprio nome já diz, trata-se de postagens sempre relacionadas a área musical, as quais são feitas a cada quinze dias (quarta-feira sim, quarta-feira não). Nem sempre esses posts precisam estar relacionados ao Parkinson, também podem [&hellip;]</p>
