{"id":352,"date":"2022-04-23T14:18:53","date_gmt":"2022-04-23T17:18:53","guid":{"rendered":"https:\/\/projetoestimulo.ct.utfpr.edu.br\/?page_id=352"},"modified":"2022-04-24T12:23:15","modified_gmt":"2022-04-24T15:23:15","slug":"cha-das-cinco","status":"publish","type":"page","link":"https:\/\/utfpr.curitiba.br\/projetoestimulo\/?page_id=352","title":{"rendered":"Ch\u00e1 das Cinco"},"content":{"rendered":"\n<p>O Ch\u00e1 das Cinco, que ocorre no nosso canal do YouTube, consiste em uma<strong> live que acontece pelo menos uma vez no m\u00eas<\/strong> e recebe diversos convidados, para tratarem de assuntos e temas relacionados \u00e0 Doen\u00e7a de Parkinson (DP). Entre esses convidados est\u00e3o: profissionais da \u00e1rea da sa\u00fade e educa\u00e7\u00e3o, portadores da Doen\u00e7a de Parkinson e familiares que convivem com pessoas que possuem a doen\u00e7a.<\/p>\n\n\n\n<p>Voc\u00ea pode acessar nossa <strong>playlist do YouTube com todas as lives que j\u00e1 foram realizadas <\/strong>clicando <a href=\"https:\/\/www.youtube.com\/playlist?list=PLd2irvuHuRaTSx2jrBFuIEevH4h_cNyFK\">aqui.<\/a><\/p>\n","protected":false},"excerpt":{"rendered":"<p>O Ch\u00e1 das Cinco, que ocorre no nosso canal do YouTube, consiste em uma live que acontece pelo menos uma vez no m\u00eas e recebe diversos convidados, para tratarem de assuntos e temas relacionados \u00e0 Doen\u00e7a de Parkinson (DP). Entre [&hellip;]<\/p>\n","protected":false},"author":8,"featured_media":0,"parent":0,"menu_order":0,"comment_status":"closed","ping_status":"closed","template":"","meta":{"footnotes":""},"class_list":["post-352","page","type-page","status-publish","hentry","clearfix"],"_links":{"self":[{"href":"https:\/\/utfpr.curitiba.br\/projetoestimulo\/index.php?rest_route=\/wp\/v2\/pages\/352","targetHints":{"allow":["GET"]}}],"collection":[{"href":"https:\/\/utfpr.curitiba.br\/projetoestimulo\/index.php?rest_route=\/wp\/v2\/pages"}],"about":[{"href":"https:\/\/utfpr.curitiba.br\/projetoestimulo\/index.php?rest_route=\/wp\/v2\/types\/page"}],"author":[{"embeddable":true,"href":"https:\/\/utfpr.curitiba.br\/projetoestimulo\/index.php?rest_route=\/wp\/v2\/users\/8"}],"replies":[{"embeddable":true,"href":"https:\/\/utfpr.curitiba.br\/projetoestimulo\/index.php?rest_route=%2Fwp%2Fv2%2Fcomments&post=352"}],"version-history":[{"count":3,"href":"https:\/\/utfpr.curitiba.br\/projetoestimulo\/index.php?rest_route=\/wp\/v2\/pages\/352\/revisions"}],"predecessor-version":[{"id":409,"href":"https:\/\/utfpr.curitiba.br\/projetoestimulo\/index.php?rest_route=\/wp\/v2\/pages\/352\/revisions\/409"}],"wp:attachment":[{"href":"https:\/\/utfpr.curitiba.br\/projetoestimulo\/index.php?rest_route=%2Fwp%2Fv2%2Fmedia&parent=352"}],"curies":[{"name":"wp","href":"https:\/\/api.w.org\/{rel}","templated":true}]}}

Chá das Cinco

<p>O Chá das Cinco, que ocorre no nosso canal do YouTube, consiste em uma<strong> live que acontece pelo menos uma vez no mês</strong> e recebe diversos convidados, para tratarem de assuntos e temas relacionados à Doença de Parkinson (DP). Entre esses convidados estão: profissionais da área da saúde e educação, portadores da Doença de Parkinson e familiares que convivem com pessoas que possuem a doença.</p>



<p>Você pode acessar nossa <strong>playlist do YouTube com todas as lives que já foram realizadas </strong>clicando <a href="https://www.youtube.com/playlist?list=PLd2irvuHuRaTSx2jrBFuIEevH4h_cNyFK">aqui.</a></p>

<p>O Chá das Cinco, que ocorre no nosso canal do YouTube, consiste em uma live que acontece pelo menos uma vez no mês e recebe diversos convidados, para tratarem de assuntos e temas relacionados à Doença de Parkinson (DP). Entre [&hellip;]</p>
