{"id":1283,"date":"2023-09-11T09:33:29","date_gmt":"2023-09-11T12:33:29","guid":{"rendered":"https:\/\/utfpr.curitiba.br\/projetoestimulo\/?page_id=1283"},"modified":"2023-09-11T09:42:21","modified_gmt":"2023-09-11T12:42:21","slug":"outubro-rosa-saude-da-mulher","status":"publish","type":"page","link":"https:\/\/utfpr.curitiba.br\/projetoestimulo\/?page_id=1283","title":{"rendered":"Outubro Rosa: Sa\u00fade da Mulher"},"content":{"rendered":"\t\t<div data-elementor-type=\"wp-page\" data-elementor-id=\"1283\" class=\"elementor elementor-1283\">\n\t\t\t\t\t\t<section class=\"elementor-section elementor-top-section elementor-element elementor-element-d4b8253 elementor-section-boxed elementor-section-height-default elementor-section-height-default\" data-id=\"d4b8253\" data-element_type=\"section\" data-e-type=\"section\">\n\t\t\t\t\t\t<div class=\"elementor-container elementor-column-gap-default\">\n\t\t\t\t\t<div class=\"elementor-column elementor-col-100 elementor-top-column elementor-element elementor-element-1166408\" data-id=\"1166408\" data-element_type=\"column\" data-e-type=\"column\">\n\t\t\t<div class=\"elementor-widget-wrap elementor-element-populated\">\n\t\t\t\t\t\t<div class=\"elementor-element elementor-element-c70cd70 elementor-widget elementor-widget-text-editor\" data-id=\"c70cd70\" data-element_type=\"widget\" data-e-type=\"widget\" data-widget_type=\"text-editor.default\">\n\t\t\t\t<div class=\"elementor-widget-container\">\n\t\t\t\t\t\t\t\t\t<div class=\"_ae5q _akdn _ae5r _ae5s\" style=\"flex-direction: column;flex-grow: 1;flex-shrink: 1;min-height: 0px;overflow: hidden auto;position: relative;margin: 0px 0px auto;padding: 0px 16px;color: #000000;font-family: -apple-system, BlinkMacSystemFont, 'Segoe UI', Roboto, Helvetica, Arial, sans-serif;font-size: 14px;font-style: normal;font-weight: 400;letter-spacing: normal;text-align: start;text-indent: 0px;text-transform: none;background-color: #ffffff\"><div class=\"x1qjc9v5 x972fbf xcfux6l x1qhh985 xm0m39n x9f619 x78zum5 xdt5ytf x2lah0s xk390pu xdj266r x11i5rnm xat24cr x1mh8g0r xexx8yu x4uap5 x18d9i69 xkhd6sd x1n2onr6 xggy1nq x11njtxf\" style=\"margin: 0px;vertical-align: baseline;padding: 0px;position: relative;border-width: 0px;align-items: stretch;flex-shrink: 0;flex-direction: column;font-size: 14px\" role=\"button\"><div class=\"_a9zm\" style=\"align-items: flex-start;border: 0px;flex-direction: row;flex-shrink: 0;font-style: inherit;font-variant: inherit;font-weight: inherit;line-height: inherit;font-family: inherit;font-size: 14px;justify-content: space-between;margin: 0px;padding: 0px;position: relative;vertical-align: baseline\"><div class=\"_a9zn _a9zo\" style=\"align-items: flex-start;flex-direction: row;width: 453.333px\"><div class=\"_a9zr\" style=\"align-items: stretch;border: 0px;flex-shrink: 1;font-style: inherit;font-variant: inherit;font-weight: inherit;line-height: inherit;font-family: inherit;font-size: 14px;margin: 0px;min-width: 0px;flex-direction: column;padding: 0px;position: relative;vertical-align: baseline\"><h5 class=\"_a9zs\" style=\"text-align: left\">O Outubro Rosa est\u00e1 chegando e estamos empolgados em anunciar nosso evento especial para conscientiza\u00e7\u00e3o sobre o c\u00e2ncer de mama. Em breve, revelaremos nossos palestrantes inspiradores e os locais onde voc\u00ea poder\u00e1 se juntar a n\u00f3s. Fique ligado para mais informa\u00e7\u00f5es e prepare-se para se juntar \u00e0 nossa causa! Juntos, podemos fazer a diferen\u00e7a. \ud83c\udf97\ufe0f<\/h5><\/div><\/div><\/div><\/div><\/div>\t\t\t\t\t\t\t\t<\/div>\n\t\t\t\t<\/div>\n\t\t\t\t\t<\/div>\n\t\t<\/div>\n\t\t\t\t\t<\/div>\n\t\t<\/section>\n\t\t\t\t<section class=\"elementor-section elementor-top-section elementor-element elementor-element-a176086 elementor-section-boxed elementor-section-height-default elementor-section-height-default\" data-id=\"a176086\" data-element_type=\"section\" data-e-type=\"section\">\n\t\t\t\t\t\t<div class=\"elementor-container elementor-column-gap-default\">\n\t\t\t\t\t<div class=\"elementor-column elementor-col-100 elementor-top-column elementor-element elementor-element-831e13c\" data-id=\"831e13c\" data-element_type=\"column\" data-e-type=\"column\">\n\t\t\t<div class=\"elementor-widget-wrap elementor-element-populated\">\n\t\t\t\t\t\t<div class=\"elementor-element elementor-element-6aec83e elementor-widget elementor-widget-image\" data-id=\"6aec83e\" data-element_type=\"widget\" data-e-type=\"widget\" data-widget_type=\"image.default\">\n\t\t\t\t<div class=\"elementor-widget-container\">\n\t\t\t\t\t\t\t\t\t\t\t\t\t\t\t<img fetchpriority=\"high\" decoding=\"async\" width=\"640\" height=\"640\" src=\"https:\/\/utfpr-ct-static-content.s3.amazonaws.com\/utfpr.curitiba.br\/wp-content\/uploads\/sites\/105\/2023\/09\/1.png\" class=\"attachment-large size-large wp-image-1289\" alt=\"\" srcset=\"https:\/\/utfpr-ct-static-content.s3.amazonaws.com\/utfpr.curitiba.br\/wp-content\/uploads\/sites\/105\/2023\/09\/1.png 1080w, https:\/\/utfpr-ct-static-content.s3.amazonaws.com\/utfpr.curitiba.br\/wp-content\/uploads\/sites\/105\/2023\/09\/1-300x300.png 300w, https:\/\/utfpr-ct-static-content.s3.amazonaws.com\/utfpr.curitiba.br\/wp-content\/uploads\/sites\/105\/2023\/09\/1-150x150.png 150w, https:\/\/utfpr-ct-static-content.s3.amazonaws.com\/utfpr.curitiba.br\/wp-content\/uploads\/sites\/105\/2023\/09\/1-768x768.png 768w, https:\/\/utfpr-ct-static-content.s3.amazonaws.com\/utfpr.curitiba.br\/wp-content\/uploads\/sites\/105\/2023\/09\/1-700x700.png 700w, https:\/\/utfpr-ct-static-content.s3.amazonaws.com\/utfpr.curitiba.br\/wp-content\/uploads\/sites\/105\/2023\/09\/1-520x520.png 520w, https:\/\/utfpr-ct-static-content.s3.amazonaws.com\/utfpr.curitiba.br\/wp-content\/uploads\/sites\/105\/2023\/09\/1-360x360.png 360w, https:\/\/utfpr-ct-static-content.s3.amazonaws.com\/utfpr.curitiba.br\/wp-content\/uploads\/sites\/105\/2023\/09\/1-250x250.png 250w, https:\/\/utfpr-ct-static-content.s3.amazonaws.com\/utfpr.curitiba.br\/wp-content\/uploads\/sites\/105\/2023\/09\/1-100x100.png 100w\" sizes=\"(max-width: 640px) 100vw, 640px\" \/>\t\t\t\t\t\t\t\t\t\t\t\t\t\t\t<\/div>\n\t\t\t\t<\/div>\n\t\t\t\t\t<\/div>\n\t\t<\/div>\n\t\t\t\t\t<\/div>\n\t\t<\/section>\n\t\t\t\t<\/div>\n\t\t","protected":false},"excerpt":{"rendered":"<p>O Outubro Rosa est\u00e1 chegando e estamos empolgados em anunciar nosso evento especial para conscientiza\u00e7\u00e3o sobre o c\u00e2ncer de mama. Em breve, revelaremos nossos palestrantes inspiradores e os locais onde voc\u00ea poder\u00e1 se juntar a n\u00f3s. Fique ligado para mais [&hellip;]<\/p>\n","protected":false},"author":198,"featured_media":0,"parent":0,"menu_order":0,"comment_status":"closed","ping_status":"closed","template":"","meta":{"footnotes":""},"class_list":["post-1283","page","type-page","status-publish","hentry","clearfix"],"_links":{"self":[{"href":"https:\/\/utfpr.curitiba.br\/projetoestimulo\/index.php?rest_route=\/wp\/v2\/pages\/1283","targetHints":{"allow":["GET"]}}],"collection":[{"href":"https:\/\/utfpr.curitiba.br\/projetoestimulo\/index.php?rest_route=\/wp\/v2\/pages"}],"about":[{"href":"https:\/\/utfpr.curitiba.br\/projetoestimulo\/index.php?rest_route=\/wp\/v2\/types\/page"}],"author":[{"embeddable":true,"href":"https:\/\/utfpr.curitiba.br\/projetoestimulo\/index.php?rest_route=\/wp\/v2\/users\/198"}],"replies":[{"embeddable":true,"href":"https:\/\/utfpr.curitiba.br\/projetoestimulo\/index.php?rest_route=%2Fwp%2Fv2%2Fcomments&post=1283"}],"version-history":[{"count":10,"href":"https:\/\/utfpr.curitiba.br\/projetoestimulo\/index.php?rest_route=\/wp\/v2\/pages\/1283\/revisions"}],"predecessor-version":[{"id":1298,"href":"https:\/\/utfpr.curitiba.br\/projetoestimulo\/index.php?rest_route=\/wp\/v2\/pages\/1283\/revisions\/1298"}],"wp:attachment":[{"href":"https:\/\/utfpr.curitiba.br\/projetoestimulo\/index.php?rest_route=%2Fwp%2Fv2%2Fmedia&parent=1283"}],"curies":[{"name":"wp","href":"https:\/\/api.w.org\/{rel}","templated":true}]}}

Outubro Rosa: Saúde da Mulher

<div data-elementor-type="wp-page" data-elementor-id="1283" class="elementor elementor-1283">
						<section class="elementor-section elementor-top-section elementor-element elementor-element-d4b8253 elementor-section-boxed elementor-section-height-default elementor-section-height-default" data-id="d4b8253" data-element_type="section" data-e-type="section">
						<div class="elementor-container elementor-column-gap-default">
					<div class="elementor-column elementor-col-100 elementor-top-column elementor-element elementor-element-1166408" data-id="1166408" data-element_type="column" data-e-type="column">
			<div class="elementor-widget-wrap elementor-element-populated">
						<div class="elementor-element elementor-element-c70cd70 elementor-widget elementor-widget-text-editor" data-id="c70cd70" data-element_type="widget" data-e-type="widget" data-widget_type="text-editor.default">
				<div class="elementor-widget-container">
									<div class="_ae5q _akdn _ae5r _ae5s" style="flex-direction: column;flex-grow: 1;flex-shrink: 1;min-height: 0px;overflow: hidden auto;position: relative;margin: 0px 0px auto;padding: 0px 16px;color: #000000;font-family: -apple-system, BlinkMacSystemFont, 'Segoe UI', Roboto, Helvetica, Arial, sans-serif;font-size: 14px;font-style: normal;font-weight: 400;letter-spacing: normal;text-align: start;text-indent: 0px;text-transform: none;background-color: #ffffff"><div class="x1qjc9v5 x972fbf xcfux6l x1qhh985 xm0m39n x9f619 x78zum5 xdt5ytf x2lah0s xk390pu xdj266r x11i5rnm xat24cr x1mh8g0r xexx8yu x4uap5 x18d9i69 xkhd6sd x1n2onr6 xggy1nq x11njtxf" style="margin: 0px;vertical-align: baseline;padding: 0px;position: relative;border-width: 0px;align-items: stretch;flex-shrink: 0;flex-direction: column;font-size: 14px" role="button"><div class="_a9zm" style="align-items: flex-start;border: 0px;flex-direction: row;flex-shrink: 0;font-style: inherit;font-variant: inherit;font-weight: inherit;line-height: inherit;font-family: inherit;font-size: 14px;justify-content: space-between;margin: 0px;padding: 0px;position: relative;vertical-align: baseline"><div class="_a9zn _a9zo" style="align-items: flex-start;flex-direction: row;width: 453.333px"><div class="_a9zr" style="align-items: stretch;border: 0px;flex-shrink: 1;font-style: inherit;font-variant: inherit;font-weight: inherit;line-height: inherit;font-family: inherit;font-size: 14px;margin: 0px;min-width: 0px;flex-direction: column;padding: 0px;position: relative;vertical-align: baseline"><h5 class="_a9zs" style="text-align: left">O Outubro Rosa está chegando e estamos empolgados em anunciar nosso evento especial para conscientização sobre o câncer de mama. Em breve, revelaremos nossos palestrantes inspiradores e os locais onde você poderá se juntar a nós. Fique ligado para mais informações e prepare-se para se juntar à nossa causa! Juntos, podemos fazer a diferença. 🎗️</h5></div></div></div></div></div>								</div>
				</div>
					</div>
		</div>
					</div>
		</section>
				<section class="elementor-section elementor-top-section elementor-element elementor-element-a176086 elementor-section-boxed elementor-section-height-default elementor-section-height-default" data-id="a176086" data-element_type="section" data-e-type="section">
						<div class="elementor-container elementor-column-gap-default">
					<div class="elementor-column elementor-col-100 elementor-top-column elementor-element elementor-element-831e13c" data-id="831e13c" data-element_type="column" data-e-type="column">
			<div class="elementor-widget-wrap elementor-element-populated">
						<div class="elementor-element elementor-element-6aec83e elementor-widget elementor-widget-image" data-id="6aec83e" data-element_type="widget" data-e-type="widget" data-widget_type="image.default">
				<div class="elementor-widget-container">
															<img fetchpriority="high" decoding="async" width="640" height="640" src="https://utfpr-ct-static-content.s3.amazonaws.com/utfpr.curitiba.br/wp-content/uploads/sites/105/2023/09/1.png" class="attachment-large size-large wp-image-1289" alt="" srcset="https://utfpr-ct-static-content.s3.amazonaws.com/utfpr.curitiba.br/wp-content/uploads/sites/105/2023/09/1.png 1080w, https://utfpr-ct-static-content.s3.amazonaws.com/utfpr.curitiba.br/wp-content/uploads/sites/105/2023/09/1-300x300.png 300w, https://utfpr-ct-static-content.s3.amazonaws.com/utfpr.curitiba.br/wp-content/uploads/sites/105/2023/09/1-150x150.png 150w, https://utfpr-ct-static-content.s3.amazonaws.com/utfpr.curitiba.br/wp-content/uploads/sites/105/2023/09/1-768x768.png 768w, https://utfpr-ct-static-content.s3.amazonaws.com/utfpr.curitiba.br/wp-content/uploads/sites/105/2023/09/1-700x700.png 700w, https://utfpr-ct-static-content.s3.amazonaws.com/utfpr.curitiba.br/wp-content/uploads/sites/105/2023/09/1-520x520.png 520w, https://utfpr-ct-static-content.s3.amazonaws.com/utfpr.curitiba.br/wp-content/uploads/sites/105/2023/09/1-360x360.png 360w, https://utfpr-ct-static-content.s3.amazonaws.com/utfpr.curitiba.br/wp-content/uploads/sites/105/2023/09/1-250x250.png 250w, https://utfpr-ct-static-content.s3.amazonaws.com/utfpr.curitiba.br/wp-content/uploads/sites/105/2023/09/1-100x100.png 100w" sizes="(max-width: 640px) 100vw, 640px" />															</div>
				</div>
					</div>
		</div>
					</div>
		</section>
				</div>

<p>O Outubro Rosa está chegando e estamos empolgados em anunciar nosso evento especial para conscientização sobre o câncer de mama. Em breve, revelaremos nossos palestrantes inspiradores e os locais onde você poderá se juntar a nós. Fique ligado para mais [&hellip;]</p>
