{"id":208,"date":"2023-10-08T15:40:44","date_gmt":"2023-10-08T18:40:44","guid":{"rendered":"https:\/\/utfpr.curitiba.br\/prh21\/?page_id=208"},"modified":"2026-03-29T21:49:29","modified_gmt":"2026-03-30T00:49:29","slug":"bolsista","status":"publish","type":"page","link":"https:\/\/utfpr.curitiba.br\/prh21\/bolsista\/","title":{"rendered":"Bolsista"},"content":{"rendered":"\t\t<div data-elementor-type=\"wp-page\" data-elementor-id=\"208\" class=\"elementor elementor-208\">\n\t\t\t\t\t\t<section class=\"elementor-section elementor-top-section elementor-element elementor-element-22bed91c elementor-section-boxed elementor-section-height-default elementor-section-height-default\" data-id=\"22bed91c\" data-element_type=\"section\" data-e-type=\"section\">\n\t\t\t\t\t\t<div class=\"elementor-container elementor-column-gap-default\">\n\t\t\t\t\t<div class=\"elementor-column elementor-col-100 elementor-top-column elementor-element elementor-element-31d50555\" data-id=\"31d50555\" data-element_type=\"column\" data-e-type=\"column\">\n\t\t\t<div class=\"elementor-widget-wrap elementor-element-populated\">\n\t\t\t\t\t\t<div class=\"elementor-element elementor-element-63fe0f7f elementor-widget elementor-widget-text-editor\" data-id=\"63fe0f7f\" data-element_type=\"widget\" data-e-type=\"widget\" data-widget_type=\"text-editor.default\">\n\t\t\t\t<div class=\"elementor-widget-container\">\n\t\t\t\t\t\t\t\t\t\n<p><strong>Bolsas Vigentes<\/strong><\/p>\n\n<figure class=\"wp-block-table\">\n<table dir=\"ltr\" style=\"height: 2340px\" border=\"1\" width=\"1301\" cellspacing=\"0\" cellpadding=\"0\" data-sheets-root=\"1\" data-sheets-baot=\"1\"><colgroup><col width=\"159\" \/><col width=\"141\" \/><col width=\"100\" \/><col width=\"100\" \/><col width=\"109\" \/><col width=\"100\" \/><col width=\"164\" \/><\/colgroup>\n<tbody>\n<tr>\n<td>BOLSISTA<\/td>\n<td>EMAIL<\/td>\n<td>MODALIDADE<\/td>\n<td>ORIENTADOR<\/td>\n<td>CURSO\/PROGRAMA<\/td>\n<td>IN\u00cdCIO DA BOLSA<\/td>\n<td>CURRICULO LATTES<\/td>\n<\/tr>\n<tr>\n<td>Adiel Assis Menezes da Silva<\/td>\n<td>adielsilva@alunos.utfpr.edu.br<\/td>\n<td>GRADUA\u00c7\u00c3O<\/td>\n<td>Admilson Teixeira Franco<\/td>\n<td>Engenharia Mec\u00e2nica<\/td>\n<td>dezembro\/2025<\/td>\n<td><a class=\"in-cell-link\" href=\"http:\/\/lattes.cnpq.br\/7029789394609634\" target=\"_blank\" rel=\"noopener\">http:\/\/lattes.cnpq.br\/7029789394609634<\/a><\/td>\n<\/tr>\n<tr>\n<td>Caio Henrique Wiselowski<\/td>\n<td>caiowiselowski@alunos.utfpr.edu.br<\/td>\n<td>GRADUA\u00c7\u00c3O<\/td>\n<td>Cezar Otaviano Ribeiro Negr\u00e3o<\/td>\n<td>Engenharia Mec\u00e2nica<\/td>\n<td>junho\/2024<\/td>\n<td><a class=\"in-cell-link\" href=\"http:\/\/lattes.cnpq.br\/0569105431982654\" target=\"_blank\" rel=\"noopener\"> http:\/\/lattes.cnpq.br\/0569105431982654<\/a><\/td>\n<\/tr>\n<tr>\n<td>Davi Salvini Chixaro<\/td>\n<td>davisalvini@alunos.utfpr.edu.br<\/td>\n<td>DOUTORADO<\/td>\n<td>Neri Volpato<\/td>\n<td>PPGEM &#8211; Programa De P\u00f3s-Gradua\u00e7\u00e3o Em Engenharia Mec\u00e2nica E De Materiais<\/td>\n<td>dezembro\/2024<\/td>\n<td><a class=\"in-cell-link\" href=\"http:\/\/lattes.cnpq.br\/7175109369586377\" target=\"_blank\" rel=\"noopener\">http:\/\/lattes.cnpq.br\/7175109369586377<\/a><\/td>\n<\/tr>\n<tr>\n<td>Everton Trento Junior<\/td>\n<td>evertonjunior@alunos.utfpr.edu.br<\/td>\n<td>DOUTORADO<\/td>\n<td>Daniel Rodrigues Pipa<\/td>\n<td>CPGEI<\/td>\n<td>novembro\/2024<\/td>\n<td><a class=\"in-cell-link\" href=\"http:\/\/lattes.cnpq.br\/8125264101828725\" target=\"_blank\" rel=\"noopener\">http:\/\/lattes.cnpq.br\/8125264101828725<\/a><\/td>\n<\/tr>\n<tr>\n<td>Francisco Cano Silva Cezar<\/td>\n<td>franciscocezar@alunos.utfpr.edu.br<\/td>\n<td>GRADUA\u00c7\u00c3O<\/td>\n<td>Silvio Luiz de Mello Junqueira<\/td>\n<td>Engenharia Mec\u00e2nica<\/td>\n<td>setembro\/2024<\/td>\n<td><a class=\"in-cell-link\" href=\"http:\/\/lattes.cnpq.br\/3682641248009135\" target=\"_blank\" rel=\"noopener\">http:\/\/lattes.cnpq.br\/3682641248009135<\/a><\/td>\n<\/tr>\n<tr>\n<td>Gabriela Borra Teixeira de Freitas<\/td>\n<td>gabrielaborra@alunos.utfpr.edu.br<\/td>\n<td>GRADUA\u00c7\u00c3O<\/td>\n<td>Thiago Alberto Rigo Passarin<\/td>\n<td>Engenharia El\u00e9trica<\/td>\n<td>setembro\/2024<\/td>\n<td><a class=\"in-cell-link\" href=\"http:\/\/lattes.cnpq.br\/7866573518995399\" target=\"_blank\" rel=\"noopener\">http:\/\/lattes.cnpq.br\/7866573518995399<\/a><\/td>\n<\/tr>\n<tr>\n<td>Guilherme Lopes de Campos<\/td>\n<td>guilhermecampos@alunos.utfpr.edu.br<\/td>\n<td>DOUTORADO<\/td>\n<td>Rigoberto Eleazar Melgarejo Morales<\/td>\n<td>PPGEM &#8211; Programa De P\u00f3s-Gradua\u00e7\u00e3o Em Engenharia Mec\u00e2nica E De Materiais<\/td>\n<td>outubro\/2024<\/td>\n<td><a class=\"in-cell-link\" href=\"http:\/\/lattes.cnpq.br\/0816919051399489\" target=\"_blank\" rel=\"noopener\">http:\/\/lattes.cnpq.br\/0816919051399489<\/a><\/td>\n<\/tr>\n<tr>\n<td>Heitor Miranda Machado<\/td>\n<td>heimac@alunos.utfpr.edu.br<\/td>\n<td>GRADUA\u00c7\u00c3O<\/td>\n<td>Thiago Alberto Rigo Passarin<\/td>\n<td>Engenharia El\u00e9trica<\/td>\n<td>junho\/2024<\/td>\n<td><a class=\"in-cell-link\" href=\"http:\/\/lattes.cnpq.br\/7371661632732260\" target=\"_blank\" rel=\"noopener\">http:\/\/lattes.cnpq.br\/7371661632732260<\/a><\/td>\n<\/tr>\n<tr>\n<td>Iago Alexandre Almeida de Oliveira<\/td>\n<td>iagoalexandre@alunos.utfpr.edu.br<\/td>\n<td>GRADUA\u00c7\u00c3O<\/td>\n<td>Neri Volpato<\/td>\n<td>Engenharia Mec\u00e2nica<\/td>\n<td>dezembro\/2025<\/td>\n<td><a class=\"in-cell-link\" href=\"http:\/\/lattes.cnpq.br\/1382993254202369\" target=\"_blank\" rel=\"noopener\">http:\/\/lattes.cnpq.br\/1382993254202369<\/a><\/td>\n<\/tr>\n<tr>\n<td>Jaime Salebe Barbudo<\/td>\n<td>e.barbudo@utfpr.edu.br<\/td>\n<td>MESTRADO<\/td>\n<td>Cezar Otaviano Ribeiro Negr\u00e3o<\/td>\n<td>PPGEM &#8211; Programa De P\u00f3s-Gradua\u00e7\u00e3o Em Engenharia Mec\u00e2nica E De Materiais<\/td>\n<td>maio\/2024<\/td>\n<td><a class=\"in-cell-link\" href=\"https:\/\/lattes.cnpq.br\/7041005132807042\" target=\"_blank\" rel=\"noopener\"> https:\/\/lattes.cnpq.br\/7041005132807042<\/a><\/td>\n<\/tr>\n<tr>\n<td>Jo\u00e3o Vitor Mendes Rocha<\/td>\n<td>joaorocha.2019@alunos.utfpr.edu.br<\/td>\n<td>MESTRADO<\/td>\n<td>Moises Alves Marcelino Neto<\/td>\n<td>PPGEM &#8211; Programa De P\u00f3s-Gradua\u00e7\u00e3o Em Engenharia Mec\u00e2nica E De Materiais<\/td>\n<td>dezembro\/2025<\/td>\n<td><a class=\"in-cell-link\" href=\"http:\/\/lattes.cnpq.br\/0893627791751021\" target=\"_blank\" rel=\"noopener\">http:\/\/lattes.cnpq.br\/0893627791751021<\/a><\/td>\n<\/tr>\n<tr>\n<td>Joaquim Diego Elias de Souza<\/td>\n<td>joaquimsouza@alunos.utfpr.edu.br<\/td>\n<td>GRADUA\u00c7\u00c3O<\/td>\n<td>Moises Alves Marcelino Neto<\/td>\n<td>Engenharia Mec\u00e2nica<\/td>\n<td>dezembro\/2025<\/td>\n<td><a class=\"in-cell-link\" href=\"http:\/\/lattes.cnpq.br\/2526211456217486\" target=\"_blank\" rel=\"noopener\">http:\/\/lattes.cnpq.br\/2526211456217486<\/a><\/td>\n<\/tr>\n<tr>\n<td>Julieth Carolina Botina Ortega<\/td>\n<td>juliethcarolina@alunos.utfpr.edu.br<\/td>\n<td>MESTRADO<\/td>\n<td>Eduardo Matos Germer<\/td>\n<td>PPGEM &#8211; Programa De P\u00f3s-Gradua\u00e7\u00e3o Em Engenharia Mec\u00e2nica E De Materiais<\/td>\n<td>dezembro\/2025<\/td>\n<td><a href=\"http:\/\/lattes.cnpq.br\/1791431516966689\">http:\/\/lattes.cnpq.br\/1791431516966689<\/a><\/td>\n<\/tr>\n<tr>\n<td>Julio Cesar Vendruscolo Filho<\/td>\n<td>juliocesarfilho@alunos.utfpr.edu.br<\/td>\n<td>GRADUA\u00c7\u00c3O<\/td>\n<td>Admilson Teixeira Franco<\/td>\n<td>Engenharia Mec\u00e2nica<\/td>\n<td>dezembro\/2025<\/td>\n<td><a class=\"in-cell-link\" href=\"http:\/\/lattes.cnpq.br\/4780794845083324\" target=\"_blank\" rel=\"noopener\">http:\/\/lattes.cnpq.br\/4780794845083324<\/a><\/td>\n<\/tr>\n<tr>\n<td>Lucas Raone Pereira<\/td>\n<td>lucasraone@alunos.utfpr.edu.br<\/td>\n<td>GRADUA\u00c7\u00c3O<\/td>\n<td>Admilson Teixeira Franco<\/td>\n<td>Engenharia Mec\u00e2nica<\/td>\n<td>junho\/2024<\/td>\n<td><a class=\"in-cell-link\" href=\"http:\/\/lattes.cnpq.br\/0963069190207439\" target=\"_blank\" rel=\"noopener\">http:\/\/lattes.cnpq.br\/0963069190207439<\/a><\/td>\n<\/tr>\n<tr>\n<td>Luiz Henrique Haus<\/td>\n<td>luizhaus@alunos.utfpr.edu.br<\/td>\n<td>GRADUA\u00c7\u00c3O<\/td>\n<td>Eduardo Matos Germer<\/td>\n<td>Engenharia Mec\u00e2nica<\/td>\n<td>dezembro\/2025<\/td>\n<td><a href=\"http:\/\/lattes.cnpq.br\/9083237411470177\">http:\/\/lattes.cnpq.br\/9083237411470177<\/a><\/td>\n<\/tr>\n<tr>\n<td>Marcos Vin\u00edcius Pereira da Costa<\/td>\n<td>mcosta.1992@alunos.utfpr.edu.br<\/td>\n<td>MESTRADO<\/td>\n<td>Cezar Otaviano Ribeiro Negr\u00e3o<\/td>\n<td>PPGEM &#8211; Programa De P\u00f3s-Gradua\u00e7\u00e3o Em Engenharia Mec\u00e2nica E De Materiais<\/td>\n<td>junho\/2024<\/td>\n<td><a class=\"in-cell-link\" href=\"http:\/\/lattes.cnpq.br\/5945310481778701\" target=\"_blank\" rel=\"noopener\">http:\/\/lattes.cnpq.br\/5945310481778701<\/a><\/td>\n<\/tr>\n<tr>\n<td>Milton Lucca Moreno Neves<\/td>\n<td>miltonneves@alunos.utfpr.edu.br<\/td>\n<td>GRADUA\u00c7\u00c3O<\/td>\n<td>Eduardo Matos Germer<\/td>\n<td>Engenharia Mec\u00e2nica<\/td>\n<td>dezembro\/2025<\/td>\n<td><a class=\"in-cell-link\" href=\"http:\/\/lattes.cnpq.br\/7192179317243673\" target=\"_blank\" rel=\"noopener\">http:\/\/lattes.cnpq.br\/7192179317243673<\/a><\/td>\n<\/tr>\n<tr>\n<td>Oscar Miguel Navas Torres<\/td>\n<td>oscarmiguel@alunos.utfpr.edu.br<\/td>\n<td>DOUTORADO<\/td>\n<td>Admilson Teixeira Franco<\/td>\n<td>Engenharia Mec\u00e2nica<\/td>\n<td>dezembro\/2025<\/td>\n<td><a class=\"in-cell-link\" href=\"http:\/\/lattes.cnpq.br\/2975556255048469\" target=\"_blank\" rel=\"noopener\">http:\/\/lattes.cnpq.br\/2975556255048469<\/a><\/td>\n<\/tr>\n<tr>\n<td>Pedro Henrique Pereira Pelaquini dos Santos<\/td>\n<td>pedrosantos.2022@alunos.utfpr.edu.br<\/td>\n<td>GRADUA\u00c7\u00c3O<\/td>\n<td>Admilson Teixeira Franco<\/td>\n<td>Engenharia Mec\u00e2nica<\/td>\n<td>maio\/2024<\/td>\n<td><a class=\"in-cell-link\" href=\"http:\/\/lattes.cnpq.br\/6008198906073458\" target=\"_blank\" rel=\"noopener\">http:\/\/lattes.cnpq.br\/6008198906073458<\/a><\/td>\n<\/tr>\n<tr>\n<td>Pedro Marszalek Dip Rangel<\/td>\n<td>pedromarszalek@alunos.utfpr.edu.br<\/td>\n<td>GRADUA\u00c7\u00c3O<\/td>\n<td>Admilson Teixeira Franco<\/td>\n<td>Engenharia Mec\u00e2nica<\/td>\n<td>junho\/2024<\/td>\n<td><a class=\"in-cell-link\" href=\"https:\/\/lattes.cnpq.br\/4981497565382278\" target=\"_blank\" rel=\"noopener\"> https:\/\/lattes.cnpq.br\/4981497565382278<\/a><\/td>\n<\/tr>\n<tr>\n<td>Tiago Andolfato Vieira<\/td>\n<td>tiagoandolfato@alunos.utfpr.edu.br<\/td>\n<td>GRADUA\u00c7\u00c3O<\/td>\n<td>Admilson Teixeira Franco<\/td>\n<td>Engenharia Mec\u00e2nica<\/td>\n<td>dezembro\/2025<\/td>\n<td><a class=\"in-cell-link\" href=\"http:\/\/lattes.cnpq.br\/8515729136415078\" target=\"_blank\" rel=\"noopener\">http:\/\/lattes.cnpq.br\/8515729136415078<\/a><\/td>\n<\/tr>\n<tr>\n<td>Victor Emanuel Santana<\/td>\n<td>victors.1999@alunos.utfpr.edu.br<\/td>\n<td>MESTRADO<\/td>\n<td>Admilson Teixeira Franco<\/td>\n<td>PPGEM &#8211; Programa De P\u00f3s-Gradua\u00e7\u00e3o Em Engenharia Mec\u00e2nica E De Materiais<\/td>\n<td>novembro\/2024<\/td>\n<td><a class=\"in-cell-link\" href=\"http:\/\/lattes.cnpq.br\/3022849577627240\" target=\"_blank\" rel=\"noopener\">http:\/\/lattes.cnpq.br\/3022849577627240<\/a><\/td>\n<\/tr>\n<tr>\n<td>Vinicius Zankin Bueno<\/td>\n<td>viniciusbueno@alunos.utfpr.edu.br<\/td>\n<td>MESTRADO<\/td>\n<td>Rigoberto Eleazar Melgarejo Morales<\/td>\n<td>PPGEM &#8211; Programa De P\u00f3s-Gradua\u00e7\u00e3o Em Engenharia Mec\u00e2nica E De Materiais<\/td>\n<td>junho\/2024<\/td>\n<td><a class=\"in-cell-link\" href=\"http:\/\/lattes.cnpq.br\/7023150583312882\" target=\"_blank\" rel=\"noopener\">http:\/\/lattes.cnpq.br\/7023150583312882<\/a><\/td>\n<\/tr>\n<\/tbody>\n<\/table>\n<\/figure>\n\n<p>\u00a0<\/p>\n\n<p>\u00a0<\/p>\n\t\t\t\t\t\t\t\t<\/div>\n\t\t\t\t<\/div>\n\t\t\t\t\t<\/div>\n\t\t<\/div>\n\t\t\t\t\t<\/div>\n\t\t<\/section>\n\t\t\t\t<\/div>\n\t\t","protected":false},"excerpt":{"rendered":"<p>Bolsas Vigentes BOLSISTA EMAIL MODALIDADE ORIENTADOR CURSO\/PROGRAMA IN\u00cdCIO DA BOLSA CURRICULO LATTES Adiel Assis Menezes da Silva adielsilva@alunos.utfpr.edu.br GRADUA\u00c7\u00c3O Admilson Teixeira Franco Engenharia Mec\u00e2nica dezembro\/2025 http:\/\/lattes.cnpq.br\/7029789394609634 Caio Henrique Wiselowski caiowiselowski@alunos.utfpr.edu.br GRADUA\u00c7\u00c3O Cezar Otaviano Ribeiro Negr\u00e3o Engenharia Mec\u00e2nica junho\/2024 http:\/\/lattes.cnpq.br\/0569105431982654 Davi Salvini Chixaro davisalvini@alunos.utfpr.edu.br DOUTORADO Neri Volpato PPGEM &#8211; Programa De P\u00f3s-Gradua\u00e7\u00e3o Em Engenharia Mec\u00e2nica E [&hellip;]<\/p>\n","protected":false},"author":101,"featured_media":0,"parent":0,"menu_order":0,"comment_status":"closed","ping_status":"closed","template":"","meta":{"footnotes":""},"class_list":["post-208","page","type-page","status-publish","hentry"],"_links":{"self":[{"href":"https:\/\/utfpr.curitiba.br\/prh21\/wp-json\/wp\/v2\/pages\/208","targetHints":{"allow":["GET"]}}],"collection":[{"href":"https:\/\/utfpr.curitiba.br\/prh21\/wp-json\/wp\/v2\/pages"}],"about":[{"href":"https:\/\/utfpr.curitiba.br\/prh21\/wp-json\/wp\/v2\/types\/page"}],"author":[{"embeddable":true,"href":"https:\/\/utfpr.curitiba.br\/prh21\/wp-json\/wp\/v2\/users\/101"}],"replies":[{"embeddable":true,"href":"https:\/\/utfpr.curitiba.br\/prh21\/wp-json\/wp\/v2\/comments?post=208"}],"version-history":[{"count":22,"href":"https:\/\/utfpr.curitiba.br\/prh21\/wp-json\/wp\/v2\/pages\/208\/revisions"}],"predecessor-version":[{"id":795,"href":"https:\/\/utfpr.curitiba.br\/prh21\/wp-json\/wp\/v2\/pages\/208\/revisions\/795"}],"wp:attachment":[{"href":"https:\/\/utfpr.curitiba.br\/prh21\/wp-json\/wp\/v2\/media?parent=208"}],"curies":[{"name":"wp","href":"https:\/\/api.w.org\/{rel}","templated":true}]}}