{"id":14,"date":"2022-05-30T10:29:52","date_gmt":"2022-05-30T13:29:52","guid":{"rendered":"https:\/\/utfpr.curitiba.br\/prh21\/?page_id=14"},"modified":"2025-02-28T19:24:23","modified_gmt":"2025-02-28T22:24:23","slug":"laboratorios-e-disciplinas","status":"publish","type":"page","link":"https:\/\/utfpr.curitiba.br\/prh21\/laboratorios-e-disciplinas\/","title":{"rendered":"LABORAT\u00d3RIOS E DISCIPLINAS"},"content":{"rendered":"\n<h2 class=\"wp-block-heading\">LABORAT\u00d3RIOS:<\/h2>\n\n\n\n<p><a href=\"https:\/\/cernn.ct.utfpr.edu.br\/\"><u>Centro de Pesquisas em Reologia e Fluidos N\u00e3o Newtonianos (CERNN)<\/u><\/a><\/p>\n\n\n\n<p><a href=\"http:\/\/portal.utfpr.edu.br\/cursos\/coordenacoes\/stricto-sensu\/cpgei\/area-academica\/laboratorios\/lasca\"><u>Laborat\u00f3rio de A<\/u><u>utoma\u00e7\u00e3o e Sistemas de Controle Avan\u00e7ad<\/u><u>o (Lasca)<\/u><\/a>&nbsp;<\/p>\n\n\n\n<p><a href=\"http:\/\/portal.utfpr.edu.br\/cursos\/coordenacoes\/stricto-sensu\/cpgei\/area-academica\/laboratorios\/labeso\"><u>Laborat\u00f3rio de E<\/u><u>ngenharia de Sistemas Optoeletr\u00f4nicos (<\/u><u>LabEso<\/u><u>)<\/u><\/a><\/p>\n\n\n\n<p><a href=\"https:\/\/nuem.ct.utfpr.edu.br\/\"><u>N\u00facleo de Escoamento Multif\u00e1sico (NUEM)<\/u><\/a><\/p>\n\n\n\n<p><\/p>\n\n\n\n<h2 class=\"wp-block-heading\">DISCIPLINAS:<\/h2>\n\n\n\n<p>Lista de disciplinas PRH UTFPR <\/p>\n\n\n\n<p><\/p>\n\n\n\n<div data-wp-interactive=\"core\/file\" class=\"wp-block-file\"><object data-wp-bind--hidden=\"!state.hasPdfPreview\" hidden class=\"wp-block-file__embed\" data=\"https:\/\/utfpr-ct-static-content.s3.amazonaws.com\/utfpr.curitiba.br\/wp-content\/uploads\/sites\/104\/2025\/02\/DISCIPLINAS-DO-PRH-21-1.pdf\" type=\"application\/pdf\" style=\"width:100%;height:600px\" aria-label=\"Incorporado de DISCIPLINAS DO PRH 21 (1).\"><\/object><a id=\"wp-block-file--media-1e4cbedf-60c3-4c4e-9823-be26557282f5\" href=\"https:\/\/utfpr-ct-static-content.s3.amazonaws.com\/utfpr.curitiba.br\/wp-content\/uploads\/sites\/104\/2025\/02\/DISCIPLINAS-DO-PRH-21-1.pdf\">DISCIPLINAS DO PRH 21 (1)<\/a><a href=\"https:\/\/utfpr-ct-static-content.s3.amazonaws.com\/utfpr.curitiba.br\/wp-content\/uploads\/sites\/104\/2025\/02\/DISCIPLINAS-DO-PRH-21-1.pdf\" class=\"wp-block-file__button wp-element-button\" download aria-describedby=\"wp-block-file--media-1e4cbedf-60c3-4c4e-9823-be26557282f5\">Baixar<\/a><\/div>\n\n\n\n<p><\/p>\n","protected":false},"excerpt":{"rendered":"<p>LABORAT\u00d3RIOS: Centro de Pesquisas em Reologia e Fluidos N\u00e3o Newtonianos (CERNN) Laborat\u00f3rio de Automa\u00e7\u00e3o e Sistemas de Controle Avan\u00e7ado (Lasca)&nbsp; Laborat\u00f3rio de Engenharia de Sistemas Optoeletr\u00f4nicos (LabEso) N\u00facleo de Escoamento Multif\u00e1sico (NUEM) DISCIPLINAS: Lista de disciplinas PRH UTFPR<\/p>\n","protected":false},"author":67,"featured_media":0,"parent":0,"menu_order":0,"comment_status":"closed","ping_status":"closed","template":"","meta":{"footnotes":""},"class_list":["post-14","page","type-page","status-publish","hentry"],"_links":{"self":[{"href":"https:\/\/utfpr.curitiba.br\/prh21\/wp-json\/wp\/v2\/pages\/14","targetHints":{"allow":["GET"]}}],"collection":[{"href":"https:\/\/utfpr.curitiba.br\/prh21\/wp-json\/wp\/v2\/pages"}],"about":[{"href":"https:\/\/utfpr.curitiba.br\/prh21\/wp-json\/wp\/v2\/types\/page"}],"author":[{"embeddable":true,"href":"https:\/\/utfpr.curitiba.br\/prh21\/wp-json\/wp\/v2\/users\/67"}],"replies":[{"embeddable":true,"href":"https:\/\/utfpr.curitiba.br\/prh21\/wp-json\/wp\/v2\/comments?post=14"}],"version-history":[{"count":6,"href":"https:\/\/utfpr.curitiba.br\/prh21\/wp-json\/wp\/v2\/pages\/14\/revisions"}],"predecessor-version":[{"id":548,"href":"https:\/\/utfpr.curitiba.br\/prh21\/wp-json\/wp\/v2\/pages\/14\/revisions\/548"}],"wp:attachment":[{"href":"https:\/\/utfpr.curitiba.br\/prh21\/wp-json\/wp\/v2\/media?parent=14"}],"curies":[{"name":"wp","href":"https:\/\/api.w.org\/{rel}","templated":true}]}}