{"id":1685,"date":"2024-06-26T11:34:59","date_gmt":"2024-06-26T14:34:59","guid":{"rendered":"https:\/\/utfpr.curitiba.br\/peteco\/?page_id=1685"},"modified":"2024-06-27T13:11:55","modified_gmt":"2024-06-27T16:11:55","slug":"projeto-estudos-em-evasao-e-retencao","status":"publish","type":"page","link":"https:\/\/utfpr.curitiba.br\/peteco\/pesquisa\/projeto-estudos-em-evasao-e-retencao\/","title":{"rendered":"Estudos em Evas\u00e3o e Reten\u00e7\u00e3o"},"content":{"rendered":"\n<h2 class=\"wp-block-heading\">Motiva\u00e7\u00e3o<\/h2>\n\n\n\n<p>A motiva\u00e7\u00e3o surge das constantes discuss\u00f5es a respeito de evas\u00e3o escolar durante os di\u00e1logos-PET. O objetivo \u00e9 compreender as situa\u00e7\u00f5es que permeiam os\/as estudantes na UTFPR que os\/as  levam a reten\u00e7\u00e3o e evas\u00e3o. <\/p>\n\n\n\n<p>Esta atividade \u00e9 continua\u00e7\u00e3o de atividade iniciada em 2022 que teve um desdobramento importante EM 2023: a participa\u00e7\u00e3o de membros do nosso grupo na comiss\u00e3o de Karoshi (do japon\u00eas, morte por excesso de trabalho) da UTFPR estabelecida por portaria da Reitoria. Portanto, estendemos estes estudos para tamb\u00e9m compreender os fen\u00f4menos ligados ao excesso de trabalho no \u00e2mbito estudantil e como influenciam nos problemas de evas\u00e3o e reten\u00e7\u00e3o.<\/p>\n\n\n\n<h2 class=\"wp-block-heading\">Objetivos<\/h2>\n\n\n\n<p>Estabelecer diferentes vis\u00f5es dos dados que caracterizam os fen\u00f4menos de ingresso, perman\u00eancia,<br>esgotamento mental por ass\u00e9dio e excesso de trabalho, evas\u00e3o, reten\u00e7\u00e3o e conclus\u00e3o no curso de<br>Engenharia de Computa\u00e7\u00e3o da UTFPR, Curitiba, para auxiliar as pessoas respons\u00e1veis (coordena\u00e7\u00e3o, NDE, colegiado) a compreenderem com maior clareza as poss\u00edveis causas dos fen\u00f4menos de interesse.<\/p>\n\n\n\n<div class=\"wp-block-columns is-layout-flex wp-container-core-columns-is-layout-9d6595d7 wp-block-columns-is-layout-flex\">\n<div class=\"wp-block-column is-layout-flow wp-block-column-is-layout-flow\" style=\"flex-basis:100%\">\n<p><em>Ver tamb\u00e9m<\/em><br>Karoshi<br>Burnout<\/p>\n<\/div>\n<\/div>\n","protected":false},"excerpt":{"rendered":"<p>Motiva\u00e7\u00e3o A motiva\u00e7\u00e3o surge das constantes discuss\u00f5es a respeito de evas\u00e3o escolar durante os di\u00e1logos-PET. O objetivo \u00e9 compreender as situa\u00e7\u00f5es que permeiam os\/as estudantes na UTFPR que os\/as levam a reten\u00e7\u00e3o e evas\u00e3o. Esta atividade \u00e9 continua\u00e7\u00e3o de atividade iniciada em 2022 que teve um desdobramento importante EM 2023: a participa\u00e7\u00e3o de membros do [&hellip;]<\/p>\n","protected":false},"author":29,"featured_media":0,"parent":1476,"menu_order":1,"comment_status":"closed","ping_status":"closed","template":"","meta":{"footnotes":""},"class_list":["post-1685","page","type-page","status-publish","hentry"],"_links":{"self":[{"href":"https:\/\/utfpr.curitiba.br\/peteco\/wp-json\/wp\/v2\/pages\/1685","targetHints":{"allow":["GET"]}}],"collection":[{"href":"https:\/\/utfpr.curitiba.br\/peteco\/wp-json\/wp\/v2\/pages"}],"about":[{"href":"https:\/\/utfpr.curitiba.br\/peteco\/wp-json\/wp\/v2\/types\/page"}],"author":[{"embeddable":true,"href":"https:\/\/utfpr.curitiba.br\/peteco\/wp-json\/wp\/v2\/users\/29"}],"replies":[{"embeddable":true,"href":"https:\/\/utfpr.curitiba.br\/peteco\/wp-json\/wp\/v2\/comments?post=1685"}],"version-history":[{"count":4,"href":"https:\/\/utfpr.curitiba.br\/peteco\/wp-json\/wp\/v2\/pages\/1685\/revisions"}],"predecessor-version":[{"id":1708,"href":"https:\/\/utfpr.curitiba.br\/peteco\/wp-json\/wp\/v2\/pages\/1685\/revisions\/1708"}],"up":[{"embeddable":true,"href":"https:\/\/utfpr.curitiba.br\/peteco\/wp-json\/wp\/v2\/pages\/1476"}],"wp:attachment":[{"href":"https:\/\/utfpr.curitiba.br\/peteco\/wp-json\/wp\/v2\/media?parent=1685"}],"curies":[{"name":"wp","href":"https:\/\/api.w.org\/{rel}","templated":true}]}}