{"id":1476,"date":"2023-12-21T22:15:13","date_gmt":"2023-12-22T01:15:13","guid":{"rendered":"https:\/\/utfpr.curitiba.br\/peteco\/?page_id=1476"},"modified":"2024-05-27T10:07:14","modified_gmt":"2024-05-27T13:07:14","slug":"pesquisa","status":"publish","type":"page","link":"https:\/\/utfpr.curitiba.br\/peteco\/pesquisa\/","title":{"rendered":"Projetos"},"content":{"rendered":"\n<p>Todos os projetos de pesquisa &amp; desenvolvimento e extens\u00e3o de longa dura\u00e7\u00e3o. Envolvem atividades cont\u00ednuas que transpassam os planejamentos anuais do grupo.<\/p>\n","protected":false},"excerpt":{"rendered":"<p>Todos os projetos de pesquisa &amp; desenvolvimento e extens\u00e3o de longa dura\u00e7\u00e3o. Envolvem atividades cont\u00ednuas que transpassam os planejamentos anuais do grupo.<\/p>\n","protected":false},"author":178,"featured_media":0,"parent":0,"menu_order":0,"comment_status":"closed","ping_status":"closed","template":"elementor_theme","meta":{"footnotes":""},"class_list":["post-1476","page","type-page","status-publish","hentry"],"_links":{"self":[{"href":"https:\/\/utfpr.curitiba.br\/peteco\/wp-json\/wp\/v2\/pages\/1476","targetHints":{"allow":["GET"]}}],"collection":[{"href":"https:\/\/utfpr.curitiba.br\/peteco\/wp-json\/wp\/v2\/pages"}],"about":[{"href":"https:\/\/utfpr.curitiba.br\/peteco\/wp-json\/wp\/v2\/types\/page"}],"author":[{"embeddable":true,"href":"https:\/\/utfpr.curitiba.br\/peteco\/wp-json\/wp\/v2\/users\/178"}],"replies":[{"embeddable":true,"href":"https:\/\/utfpr.curitiba.br\/peteco\/wp-json\/wp\/v2\/comments?post=1476"}],"version-history":[{"count":10,"href":"https:\/\/utfpr.curitiba.br\/peteco\/wp-json\/wp\/v2\/pages\/1476\/revisions"}],"predecessor-version":[{"id":1626,"href":"https:\/\/utfpr.curitiba.br\/peteco\/wp-json\/wp\/v2\/pages\/1476\/revisions\/1626"}],"wp:attachment":[{"href":"https:\/\/utfpr.curitiba.br\/peteco\/wp-json\/wp\/v2\/media?parent=1476"}],"curies":[{"name":"wp","href":"https:\/\/api.w.org\/{rel}","templated":true}]}}