{"id":145,"date":"2015-09-16T15:09:55","date_gmt":"2015-09-16T18:09:55","guid":{"rendered":"http:\/\/blogs.ct.utfpr.edu.br\/pesquisadaqbi\/?page_id=145"},"modified":"2020-05-15T11:53:20","modified_gmt":"2020-05-15T14:53:20","slug":"cursos-ofertados","status":"publish","type":"page","link":"https:\/\/utfpr.curitiba.br\/pesquisadaqbi\/?page_id=145","title":{"rendered":"Cursos Ofertados pelos componentes do Grupo"},"content":{"rendered":"<h3 style=\"text-align: center;\"><strong>Curso de Extens\u00e3o &#8220;Ensino de Ci\u00eancias\/Qu\u00edmica na Perspectiva Dial\u00f3gico-Problematizadora Freireana&#8221;<\/strong><\/h3>\n<p>Carga hor\u00e1ria: 100h.<br \/>\nO Curso visa aprimorar o conhecimento da obra do educador e fil\u00f3sofo brasileiro Paulo Freire, com o objetivo de discutir e desenvolver a metodologia de ensino na perspectiva dial\u00f3gico-problematizadora.<br \/>\nMinistrante: Prof. Dr. Marcelo Lambach<br \/>\nLocal: UTFPR-Curitiba<br \/>\nInscri\u00e7\u00f5es: Encerradas.<\/p>\n<p>&nbsp;<\/p>\n<p>&nbsp;<\/p>\n","protected":false},"excerpt":{"rendered":"<p>Curso de Extens\u00e3o &#8220;Ensino de Ci\u00eancias\/Qu\u00edmica na Perspectiva Dial\u00f3gico-Problematizadora Freireana&#8221; Carga hor\u00e1ria: 100h. O Curso visa aprimorar o conhecimento da obra do educador e fil\u00f3sofo brasileiro Paulo Freire, com o objetivo de discutir e desenvolver a metodologia de ensino na &hellip; <a href=\"https:\/\/utfpr.curitiba.br\/pesquisadaqbi\/?page_id=145\">Continue lendo <span class=\"meta-nav\">&rarr;<\/span><\/a><\/p>\n","protected":false},"author":5,"featured_media":0,"parent":0,"menu_order":0,"comment_status":"closed","ping_status":"open","template":"","meta":{"footnotes":""},"class_list":["post-145","page","type-page","status-publish","hentry"],"_links":{"self":[{"href":"https:\/\/utfpr.curitiba.br\/pesquisadaqbi\/index.php?rest_route=\/wp\/v2\/pages\/145","targetHints":{"allow":["GET"]}}],"collection":[{"href":"https:\/\/utfpr.curitiba.br\/pesquisadaqbi\/index.php?rest_route=\/wp\/v2\/pages"}],"about":[{"href":"https:\/\/utfpr.curitiba.br\/pesquisadaqbi\/index.php?rest_route=\/wp\/v2\/types\/page"}],"author":[{"embeddable":true,"href":"https:\/\/utfpr.curitiba.br\/pesquisadaqbi\/index.php?rest_route=\/wp\/v2\/users\/5"}],"replies":[{"embeddable":true,"href":"https:\/\/utfpr.curitiba.br\/pesquisadaqbi\/index.php?rest_route=%2Fwp%2Fv2%2Fcomments&post=145"}],"version-history":[{"count":2,"href":"https:\/\/utfpr.curitiba.br\/pesquisadaqbi\/index.php?rest_route=\/wp\/v2\/pages\/145\/revisions"}],"predecessor-version":[{"id":149,"href":"https:\/\/utfpr.curitiba.br\/pesquisadaqbi\/index.php?rest_route=\/wp\/v2\/pages\/145\/revisions\/149"}],"wp:attachment":[{"href":"https:\/\/utfpr.curitiba.br\/pesquisadaqbi\/index.php?rest_route=%2Fwp%2Fv2%2Fmedia&parent=145"}],"curies":[{"name":"wp","href":"https:\/\/api.w.org\/{rel}","templated":true}]}}