{"id":1447,"date":"2025-11-11T16:41:21","date_gmt":"2025-11-11T19:41:21","guid":{"rendered":"https:\/\/utfpr.curitiba.br\/neabi\/?page_id=1447"},"modified":"2025-11-11T16:41:23","modified_gmt":"2025-11-11T19:41:23","slug":"apresentacao-cultural-dj-berga","status":"publish","type":"page","link":"https:\/\/utfpr.curitiba.br\/neabi\/apresentacao-cultural-dj-berga\/","title":{"rendered":"Apresenta\u00e7\u00e3o Cultural &#8211; Dj Berga"},"content":{"rendered":"\n<figure class=\"wp-block-image size-large is-resized\"><img fetchpriority=\"high\" decoding=\"async\" width=\"768\" height=\"1024\" src=\"https:\/\/utfpr-ct-static-content.s3.amazonaws.com\/utfpr.curitiba.br\/wp-content\/uploads\/sites\/181\/2025\/11\/Apresentacao-Cultural-DJ-Berga-768x1024.jpg\" alt=\"\" class=\"wp-image-1448\" style=\"width:427px;height:auto\" srcset=\"https:\/\/utfpr-ct-static-content.s3.amazonaws.com\/utfpr.curitiba.br\/wp-content\/uploads\/sites\/181\/2025\/11\/Apresentacao-Cultural-DJ-Berga-768x1024.jpg 768w, https:\/\/utfpr-ct-static-content.s3.amazonaws.com\/utfpr.curitiba.br\/wp-content\/uploads\/sites\/181\/2025\/11\/Apresentacao-Cultural-DJ-Berga-225x300.jpg 225w, https:\/\/utfpr-ct-static-content.s3.amazonaws.com\/utfpr.curitiba.br\/wp-content\/uploads\/sites\/181\/2025\/11\/Apresentacao-Cultural-DJ-Berga.jpg 960w\" sizes=\"(max-width: 768px) 100vw, 768px\" \/><\/figure>\n\n\n\n<p>Atra\u00e7\u00e3o confirmada!!!<\/p>\n\n\n\n<p>A Festa Preta-Ind\u00edgena 2025 vai estremecer com o set poderoso do DJ Berga, cria do funk submundo que traz na batida a for\u00e7a da periferia e a verdade de quem vive o corre! Berga \u00e9 conhecido por colocar todo mundo pra dan\u00e7ar com seus sets de mandel\u00e3o e funk pesado, cheios de energia, autenticidade e paix\u00e3o pelo som.<\/p>\n\n\n\n<p>Depois de agitar o Espanka Funk e o Tangie Under Club, Berga chega agora na Festa Preta-Ind\u00edgena pra mostrar que o baile tamb\u00e9m \u00e9 territ\u00f3rio de arte, corpo e liberdade.<\/p>\n\n\n\n<p>\ud83d\uddd3 Dia: 19 de novembro<br>\u23f0 Hor\u00e1rio: 22h<br>\ud83d\udccd Local: UTFPR Centro<\/p>\n\n\n\n<p>\ud83c\udf9f Inscri\u00e7\u00f5es e mais infos: <a href=\"https:\/\/www.even3.com.br\/festa-preta-indigena-647035\/?fbclid=PAZXh0bgNhZW0CMTEAc3J0YwZhcHBfaWQPNTY3MDY3MzQzMzUyNDI3AAGnwCkw1ueCIsBFFUBm4SJvRWd90AIWfu8nD3yIw2CsWvbL4OrOtGArngLpTi8_aem_v4EsUPMQfXtnfAZK_JGpbQ\" target=\"_blank\" rel=\"noreferrer noopener\">https:\/\/www.even3.com.br\/festa-preta-indigena-647035\/?fbclid=PAZXh0bgNhZW0CMTEAc3J0YwZhcHBfaWQPNTY3MDY3MzQzMzUyNDI3AAGnwCkw1ueCIsBFFUBm4SJvRWd90AIWfu8nD3yIw2CsWvbL4OrOtGArngLpTi8_aem_v4EsUPMQfXtnfAZK_JGpbQ<\/a><\/p>\n","protected":false},"excerpt":{"rendered":"<p>Atra\u00e7\u00e3o confirmada!!! A Festa Preta-Ind\u00edgena 2025 vai estremecer com o set poderoso do DJ Berga, cria do funk submundo que<\/p>\n","protected":false},"author":39,"featured_media":0,"parent":0,"menu_order":0,"comment_status":"closed","ping_status":"closed","template":"","meta":{"colormag_page_container_layout":"default_layout","colormag_page_sidebar_layout":"default_layout","footnotes":""},"class_list":["post-1447","page","type-page","status-publish","hentry"],"_links":{"self":[{"href":"https:\/\/utfpr.curitiba.br\/neabi\/wp-json\/wp\/v2\/pages\/1447","targetHints":{"allow":["GET"]}}],"collection":[{"href":"https:\/\/utfpr.curitiba.br\/neabi\/wp-json\/wp\/v2\/pages"}],"about":[{"href":"https:\/\/utfpr.curitiba.br\/neabi\/wp-json\/wp\/v2\/types\/page"}],"author":[{"embeddable":true,"href":"https:\/\/utfpr.curitiba.br\/neabi\/wp-json\/wp\/v2\/users\/39"}],"replies":[{"embeddable":true,"href":"https:\/\/utfpr.curitiba.br\/neabi\/wp-json\/wp\/v2\/comments?post=1447"}],"version-history":[{"count":1,"href":"https:\/\/utfpr.curitiba.br\/neabi\/wp-json\/wp\/v2\/pages\/1447\/revisions"}],"predecessor-version":[{"id":1449,"href":"https:\/\/utfpr.curitiba.br\/neabi\/wp-json\/wp\/v2\/pages\/1447\/revisions\/1449"}],"wp:attachment":[{"href":"https:\/\/utfpr.curitiba.br\/neabi\/wp-json\/wp\/v2\/media?parent=1447"}],"curies":[{"name":"wp","href":"https:\/\/api.w.org\/{rel}","templated":true}]}}