{"id":1433,"date":"2025-11-11T16:29:47","date_gmt":"2025-11-11T19:29:47","guid":{"rendered":"https:\/\/utfpr.curitiba.br\/neabi\/?page_id=1433"},"modified":"2025-11-11T16:29:49","modified_gmt":"2025-11-11T19:29:49","slug":"oficina-de-maquiagem","status":"publish","type":"page","link":"https:\/\/utfpr.curitiba.br\/neabi\/oficina-de-maquiagem\/","title":{"rendered":"Oficina de Maquiagem"},"content":{"rendered":"\n<figure class=\"wp-block-image size-large is-resized\"><img fetchpriority=\"high\" decoding=\"async\" width=\"768\" height=\"1024\" src=\"https:\/\/utfpr-ct-static-content.s3.amazonaws.com\/utfpr.curitiba.br\/wp-content\/uploads\/sites\/181\/2025\/11\/Oficina-de-Maquiagem-768x1024.jpg\" alt=\"\" class=\"wp-image-1434\" style=\"width:365px;height:auto\" srcset=\"https:\/\/utfpr-ct-static-content.s3.amazonaws.com\/utfpr.curitiba.br\/wp-content\/uploads\/sites\/181\/2025\/11\/Oficina-de-Maquiagem-768x1024.jpg 768w, https:\/\/utfpr-ct-static-content.s3.amazonaws.com\/utfpr.curitiba.br\/wp-content\/uploads\/sites\/181\/2025\/11\/Oficina-de-Maquiagem-225x300.jpg 225w, https:\/\/utfpr-ct-static-content.s3.amazonaws.com\/utfpr.curitiba.br\/wp-content\/uploads\/sites\/181\/2025\/11\/Oficina-de-Maquiagem.jpg 960w\" sizes=\"(max-width: 768px) 100vw, 768px\" \/><\/figure>\n\n\n\n<p>Atra\u00e7\u00e3o confirmada!!!<\/p>\n\n\n\n<p>Com os ministrantes Tiago Claus e Rafaela Zhu. O encontro convida a discutir a presen\u00e7a da maquiagem no cotidiano contempor\u00e2neo e suas implica\u00e7\u00f5es na (re)produ\u00e7\u00e3o de padr\u00f5es cis-h\u00e9tero-brancos. A proposta \u00e9 tensionar essas normas por meio da pr\u00e1tica explorando delineados experimentais e compreendendo a maquiagem como uma ferramenta de express\u00e3o pol\u00edtica, est\u00e9tica e subversiva. Teremos espelhos e delineadores dispon\u00edveis, mas quem quiser pode trazer seus pr\u00f3prios materiais para explorar novas possibilidades de cria\u00e7\u00e3o e resist\u00eancia.<\/p>\n\n\n\n<p>\ud83d\uddd3 Data: 19 de novembro de 2025<br>\u23f0 Hor\u00e1rio: 10h<br>\ud83d\udc65 P\u00fablico: a partir de 14 anos<br>\ud83d\udccd Local: UTFPR Centro<\/p>\n\n\n\n<p>\ud83c\udf9f Inscri\u00e7\u00f5es: <a href=\"https:\/\/www.even3.com.br\/festa-preta-indigena-647035\" target=\"_blank\" rel=\"noreferrer noopener\">https:\/\/www.even3.com.br\/festa-preta-indigena-647035<\/a><\/p>\n","protected":false},"excerpt":{"rendered":"<p>Atra\u00e7\u00e3o confirmada!!! Com os ministrantes Tiago Claus e Rafaela Zhu. O encontro convida a discutir a presen\u00e7a da maquiagem no<\/p>\n","protected":false},"author":39,"featured_media":0,"parent":0,"menu_order":0,"comment_status":"closed","ping_status":"closed","template":"","meta":{"colormag_page_container_layout":"default_layout","colormag_page_sidebar_layout":"default_layout","footnotes":""},"class_list":["post-1433","page","type-page","status-publish","hentry"],"_links":{"self":[{"href":"https:\/\/utfpr.curitiba.br\/neabi\/wp-json\/wp\/v2\/pages\/1433","targetHints":{"allow":["GET"]}}],"collection":[{"href":"https:\/\/utfpr.curitiba.br\/neabi\/wp-json\/wp\/v2\/pages"}],"about":[{"href":"https:\/\/utfpr.curitiba.br\/neabi\/wp-json\/wp\/v2\/types\/page"}],"author":[{"embeddable":true,"href":"https:\/\/utfpr.curitiba.br\/neabi\/wp-json\/wp\/v2\/users\/39"}],"replies":[{"embeddable":true,"href":"https:\/\/utfpr.curitiba.br\/neabi\/wp-json\/wp\/v2\/comments?post=1433"}],"version-history":[{"count":1,"href":"https:\/\/utfpr.curitiba.br\/neabi\/wp-json\/wp\/v2\/pages\/1433\/revisions"}],"predecessor-version":[{"id":1435,"href":"https:\/\/utfpr.curitiba.br\/neabi\/wp-json\/wp\/v2\/pages\/1433\/revisions\/1435"}],"wp:attachment":[{"href":"https:\/\/utfpr.curitiba.br\/neabi\/wp-json\/wp\/v2\/media?parent=1433"}],"curies":[{"name":"wp","href":"https:\/\/api.w.org\/{rel}","templated":true}]}}