{"id":24,"date":"2021-03-08T16:32:31","date_gmt":"2021-03-08T19:32:31","guid":{"rendered":"https:\/\/mbatelecom.ct.utfpr.edu.br\/?page_id=24"},"modified":"2024-09-23T10:03:36","modified_gmt":"2024-09-23T13:03:36","slug":"24-2","status":"publish","type":"page","link":"https:\/\/utfpr.curitiba.br\/mbatelecom\/","title":{"rendered":""},"content":{"rendered":"\t\t<div data-elementor-type=\"wp-page\" data-elementor-id=\"24\" class=\"elementor elementor-24\">\n\t\t\t\t\t\t<section class=\"elementor-section elementor-top-section elementor-element elementor-element-1c9ca6d7 elementor-section-boxed elementor-section-height-default elementor-section-height-default\" data-id=\"1c9ca6d7\" data-element_type=\"section\" data-e-type=\"section\">\n\t\t\t\t\t\t<div class=\"elementor-container elementor-column-gap-default\">\n\t\t\t\t\t<div class=\"elementor-column elementor-col-100 elementor-top-column elementor-element elementor-element-14c40fb2\" data-id=\"14c40fb2\" data-element_type=\"column\" data-e-type=\"column\">\n\t\t\t<div class=\"elementor-widget-wrap elementor-element-populated\">\n\t\t\t\t\t\t<div class=\"elementor-element elementor-element-17126c64 elementor-widget elementor-widget-text-editor\" data-id=\"17126c64\" data-element_type=\"widget\" data-e-type=\"widget\" data-widget_type=\"text-editor.default\">\n\t\t\t\t<div class=\"elementor-widget-container\">\n\t\t\t\t\t\t\t\t\t<p><\/p>\n<div class=\"is-layout-flex wp-container-core-columns-is-layout-28f84493 wp-block-columns-is-layout-flex\">\n<p><\/p>\n<div class=\"is-layout-flow wp-block-column-is-layout-flow\" style=\"flex-basis: 80%\">\n<p><\/p>\n<h3 class=\"wp-block-heading\" style=\"text-align: center\"><a href=\"https:\/\/photos.onedrive.com\/share\/B6506C80D9142537!s5525b100c977409298a4ab33f741b8a7?cid=B6506C80D9142537&amp;resId=B6506C80D9142537!s5525b100c977409298a4ab33f741b8a7&amp;ithint=video&amp;e=1RGy3T&amp;migratedtospo=true&amp;redeem=aHR0cHM6Ly8xZHJ2Lm1zL3YvYy9iNjUwNmM4MGQ5MTQyNTM3L0VRQ3hKVlYzeVpKQW1LU3JNX2RCdUtjQm9mT1c2eW9GeVlTc2dGTzlXUlloQXc_ZT0xUkd5M1Q\" target=\"_blank\" rel=\"noopener\"><span style=\"text-decoration: underline;color: #0000ff\">SOBRE O CURSO DE ESPECIALIZA\u00c7\u00c3O EM <\/span><strong><span style=\"text-decoration: underline;color: #0000ff\">TELECOM<\/span>\u00a0<\/strong><\/a><\/h3>\n<\/div>\n<div style=\"flex-basis: 20%\">\n<div>\n<figure><img decoding=\"async\" src=\"https:\/\/utfpr-ct-static-content.s3.amazonaws.com\/utfpr.curitiba.br\/wp-content\/uploads\/sites\/17\/2021\/03\/waves.png\" alt=\"\" \/><\/figure>\n<\/div>\n<p><\/p>\n<\/div>\n<p><\/p>\n<\/div>\n<p><\/p>\n<p>Devido \u00e0 necessidade de estar permanentemente atento \u00e0 evolu\u00e7\u00e3o do cen\u00e1rio de telecomunica\u00e7\u00f5es e poder identificar as suas demandas, torna-se necess\u00e1rio o surgimento de Cursos de Especializa\u00e7\u00e3o que sejam capazes de suprir as necessidades apontadas. Uma constata\u00e7\u00e3o evidente \u00e9 de que, neste s\u00e9culo, a exig\u00eancia esteja voltada para profissionais que consigam balancear o conhecimento sist\u00eamico com um desenvolvimento progressivo nas atividades de neg\u00f3cios e servi\u00e7os. \u00c9 necess\u00e1ria, ainda, uma compet\u00eancia adicional, que envolve um aprofundamento sobre o ambiente de competi\u00e7\u00e3o, em que a conquista ou a reten\u00e7\u00e3o do cliente passa a ser priorit\u00e1ria nos objetivos da organiza\u00e7\u00e3o.<\/p>\n<p><\/p>\n<p>Este Curso, multidisciplinar, possibilita que profissionais possam travar conhecimento com estrat\u00e9gias, planos e resultados do processo de concorr\u00eancia na presta\u00e7\u00e3o dos servi\u00e7os de telecomunica\u00e7\u00f5es. O Curso tem por finalidade capacitar os profissionais, em conformidade com o perfil exigido, pelo mercado, para proporcionar aos profissionais das \u00e1reas de Engenharia, Administra\u00e7\u00e3o de Empresas, Comunica\u00e7\u00e3o e de Inform\u00e1tica, um amplo conhecimento sobre o &#8220;neg\u00f3cio telecomunica\u00e7\u00f5es&#8221;, envolvendo suas tecnologias, seus servi\u00e7os e regulamenta\u00e7\u00f5es.<\/p>\n<p>Como forma de consolidar os conhecimentos adquiridos e mescl\u00e1-los \u00e0 realidade do mercado, ao final do curso deve ser apresentada uma monografia, onde ser\u00e1 oportunizada a aplica\u00e7\u00e3o dos conhecimentos cl\u00e1ssicos das disciplinas do curso dentro da viv\u00eancia profissional de cada aluno.\u00a0<\/p>\n<p><\/p>\n<div>\n<p><\/p>\n<div class=\"is-layout-flow wp-block-column-is-layout-flow\" style=\"flex-basis: 100%\">\n<p><\/p>\n<div class=\"is-layout-flex wp-container-core-columns-is-layout-28f84493 wp-block-columns-is-layout-flex\">\n<p><\/p>\n<div class=\"is-layout-flow wp-block-column-is-layout-flow\">\n<p><\/p>\n<div>\n<figure><img decoding=\"async\" src=\"https:\/\/utfpr-ct-static-content.s3.amazonaws.com\/utfpr.curitiba.br\/wp-content\/uploads\/sites\/17\/2021\/03\/6167321.png\" alt=\"\" \/><\/figure>\n<h6>OBJETIVOS<\/h6>\n<p>Capacitar o profissional para o gerenciamento do \u201cneg\u00f3cio telecomunica\u00e7\u00f5es\u201d.<br \/>Atualizar os profissionais da \u00e1rea sobre o emprego de novas tecnologias.<br \/>Proporcionar um embasamento t\u00e9cnico aos profissionais que far\u00e3o o Curso.<br \/>Ofertar conte\u00fados voltados para o processo de autogest\u00e3o profissional, por meio de palestras e semin\u00e1rios.<br \/>Focar a converg\u00eancia e o ambiente que se caracteriza por este novo paradigma.<\/p>\n<\/div>\n<p><\/p>\n<\/div>\n<p><\/p>\n<div class=\"is-layout-flow wp-block-column-is-layout-flow\">\n<p><\/p>\n<div>\n<figure><img decoding=\"async\" class=\"alignright\" src=\"https:\/\/utfpr-ct-static-content.s3.amazonaws.com\/utfpr.curitiba.br\/wp-content\/uploads\/sites\/17\/2021\/03\/targetppl1.jpg\" alt=\"\" \/><\/figure>\n<\/div>\n<p><\/p>\n<h6 class=\"wp-block-heading\">P\u00daBLICO ALVO<\/h6>\n<p><\/p>\n<p>Profissionais das \u00e1reas de marketing, vendas, opera\u00e7\u00e3o e manuten\u00e7\u00e3o, desenvolvimento e gerenciamento de P&amp;S, planejamento estrat\u00e9gico, regulamenta\u00e7\u00e3o e interconex\u00e3o, com forma\u00e7\u00e3o em engenharia, administra\u00e7\u00e3o de empresas, tecnologia da informa\u00e7\u00e3o e comunica\u00e7\u00e3o, economia e outras.<\/p>\n<p>\u00a0<\/p>\n<p><span style=\"color: #333333;font-family: 'Open Sans', sans-serif;font-size: 22px;font-style: normal;font-weight: 400\">BENEF\u00cdCIOS<\/span><\/p>\n<p>Conte\u00fados program\u00e1ticos e palestras com temas atuais.\u00a0Equipe de professores renomados com experi\u00eancia na \u00e1rea, oportunidades de networking, desenvolvimento profissional, acesso a l\u00edderes do setor e possibilidade de aumento salarial. Suporte dispon\u00edvel para tirar d\u00favidas e oferecer orienta\u00e7\u00e3o personalizada aos interessados durante todo o processo de matr\u00edcula.\u00a0<\/p>\n<\/div>\n<div>\n<div>\u00a0<\/div>\n<p><\/p>\n<h6 class=\"wp-block-heading\">\u00a0<\/h6>\n<h6>INSTALA\u00c7\u00d5ES E EQUIPAMENTOS<img decoding=\"async\" src=\"https:\/\/utfpr-ct-static-content.s3.amazonaws.com\/utfpr.curitiba.br\/wp-content\/uploads\/sites\/17\/2021\/03\/building861.png\" alt=\"\" \/><\/h6>\n<p><\/p>\n<p>As aulas ser\u00e3o ministradas \u00e0s <strong>ter\u00e7as<\/strong>\u00a0e <strong>quintas-feiras<\/strong>, de forma remota online. Para acesso, ser\u00e3o disponibilizados links do Google Meet.\u00a0<\/p>\n<p><\/p>\n<\/div>\n<p><\/p>\n<\/div>\n<p><\/p>\n<hr \/>\n<p><\/p>\n<div class=\"is-layout-flex wp-container-core-columns-is-layout-28f84493 wp-block-columns-is-layout-flex\">\n<p><\/p>\n<div class=\"is-layout-flow wp-block-column-is-layout-flow\" style=\"flex-basis: 33.33%\">\n<p><\/p>\n<\/div>\n<p><\/p>\n<div class=\"is-layout-flow wp-block-column-is-layout-flow\" style=\"flex-basis: 66.66%\">\n<p><\/p>\n<h6 class=\"wp-block-heading\"><a href=\"https:\/\/drive.google.com\/file\/d\/14WziQiis3e5_VPw5kj5tnDb851MUnWvY\/view?usp=sharing\" target=\"_blank\" rel=\"noopener\"><span style=\"color: #0000ff\">CRONOGRAMA<img decoding=\"async\" class=\"alignright\" src=\"https:\/\/utfpr-ct-static-content.s3.amazonaws.com\/utfpr.curitiba.br\/wp-content\/uploads\/sites\/17\/2021\/03\/imagem20colada202290x1527-crop-u291611.jpg\" alt=\"\" \/><\/span><\/a><\/h6>\n<h6><strong><span style=\"text-decoration: underline\">ATEN\u00c7\u00c3O: AS INSCRI\u00c7\u00d5ES EST\u00c3O ABERTAS!<\/span><\/strong><\/h6>\n<h6><\/h6>\n<div>\n<div>\n<div>\n<figure><img decoding=\"async\" class=\"alignleft\" src=\"https:\/\/utfpr-ct-static-content.s3.amazonaws.com\/utfpr.curitiba.br\/wp-content\/uploads\/sites\/16\/2021\/03\/vagas.png\" alt=\"\" width=\"64\" height=\"64\" \/><\/figure>\n<\/div>\n<p><\/p>\n<p>A carga hor\u00e1ria total do curso \u00e9 de, no m\u00ednimo, <strong>360 horas<\/strong>, sendo que as aulas s\u00e3o ministradas nas ter\u00e7as e quintas-feiras. Mais informa\u00e7\u00f5es pelo telefone:\u00a0<i style=\"color: var( --e-global-color-text );font-weight: inherit\"><span style=\"font-weight: bold\">(47) 99934-0123<\/span><\/i>.\u00a0<\/p>\n<\/div>\n<div>\n<figure><img decoding=\"async\" class=\"alignleft\" src=\"https:\/\/utfpr-ct-static-content.s3.amazonaws.com\/utfpr.curitiba.br\/wp-content\/uploads\/sites\/16\/2021\/03\/duracao.png\" alt=\"\" \/><\/figure>\n<\/div>\n<div>\n<p style=\"font-size: 16px;text-align: left\"><span style=\"color: var( --e-global-color-text );, serif;font-size: 16px;font-style: normal;font-weight: 400\">No momento, o curso encontra-se com as inscri\u00e7\u00f5es abertas e o cronograma j\u00e1 est\u00e1 dispon\u00edvel.<\/span><\/p>\n<div style=\"font-family: Roboto, sans-serif;font-size: 16px;font-style: normal;font-weight: 400\">\n<div>\n<p><\/p>\n<p>\u00a0<\/p>\n<p style=\"font-size: 16px;text-align: left\"><span style=\"font-family: Georgia, 'Times New Roman', 'Bitstream Charter', Times, serif\">INSCRI\u00c7\u00c3O: R$50,00<span style=\"text-decoration: underline\"><em><img decoding=\"async\" class=\"alignleft\" style=\"font-family: inherit;font-style: inherit;font-weight: inherit;color: var( --e-global-color-text )\" src=\"https:\/\/utfpr-ct-static-content.s3.amazonaws.com\/utfpr.curitiba.br\/wp-content\/uploads\/sites\/16\/2021\/03\/valores.png\" alt=\"\" \/><\/em><\/span><\/span><\/p>\n<\/div>\n<\/div>\n<p><\/p>\n<p>MATR\u00cdCULA: R$429,00<\/p>\n<p>PARCELAS: Ser\u00e3o 20 parcelas, no valor de R$ 429,00 cada.<\/p>\n<p><span style=\"text-decoration: underline\"><em>Obs: Pagamentos \u00e0 vista ter\u00e3o 10% de desconto.<br \/><\/em><\/span><\/p>\n<\/div>\n<\/div>\n<p><\/p>\n<\/div>\n<p><\/p>\n<\/div>\n<p><\/p>\n<hr \/>\n<p><\/p>\n<div class=\"is-layout-flow wp-block-group-is-layout-flow\">\n<p><\/p>\n<div class=\"is-layout-flex wp-container-core-columns-is-layout-28f84493 wp-block-columns-is-layout-flex\">\n<p><\/p>\n<div class=\"is-layout-flow wp-block-column-is-layout-flow\" style=\"flex-basis: 66.66%\">\n<p><\/p>\n<h6 class=\"wp-block-heading\" style=\"text-align: left\">COORDENA\u00c7\u00c3O DO CURSO<\/h6>\n<div>\n<div style=\"font-size: 16px;flex-basis: 66.66%\">\n<div style=\"font-size: 16px\">\n<div style=\"font-size: 16px\"><img fetchpriority=\"high\" decoding=\"async\" class=\"alignleft\" style=\"font-style: inherit;font-weight: inherit;color: #333333;font-size: 22px;text-align: center\" src=\"https:\/\/utfpr-ct-static-content.s3.amazonaws.com\/utfpr.curitiba.br\/wp-content\/uploads\/sites\/17\/2021\/03\/imagem20colada201100x366-crop-u287211.jpg\" alt=\"\" width=\"330\" height=\"234\" \/><\/div>\n<div style=\"font-size: 16px\">\n<div style=\"font-size: 16px;text-align: left\">\n<p style=\"font-size: 16px\">Departamento Acad\u00eamico de Eletr\u00f4nica &#8211; DAELN.<br \/>CEP: 80230-901 \u2013 Curitiba \u2013 Paran\u00e1.<br \/>E-mail:\u00a0<a style=\"font-size: 16px\" href=\"mailto:amiziara@utfpr.edu.br\" target=\"_blank\" rel=\"noreferrer noopener\">amiziara@utfpr.edu.br<\/a><\/p>\n<\/div>\n<div style=\"font-size: 16px\">\n<p style=\"font-size: 16px;text-align: left\">Av. Sete de Setembro 3165. Rebou\u00e7as.<\/p>\n<p style=\"font-size: 16px;text-align: left\">Coordenador: Prof. MSc. Alexandre Jorge Miziara<\/p>\n<p style=\"font-size: 16px;text-align: left\">Secret\u00e1ria: Rina Mattoso de Oliveira<\/p>\n<p style=\"font-size: 16px;text-align: left\">E-mail:\u00a0<a style=\"font-size: 16px\" href=\"mailto:rina@utfpr.edu.br\" target=\"_blank\" rel=\"noreferrer noopener\">rina@utfpr.edu.br<\/a><\/p>\n<p style=\"font-size: 16px\"><i style=\"font-weight: inherit;color: var( --e-global-color-text )\">OBS: Maiores informa\u00e7\u00f5es podem ser obtidas via <u>Whatsapp<\/u>\u00a0atrav\u00e9s do n\u00famero\u00a0<span style=\"font-weight: bold\">(47) 99934-0123<\/span>. <\/i><i style=\"font-weight: inherit;color: var( --e-global-color-text )\">\u00a0<\/i><\/p>\n<\/div>\n<p style=\"font-size: 16px\"><img decoding=\"async\" class=\"alignright\" style=\"font-style: inherit;font-weight: inherit;color: #333333;font-size: 22px;text-align: center\" src=\"https:\/\/utfpr-ct-static-content.s3.amazonaws.com\/utfpr.curitiba.br\/wp-content\/uploads\/sites\/17\/2021\/03\/imagem20colada20620x413-crop-u281911.jpg\" alt=\"\" width=\"272\" height=\"413\" \/><\/p>\n<\/div>\n<\/div>\n<\/div>\n<\/div>\n<\/div>\n<\/div>\n<\/div>\n<\/div>\n<\/div>\n<div>\n<div style=\"flex-basis: 100%\">\n<div>\n<div>\n<p><\/p>\n<\/div>\n<p><\/p>\n<\/div>\n<p><\/p>\n<\/div>\n<p><\/p>\n<\/div>\n<p><\/p>\n<p><!-- \/wp:columns --><\/p>\t\t\t\t\t\t\t\t<\/div>\n\t\t\t\t<\/div>\n\t\t\t\t<div class=\"elementor-element elementor-element-e27979e elementor-widget__width-auto elementor-view-stacked elementor-widget-tablet__width-initial elementor-shape-circle elementor-widget elementor-widget-icon\" data-id=\"e27979e\" data-element_type=\"widget\" data-e-type=\"widget\" data-widget_type=\"icon.default\">\n\t\t\t\t<div class=\"elementor-widget-container\">\n\t\t\t\t\t\t\t<div class=\"elementor-icon-wrapper\">\n\t\t\t<a class=\"elementor-icon elementor-animation-grow\" href=\"https:\/\/www.linkedin.com\/in\/mba-telecom-utfpr-0b839a271\/\" target=\"_blank\">\n\t\t\t<i aria-hidden=\"true\" class=\"fab fa-linkedin\"><\/i>\t\t\t<\/a>\n\t\t<\/div>\n\t\t\t\t\t\t<\/div>\n\t\t\t\t<\/div>\n\t\t\t\t<div class=\"elementor-element elementor-element-f962ad9 elementor-widget__width-auto elementor-view-stacked elementor-widget-tablet__width-initial elementor-shape-circle elementor-widget elementor-widget-icon\" data-id=\"f962ad9\" data-element_type=\"widget\" data-e-type=\"widget\" data-widget_type=\"icon.default\">\n\t\t\t\t<div class=\"elementor-widget-container\">\n\t\t\t\t\t\t\t<div class=\"elementor-icon-wrapper\">\n\t\t\t<a class=\"elementor-icon elementor-animation-grow\" href=\"https:\/\/www.instagram.com\/mbatelecom.utfpr\" target=\"_blank\">\n\t\t\t<i aria-hidden=\"true\" class=\"icon icon-instagram-1\"><\/i>\t\t\t<\/a>\n\t\t<\/div>\n\t\t\t\t\t\t<\/div>\n\t\t\t\t<\/div>\n\t\t\t\t\t<\/div>\n\t\t<\/div>\n\t\t\t\t\t<\/div>\n\t\t<\/section>\n\t\t\t\t<section class=\"elementor-section elementor-top-section elementor-element elementor-element-b2febf4 elementor-section-boxed elementor-section-height-default elementor-section-height-default\" data-id=\"b2febf4\" data-element_type=\"section\" data-e-type=\"section\">\n\t\t\t\t\t\t<div class=\"elementor-container elementor-column-gap-default\">\n\t\t\t\t\t<div class=\"elementor-column elementor-col-100 elementor-top-column elementor-element elementor-element-172d6df\" data-id=\"172d6df\" data-element_type=\"column\" data-e-type=\"column\">\n\t\t\t<div class=\"elementor-widget-wrap elementor-element-populated\">\n\t\t\t\t\t\t<div class=\"elementor-element elementor-element-49dc2dd elementor-view-stacked elementor-widget__width-auto elementor-fixed elementor-shape-circle elementor-widget elementor-widget-icon\" data-id=\"49dc2dd\" data-element_type=\"widget\" data-e-type=\"widget\" data-settings=\"{&quot;_position&quot;:&quot;fixed&quot;}\" data-widget_type=\"icon.default\">\n\t\t\t\t<div class=\"elementor-widget-container\">\n\t\t\t\t\t\t\t<div class=\"elementor-icon-wrapper\">\n\t\t\t<a class=\"elementor-icon elementor-animation-grow\" href=\"https:\/\/api.whatsapp.com\/send?phone=554799340123&#038;text=Ol%C3%A1!%20Gostaria%20de%20maiores%20informa%C3%A7%C3%B5es%20sobre%20o%20MBA%20em%20Telecomunica%C3%A7%C3%B5es!\" target=\"_blank\">\n\t\t\t<i aria-hidden=\"true\" class=\"fab fa-whatsapp\"><\/i>\t\t\t<\/a>\n\t\t<\/div>\n\t\t\t\t\t\t<\/div>\n\t\t\t\t<\/div>\n\t\t\t\t\t<\/div>\n\t\t<\/div>\n\t\t\t\t\t<\/div>\n\t\t<\/section>\n\t\t\t\t<\/div>\n\t\t","protected":false},"excerpt":{"rendered":"<p>SOBRE O CURSO DE ESPECIALIZA\u00c7\u00c3O EM TELECOM\u00a0 Devido \u00e0 necessidade de estar permanentemente atento \u00e0 evolu\u00e7\u00e3o do cen\u00e1rio de telecomunica\u00e7\u00f5es<\/p>\n","protected":false},"author":1,"featured_media":0,"parent":0,"menu_order":0,"comment_status":"closed","ping_status":"closed","template":"","meta":{"colormag_page_container_layout":"default_layout","colormag_page_sidebar_layout":"default_layout","footnotes":""},"class_list":["post-24","page","type-page","status-publish","hentry"],"_links":{"self":[{"href":"https:\/\/utfpr.curitiba.br\/mbatelecom\/wp-json\/wp\/v2\/pages\/24","targetHints":{"allow":["GET"]}}],"collection":[{"href":"https:\/\/utfpr.curitiba.br\/mbatelecom\/wp-json\/wp\/v2\/pages"}],"about":[{"href":"https:\/\/utfpr.curitiba.br\/mbatelecom\/wp-json\/wp\/v2\/types\/page"}],"author":[{"embeddable":true,"href":"https:\/\/utfpr.curitiba.br\/mbatelecom\/wp-json\/wp\/v2\/users\/1"}],"replies":[{"embeddable":true,"href":"https:\/\/utfpr.curitiba.br\/mbatelecom\/wp-json\/wp\/v2\/comments?post=24"}],"version-history":[{"count":480,"href":"https:\/\/utfpr.curitiba.br\/mbatelecom\/wp-json\/wp\/v2\/pages\/24\/revisions"}],"predecessor-version":[{"id":1005,"href":"https:\/\/utfpr.curitiba.br\/mbatelecom\/wp-json\/wp\/v2\/pages\/24\/revisions\/1005"}],"wp:attachment":[{"href":"https:\/\/utfpr.curitiba.br\/mbatelecom\/wp-json\/wp\/v2\/media?parent=24"}],"curies":[{"name":"wp","href":"https:\/\/api.w.org\/{rel}","templated":true}]}}