{"id":74,"date":"2020-11-20T01:44:27","date_gmt":"2020-11-20T04:44:27","guid":{"rendered":"https:\/\/lpee.ct.utfpr.edu.br\/?page_id=74"},"modified":"2024-02-05T15:31:13","modified_gmt":"2024-02-05T18:31:13","slug":"teses","status":"publish","type":"page","link":"https:\/\/utfpr.curitiba.br\/lpee\/teses\/","title":{"rendered":"Teses"},"content":{"rendered":"\n<h2 class=\"wp-block-heading\">2023<\/h2>\n\n\n\n<p><br>Giovano Mayer. Conversor ca-cc monof\u00e1sico com dupla modula\u00e7\u00e3o, pfc, de est\u00e1gio \u00fanico e com desacoplamento de pot\u00eancia. 2023. Tese (Doutorado em Engenharia El\u00e9trica e Inform\u00e1tica Industrial) &#8211; Universidade Tecnol\u00f3gica Federal do Paran\u00e1, . Orientador: Alceu Andre Badin.<\/p>\n\n\n\n<h2 class=\"wp-block-heading\">2022<\/h2>\n\n\n\n<p>Renato Gregolon Scortegagna. <a href=\"http:\/\/repositorio.utfpr.edu.br\/jspui\/handle\/1\/29382\">Estudo e Desenvolvimento em Sistemas de Carregamento de Baterias Sem Contato El\u00e9trico<\/a>. 2022. Tese (Doutorado em Engenharia El\u00e9trica e Inform\u00e1tica Industrial) &#8211; Universidade Tecnol\u00f3gica Federal do Paran\u00e1, . Orientador: Roger Gules.<\/p>\n\n\n\n<p>Julio Cesar Guimar\u00e3es. conversor ca-cc boost interleaved hibrido a capacitor chaveado com elevado fator de potencia. 2022. Tese (Doutorado em Engenharia El\u00e9trica e Inform\u00e1tica Industrial) &#8211; Universidade Tecnol\u00f3gica Federal do Paran\u00e1, . Orientador: Alceu Andre Badin.<\/p>\n\n\n\n<h2 class=\"wp-block-heading\">2021<\/h2>\n\n\n\n<p><\/p>\n\n\n\n<h2 class=\"wp-block-heading publicacoes\">2020<\/h2>\n\n\n\n<p class=\"publicacoes has-normal-font-size\">Marcelo Henrique Granza. <strong><a href=\"http:\/\/repositorio.utfpr.edu.br\/jspui\/handle\/1\/5045\">Desenvolvimento de conversores CA-CC integrados multin\u00edveis monof\u00e1sicos, trif\u00e1sicos, isolados e n\u00e3o isolados com alto fator de pot\u00eancia<\/a><\/strong>. 2020. Tese (Doutorado em Engenharia El\u00e9trica e Inform\u00e1tica Industrial) &#8211; Universidade Tecnol\u00f3gica Federal do Paran\u00e1, . Orientador: Roger Gules.<\/p>\n\n\n\n<p class=\"publicacoes has-normal-font-size\">Marcos Paulo Hirth. <strong><a href=\"http:\/\/repositorio.utfpr.edu.br:8080\/jspui\/bitstream\/1\/5193\/1\/desenvolvimentoconversoresccccbidirecionais.pdf\">DESENVOLVIMENTO DE CONVERSORES CC-CC N\u00c3O ISOLADOS BIDIRECIONAIS COM ELEVADA TAXA DE CONVERS\u00c3O EST\u00c1TICA<\/a><\/strong>. 2020. Tese (Doutorado em Engenharia El\u00e9trica e Inform\u00e1tica Industrial) &#8211; Universidade Tecnol\u00f3gica Federal do Paran\u00e1, . Orientador: Roger Gules.<\/p>\n\n\n\n<h2 class=\"wp-block-heading publicacoes\">2019<\/h2>\n\n\n\n<p class=\"publicacoes has-normal-font-size\">Ana Cristina Fermino Deschamps.<strong> Contribui\u00e7\u00e3o no estudo de retificadores trif\u00e1sicos de est\u00e1gio \u00fanico aplicados a aerogeradores de baixa pot\u00eancia para gera\u00e7\u00e3o distribu\u00edda<\/strong>. 2019. Tese (Doutorado em Engenharia El\u00e9trica e Inform\u00e1tica Industrial) &#8211; Universidade Tecnol\u00f3gica Federal do Paran\u00e1, . Coorientador: Delvanei Gomes Bandeira Junior.<\/p>\n\n\n\n<p class=\"publicacoes has-normal-font-size\">Rubem Petry Carbente. <strong>Processamento de sinais e reconstru\u00e7\u00e3o de imagens utilizando a t\u00e9cnica de elastografia de tecidos por ultrassom atrav\u00e9s de arquitetura de hardware aberta<\/strong>. 2019. Tese (Doutorado em Engenharia El\u00e9trica e Inform\u00e1tica Industrial) &#8211; Universidade Tecnol\u00f3gica Federal do Paran\u00e1, . Coorientador: Amauri Amorin Assef.<\/p>\n\n\n\n<h2 class=\"wp-block-heading publicacoes\">2018<\/h2>\n\n\n\n<p class=\"publicacoes has-normal-font-size\">Nivaldo Theodoro Schiefler Junior. <strong>Gera\u00e7\u00e3o de imagens em tempo real por ultrasson, utilizando as t\u00e9cnicas sparse arrays e plane wave<\/strong>. 2018. Tese (Doutorado em Engenharia El\u00e9trica e Inform\u00e1tica Industrial) &#8211; Universidade Tecnol\u00f3gica Federal do Paran\u00e1, . Coorientador: Amauri Amorin Assef.<\/p>\n\n\n\n<h2 class=\"wp-block-heading publicacoes\">2017<\/h2>\n\n\n\n<p class=\"publicacoes has-normal-font-size\">Carlos Gabriel Bianchin. <strong>Desenvolvimento de conversores est\u00e1ticos para cargas r\u00e1pidas de baterias aplicadas a ve\u00edculos el\u00e9tricos abastecidos em vias p\u00fablicas<\/strong>. 2017. Tese (Doutorado em Engenharia El\u00e9trica e Inform\u00e1tica Industrial) &#8211; Universidade Tecnol\u00f3gica Federal do Paran\u00e1, . Orientador: Roger Gules.<\/p>\n\n\n\n<p class=\"publicacoes has-normal-font-size\">Janderson Duarte. <strong>Estudo de retificadores trif\u00e1sicos isolados utilizando dois m\u00f3dulos de retificadores monof\u00e1sicos<\/strong>. 2017. Tese (Doutorado em Engenharia El\u00e9trica e Inform\u00e1tica Industrial) &#8211; Universidade Tecnol\u00f3gica Federal do Paran\u00e1, . Orientador: Alceu Andre Badin.<\/p>\n\n\n\n<p class=\"publicacoes has-normal-font-size\">Jos\u00e9 Fl\u00e1vio Dums. <strong>Estudo e desenvolvimento de um sistema para o monitoramento e controle de pot\u00eancia ativa em equipamentos eletrocirurgicos<\/strong>. 2017. Tese (Doutorado em Engenharia El\u00e9trica e Inform\u00e1tica Industrial) &#8211; Universidade Tecnol\u00f3gica Federal do Paran\u00e1, Funda\u00e7\u00e3o de Amparo \u00e0 Pesquisa e Inova\u00e7\u00e3o do Estado de Santa Catarina. Coorientador: Alceu Andre Badin.<\/p>\n","protected":false},"excerpt":{"rendered":"<p>2023 Giovano Mayer. Conversor ca-cc monof\u00e1sico com dupla modula\u00e7\u00e3o, pfc, de est\u00e1gio \u00fanico e com desacoplamento de pot\u00eancia. 2023. Tese (Doutorado em Engenharia El\u00e9trica e Inform\u00e1tica Industrial) &#8211; Universidade Tecnol\u00f3gica Federal do Paran\u00e1, . Orientador: Alceu Andre Badin. 2022 Renato Gregolon Scortegagna. Estudo e Desenvolvimento em Sistemas de Carregamento de Baterias Sem Contato El\u00e9trico. 2022. [&hellip;]<\/p>\n","protected":false},"author":4,"featured_media":0,"parent":0,"menu_order":0,"comment_status":"closed","ping_status":"closed","template":"","meta":{"footnotes":""},"class_list":["post-74","page","type-page","status-publish","czr-hentry"],"_links":{"self":[{"href":"https:\/\/utfpr.curitiba.br\/lpee\/wp-json\/wp\/v2\/pages\/74","targetHints":{"allow":["GET"]}}],"collection":[{"href":"https:\/\/utfpr.curitiba.br\/lpee\/wp-json\/wp\/v2\/pages"}],"about":[{"href":"https:\/\/utfpr.curitiba.br\/lpee\/wp-json\/wp\/v2\/types\/page"}],"author":[{"embeddable":true,"href":"https:\/\/utfpr.curitiba.br\/lpee\/wp-json\/wp\/v2\/users\/4"}],"replies":[{"embeddable":true,"href":"https:\/\/utfpr.curitiba.br\/lpee\/wp-json\/wp\/v2\/comments?post=74"}],"version-history":[{"count":4,"href":"https:\/\/utfpr.curitiba.br\/lpee\/wp-json\/wp\/v2\/pages\/74\/revisions"}],"predecessor-version":[{"id":697,"href":"https:\/\/utfpr.curitiba.br\/lpee\/wp-json\/wp\/v2\/pages\/74\/revisions\/697"}],"wp:attachment":[{"href":"https:\/\/utfpr.curitiba.br\/lpee\/wp-json\/wp\/v2\/media?parent=74"}],"curies":[{"name":"wp","href":"https:\/\/api.w.org\/{rel}","templated":true}]}}