{"id":251,"date":"2020-11-26T09:13:17","date_gmt":"2020-11-26T12:13:17","guid":{"rendered":"https:\/\/lpee.ct.utfpr.edu.br\/?page_id=251"},"modified":"2020-12-11T16:20:06","modified_gmt":"2020-12-11T19:20:06","slug":"o-laboratorio","status":"publish","type":"page","link":"https:\/\/utfpr.curitiba.br\/lpee\/o-laboratorio\/","title":{"rendered":"O laborat\u00f3rio"},"content":{"rendered":"\n<figure class=\"wp-block-image size-large\"><img fetchpriority=\"high\" decoding=\"async\" width=\"1280\" height=\"313\" src=\"https:\/\/utfpr-ct-static-content.s3.amazonaws.com\/utfpr.curitiba.br\/wp-content\/uploads\/sites\/96\/2020\/12\/lab_panoramica.jpg\" alt=\"Foto panor\u00e2mica do laorat\u00f3rio\" class=\"wp-image-524\" srcset=\"https:\/\/utfpr-ct-static-content.s3.amazonaws.com\/utfpr.curitiba.br\/wp-content\/uploads\/sites\/96\/2020\/12\/lab_panoramica.jpg 1280w, https:\/\/utfpr-ct-static-content.s3.amazonaws.com\/utfpr.curitiba.br\/wp-content\/uploads\/sites\/96\/2020\/12\/lab_panoramica-768x188.jpg 768w\" sizes=\"(max-width: 1280px) 100vw, 1280px\" \/><\/figure>\n\n\n\n<p>O Laborat\u00f3rio de Processamento Eletr\u00f4nico de Energia \u2013 LPEE \u00e9 coordenado pelo Prof. Dr. Eduardo F\u00e9lix Ribeiro Romaneli. <\/p>\n\n\n\n<p>O LPEE foi ampliado em 2019 e agora ocupa uma \u00e1rea de 130&nbsp;m2 na sala C008 da UTFPR campus Curitiba. <\/p>\n\n\n\n<p>O laborat\u00f3rio \u00e9 equipado com computadores tipo desktop, bancadas para realiza\u00e7\u00e3o de experimentos e equipamentos de teste e medi\u00e7\u00e3o como oscilosc\u00f3pios digitais, fontes de alimenta\u00e7\u00e3o CA e CC, mult\u00edmetros, watt\u00edmetros, analisadores de energia, termovisores e ferramentas de bancada. <\/p>\n\n\n\n<p>Com dados de 2019, as atividades desenvolvidas dentro deste espa\u00e7o envolvem 6 professores pesquisadores, 25 alunos de p\u00f3s-gradua\u00e7\u00e3o, 2 estagi\u00e1rios, 3 alunos de inicia\u00e7\u00e3o cient\u00edfica al\u00e9m de in\u00fameros outros alunos que realizam seus projetos de conclus\u00e3o de curso. <\/p>\n\n\n\n<p>Atualmente, existem 5 projetos de extens\u00e3o, pesquisa e inova\u00e7\u00e3o sendo realizados. Projetos de inova\u00e7\u00e3o com a empresa NHS \u2013 Sistemas Eletr\u00f4nicos LTDA ACT 013\/2018, COPEL \u2013 Companhia Paranaense de Energia P&amp;D 2866-0528\/2020 e P&amp;D 2866-0464\/2017, Desenvolvimento Tecnol\u00f3gico MCTIC\/CNP 29\/2019 e 28\/2018. <\/p>\n\n\n\n<p>As atividades desenvolvidas s\u00e3o essencialmente trabalhos pr\u00e1ticos de disserta\u00e7\u00f5es de mestrado, projetos de pesquisa dos professores, inicia\u00e7\u00e3o cient\u00edfica, trabalhos de conclus\u00e3o de curso com temas relacionados aos projetos de pesquisa, est\u00e1gios supervisionados vinculados a projetos de extens\u00e3o, al\u00e9m de haver a participa\u00e7\u00e3o de alunos de gradua\u00e7\u00e3o volunt\u00e1rios os quais acompanham projetos de pesquisa. <\/p>\n\n\n\n<p>Os resultados das pesquisas s\u00e3o publicados em congressos e revistas renomados no Brasil e no exterior.<\/p>\n\n\n\n<div class=\"wp-block-image\"><figure class=\"aligncenter size-large is-resized\"><img decoding=\"async\" src=\"https:\/\/utfpr-ct-static-content.s3.amazonaws.com\/utfpr.curitiba.br\/wp-content\/uploads\/sites\/96\/2020\/12\/Foto_LPEE_01_12_2020-scaled.jpg\" alt=\"\" class=\"wp-image-413\" width=\"480\" height=\"640\" srcset=\"https:\/\/utfpr-ct-static-content.s3.amazonaws.com\/utfpr.curitiba.br\/wp-content\/uploads\/sites\/96\/2020\/12\/Foto_LPEE_01_12_2020-scaled.jpg 1920w, https:\/\/utfpr-ct-static-content.s3.amazonaws.com\/utfpr.curitiba.br\/wp-content\/uploads\/sites\/96\/2020\/12\/Foto_LPEE_01_12_2020-768x1024.jpg 768w, https:\/\/utfpr-ct-static-content.s3.amazonaws.com\/utfpr.curitiba.br\/wp-content\/uploads\/sites\/96\/2020\/12\/Foto_LPEE_01_12_2020-1152x1536.jpg 1152w, https:\/\/utfpr-ct-static-content.s3.amazonaws.com\/utfpr.curitiba.br\/wp-content\/uploads\/sites\/96\/2020\/12\/Foto_LPEE_01_12_2020-1536x2048.jpg 1536w\" sizes=\"(max-width: 480px) 100vw, 480px\" \/><\/figure><\/div>\n\n\n\n<p>O laborat\u00f3rio conta com os seguintes equipamentos:<\/p>\n\n\n\n<ul class=\"wp-block-list\"><li>1 oscilosc\u00f3pio digital de bancada Tektronics de 4 canais de 100MHz com taxa de amostragem de 1GS\/s<\/li><li>1 oscilosc\u00f3pio digital de bancada Tektronix de 4 canais isolados de 200MHz com taxa de amostragem de 1GS\/s e software para an\u00e1lise de pot\u00eancia<\/li><li>1 oscilosc\u00f3pio digital port\u00e1til Tektronix de 2 canais de 20MHz<\/li><li>1 oscilosc\u00f3pio digital Tektronix de 2 canais de 200MHz<\/li><li>2 oscilosc\u00f3pios digitais port\u00e1teis Tektronix de 4 canais isolados de 100MHz<\/li><li>2 oscilosc\u00f3pios digitais de bancada Tektronix de 2 canais de 60MHz<\/li><li>4 amplificadores e ponteiras de corrente (15A a 150A, 150kHz a 30MHz)<\/li><li>1 analisador de energia digital Yokogawa<\/li><li>1 analisador de energia digital Fluke<\/li><li>2 analisadores de energia digital ICEL<\/li><li>1 fonte CC Supplier de 1000V 3,5A<\/li><li>1 fonte CC Supplier de 400V 10A<\/li><li>1 fonte CC BKPrecision simuladora de pain\u00e9is fotovoltaicos de 600V 8,5A<\/li><li>1 fonte CA Agilent de 300VAC 1750VA<\/li><li>1 termovisor Fluke Ti-9<\/li><li>1 termovisor Fluke Ti-400<\/li><li>8 fontes de alimenta\u00e7\u00e3o ajust\u00e1vel duas sa\u00eddas de 0-30V, 3A<\/li><li>4 fontes de alimenta\u00e7\u00e3o ajust\u00e1vel de 0-30V, 3A<\/li><li>2 kits de desenvolvimento para DSP Texas Instruments<\/li><li>1 kit de desenvolvimento para DSC Freescale<\/li><li>5 kit de desenvolvimento para DSC Microchip<\/li><li>10 mult\u00edmetros digitais<\/li><li>10 pain\u00e9is solares fotovoltaicos de 85Wp Kyocera<\/li><li>8 bancos de baterias estacion\u00e1rias<\/li><li>14 cargas resistivas de 1500W<\/li><li>12 bancadas de laborat\u00f3rio<\/li><li>10 microcomputadores<\/li><li>1 fonte program\u00e1vel trif\u00e1sica Itech CA IT7625 de 4500 VA<\/li><\/ul>\n","protected":false},"excerpt":{"rendered":"<p>O Laborat\u00f3rio de Processamento Eletr\u00f4nico de Energia \u2013 LPEE \u00e9 coordenado pelo Prof. Dr. Eduardo F\u00e9lix Ribeiro Romaneli. O LPEE foi ampliado em 2019 e agora ocupa uma \u00e1rea de 130&nbsp;m2 na sala C008 da UTFPR campus Curitiba. O laborat\u00f3rio \u00e9 equipado com computadores tipo desktop, bancadas para realiza\u00e7\u00e3o de experimentos e equipamentos de teste [&hellip;]<\/p>\n","protected":false},"author":4,"featured_media":0,"parent":0,"menu_order":0,"comment_status":"closed","ping_status":"closed","template":"","meta":{"footnotes":""},"class_list":["post-251","page","type-page","status-publish","czr-hentry"],"_links":{"self":[{"href":"https:\/\/utfpr.curitiba.br\/lpee\/wp-json\/wp\/v2\/pages\/251","targetHints":{"allow":["GET"]}}],"collection":[{"href":"https:\/\/utfpr.curitiba.br\/lpee\/wp-json\/wp\/v2\/pages"}],"about":[{"href":"https:\/\/utfpr.curitiba.br\/lpee\/wp-json\/wp\/v2\/types\/page"}],"author":[{"embeddable":true,"href":"https:\/\/utfpr.curitiba.br\/lpee\/wp-json\/wp\/v2\/users\/4"}],"replies":[{"embeddable":true,"href":"https:\/\/utfpr.curitiba.br\/lpee\/wp-json\/wp\/v2\/comments?post=251"}],"version-history":[{"count":8,"href":"https:\/\/utfpr.curitiba.br\/lpee\/wp-json\/wp\/v2\/pages\/251\/revisions"}],"predecessor-version":[{"id":527,"href":"https:\/\/utfpr.curitiba.br\/lpee\/wp-json\/wp\/v2\/pages\/251\/revisions\/527"}],"wp:attachment":[{"href":"https:\/\/utfpr.curitiba.br\/lpee\/wp-json\/wp\/v2\/media?parent=251"}],"curies":[{"name":"wp","href":"https:\/\/api.w.org\/{rel}","templated":true}]}}