{"id":188,"date":"2020-11-24T16:28:50","date_gmt":"2020-11-24T19:28:50","guid":{"rendered":"https:\/\/lpee.ct.utfpr.edu.br\/?page_id=188"},"modified":"2020-12-10T16:37:43","modified_gmt":"2020-12-10T19:37:43","slug":"contato","status":"publish","type":"page","link":"https:\/\/utfpr.curitiba.br\/lpee\/contato\/","title":{"rendered":"Contato"},"content":{"rendered":"\n<p>Universidade Tecnol\u00f3gica Federal do Paran\u00e1 &#8211; Campus Curitiba, Sede Centro &#8211; Bloco C, Sala C008<\/p>\n\n\n\n<p>Av. Sete de Setembro, 3165, Rebou\u00e7as &#8211; Curitiba, Paran\u00e1 &#8211; CEP: 80230-901<\/p>\n\n\n\n<p>E-mail: lpee-ct@utfpr.edu.br<\/p>\n","protected":false},"excerpt":{"rendered":"<p>Universidade Tecnol\u00f3gica Federal do Paran\u00e1 &#8211; Campus Curitiba, Sede Centro &#8211; Bloco C, Sala C008 Av. Sete de Setembro, 3165, Rebou\u00e7as &#8211; Curitiba, Paran\u00e1 &#8211; CEP: 80230-901 E-mail: lpee-ct@utfpr.edu.br<\/p>\n","protected":false},"author":4,"featured_media":0,"parent":0,"menu_order":0,"comment_status":"closed","ping_status":"closed","template":"","meta":{"footnotes":""},"class_list":["post-188","page","type-page","status-publish","czr-hentry"],"_links":{"self":[{"href":"https:\/\/utfpr.curitiba.br\/lpee\/wp-json\/wp\/v2\/pages\/188","targetHints":{"allow":["GET"]}}],"collection":[{"href":"https:\/\/utfpr.curitiba.br\/lpee\/wp-json\/wp\/v2\/pages"}],"about":[{"href":"https:\/\/utfpr.curitiba.br\/lpee\/wp-json\/wp\/v2\/types\/page"}],"author":[{"embeddable":true,"href":"https:\/\/utfpr.curitiba.br\/lpee\/wp-json\/wp\/v2\/users\/4"}],"replies":[{"embeddable":true,"href":"https:\/\/utfpr.curitiba.br\/lpee\/wp-json\/wp\/v2\/comments?post=188"}],"version-history":[{"count":4,"href":"https:\/\/utfpr.curitiba.br\/lpee\/wp-json\/wp\/v2\/pages\/188\/revisions"}],"predecessor-version":[{"id":522,"href":"https:\/\/utfpr.curitiba.br\/lpee\/wp-json\/wp\/v2\/pages\/188\/revisions\/522"}],"wp:attachment":[{"href":"https:\/\/utfpr.curitiba.br\/lpee\/wp-json\/wp\/v2\/media?parent=188"}],"curies":[{"name":"wp","href":"https:\/\/api.w.org\/{rel}","templated":true}]}}