{"id":2,"date":"2017-07-17T15:29:20","date_gmt":"2017-07-17T15:29:20","guid":{"rendered":"http:\/\/labiotox.ct.utfpr.edu.br\/?page_id=2"},"modified":"2021-04-13T19:05:35","modified_gmt":"2021-04-13T19:05:35","slug":"frontpage","status":"publish","type":"page","link":"https:\/\/utfpr.curitiba.br\/laqmed\/","title":{"rendered":"Bem Vindo ao LaQmed"},"content":{"rendered":"<p><span style=\"font-size: 20px;\">Est\u00e1 \u00e9 a p\u00e1gina do LaQmed, o laborat\u00f3rio \u00a0de qu\u00edmica medicinal do Departamento de Qu\u00edmica e Biologia (DAQBi) da UTFPR-Curitiba. As atividades do laborat\u00f3rio est\u00e3o relacionadas ao estudo e a pesquisa nas \u00e1reas de:<\/span><\/p>\n<blockquote><p>Qu\u00edmica medicinal voltada ao estudo de compostos bioprotetores contra a intoxica\u00e7\u00e3o provocada por organofosforados.<\/p><\/blockquote>\n<p>&nbsp;<\/p>\n<blockquote><p>QSAR (Quantitative Structure Activity Relationship)<\/p><\/blockquote>\n<p>&nbsp;<\/p>\n<blockquote><p>Docking molecular<\/p><\/blockquote>\n<p>&nbsp;<\/p>\n<p><span style=\"font-size: 20px;\">O estudo para o desenvolvimento e\/ou melhoria de compostos com potencial terap\u00eautico \u00e9 o objetivo principal do LaQmed. Atuando em parceria com os outros laborat\u00f3rios do departamento e com outras institui\u00e7\u00f5es de ensino e pesquisa o LaQmed trabalha com t\u00e9cnicas de investiga\u00e7\u00e3o preditiva de rela\u00e7\u00e3o entre estrutura e atividade (QSAR) e docking molecular para o estudo e a descoberta de biomol\u00e9culas voltadas ao tratamento da intoxica\u00e7\u00e3o gerada pela exposi\u00e7\u00e3o a organofosforados.<\/span><\/p>\n<p>Acesse no grupo de pesquisa no diret\u00f3rio Capes<\/p>\n<p><a href=\"http:\/\/dgp.cnpq.br\/dgp\/espelhogrupo\/6328719975765542\"><img decoding=\"async\" class=\"alignleft wp-image-247 size-full\" src=\"http:\/\/utfpr-ct-static-content.s3.amazonaws.com\/utfpr.curitiba.br\/wp-content\/uploads\/sites\/29\/2017\/12\/logo-cnpq.png\" alt=\"\" width=\"112\" height=\"65\" \/><\/a><\/p>\n<p>&nbsp;<\/p>\n<p>&nbsp;<\/p>\n<p>&nbsp;<\/p>\n<p><span style=\"font-size: 20px;\">A SBQ (Sociedade Brasileira de Qu\u00edmica) tem uma sess\u00e3o de qu\u00edmica medicinal, clique l\u00e1.<\/span><\/p>\n<p>&nbsp;<\/p>\n<p><a href=\"http:\/\/www.sbq.org.br\/medicinal\/\"><img decoding=\"async\" class=\"alignnone wp-image-253\" src=\"http:\/\/utfpr-ct-static-content.s3.amazonaws.com\/utfpr.curitiba.br\/wp-content\/uploads\/sites\/29\/2017\/12\/logosqb-300x56.png\" alt=\"\" width=\"241\" height=\"45\" srcset=\"https:\/\/utfpr-ct-static-content.s3.amazonaws.com\/utfpr.curitiba.br\/wp-content\/uploads\/sites\/29\/2017\/12\/logosqb-300x56.png 300w, https:\/\/utfpr-ct-static-content.s3.amazonaws.com\/utfpr.curitiba.br\/wp-content\/uploads\/sites\/29\/2017\/12\/logosqb.png 564w\" sizes=\"(max-width: 241px) 100vw, 241px\" \/><\/a><\/p>\n<p><span style=\"font-size: 20px;\">Alguns dos nossos professores e colaboradores<\/span><\/p>\n<div class=\"tmm tmm_our-team\"><div class=\"tmm_3_columns tmm_wrap tmm_plugin_f\"><span class=\"tmm_two_containers_tablet\"><\/span><div class=\"tmm_container\"><div class=\"tmm_member\" style=\"border-top:#e85935 solid 5px;\"><div class=\"tmm_photo tmm_pic_our-team_0\" style=\"background: url(https:\/\/utfpr-ct-static-content.s3.amazonaws.com\/utfpr.curitiba.br\/wp-content\/uploads\/sites\/29\/2018\/09\/EU.png); margin-left: auto; margin-right:auto; background-size:cover !important;\"><\/div><div class=\"tmm_textblock\"><div class=\"tmm_names\"><span class=\"tmm_fname\">Jonas<\/span> <span class=\"tmm_lname\">Golart<\/span><\/div><div class=\"tmm_job\">Researcher\/Professor<\/div><div class=\"tmm_desc\" style=\"text-align:center\">Researcher \/ professor in the field of medicinal chemistry and molecular modeling and QSAR methods.<\/div><div class=\"tmm_scblock\"><a class=\"tmm_sociallink\" href=\"mailto:jg&#111;&#108;a&#114;t&#064;ut&#102;pr.edu.b&#114;\" title=\"Entre em contato\"><img decoding=\"async\" alt=\"Entre em contato\" src=\"https:\/\/utfpr.curitiba.br\/laqmed\/wp-content\/plugins\/team-members\/inc\/img\/links\/email.png\"\/><\/a><a target=\"_blank\" class=\"tmm_sociallink\" href=\"http:\/\/lattes.cnpq.br\/2110566397333935\" title=\"Lattes\"><img decoding=\"async\" alt=\"Lattes\" src=\"https:\/\/utfpr.curitiba.br\/laqmed\/wp-content\/plugins\/team-members\/inc\/img\/links\/customlink.png\"\/><\/a><a target=\"_blank\" class=\"tmm_sociallink\" href=\"https:\/\/www.researchgate.net\/profile\/Jonas_Da_Silva2\" title=\"ResearchGate\"><img decoding=\"async\" alt=\"ResearchGate\" src=\"https:\/\/utfpr.curitiba.br\/laqmed\/wp-content\/plugins\/team-members\/inc\/img\/links\/vk.png\"\/><\/a><\/div><\/div><\/div><div class=\"tmm_member\" style=\"border-top:#e85935 solid 5px;\"><div class=\"tmm_photo tmm_pic_our-team_1\" style=\"background: url(https:\/\/utfpr-ct-static-content.s3.amazonaws.com\/utfpr.curitiba.br\/wp-content\/uploads\/sites\/29\/2018\/09\/bruno.png); margin-left: auto; margin-right:auto; background-size:cover !important;\"><\/div><div class=\"tmm_textblock\"><div class=\"tmm_names\"><span class=\"tmm_fname\">Bruno<\/span> <span class=\"tmm_lname\">Blaszcyk<\/span><\/div><div class=\"tmm_job\">UNDERGRADUATE STUDENT<\/div><div class=\"tmm_desc\" style=\"text-align:center\"><p>Bachelor's degree in Chemistry at Technological University Federal of Paran\u00e1.<\/p><\/div><div class=\"tmm_scblock\"><a target=\"_blank\" class=\"tmm_sociallink\" href=\"http:\/\/lattes.cnpq.br\/6686815534341392\" title=\"Lattes\"><img decoding=\"async\" alt=\"Lattes\" src=\"https:\/\/utfpr.curitiba.br\/laqmed\/wp-content\/plugins\/team-members\/inc\/img\/links\/customlink.png\"\/><\/a><\/div><\/div><\/div><span class=\"tmm_two_containers_tablet\"><\/span><div class=\"tmm_member\" style=\"border-top:#e85935 solid 5px;\"><div class=\"tmm_photo tmm_pic_our-team_2\" style=\"background: url(https:\/\/utfpr-ct-static-content.s3.amazonaws.com\/utfpr.curitiba.br\/wp-content\/uploads\/sites\/29\/2019\/11\/bb.png); margin-left: auto; margin-right:auto; background-size:cover !important;\"><\/div><div class=\"tmm_textblock\"><div class=\"tmm_names\"><span class=\"tmm_fname\">Barbara <\/span> <span class=\"tmm_lname\">Krul<\/span><\/div><div class=\"tmm_job\">Undergraduate student<\/div><div class=\"tmm_desc\" style=\"text-align:center\">Bachelor's degree in Chemistry at Technological University Federal of Paran\u00e1.<\/div><div class=\"tmm_scblock\"><a class=\"tmm_sociallink\" href=\"mailto:7&#049;89857&#051;&#052;1&#056;&#051;8&#052;&#049;&#049;\" title=\"Entre em contato\"><img decoding=\"async\" alt=\"Entre em contato\" src=\"https:\/\/utfpr.curitiba.br\/laqmed\/wp-content\/plugins\/team-members\/inc\/img\/links\/email.png\"\/><\/a><a target=\"_blank\" class=\"tmm_sociallink\" href=\"http:\/\/lattes.cnpq.br\/7189857341838411\" title=\"Lattes\"><img decoding=\"async\" alt=\"Lattes\" src=\"https:\/\/utfpr.curitiba.br\/laqmed\/wp-content\/plugins\/team-members\/inc\/img\/links\/customlink.png\"\/><\/a><\/div><\/div><\/div><div style=\"clear:both;\"><\/div><\/div><\/div><\/div>\n<div class=\"tmm tmm_colaboradores\"><div class=\"tmm_3_columns tmm_wrap tmm_plugin_f\"><span class=\"tmm_two_containers_tablet\"><\/span><div class=\"tmm_container\"><div class=\"tmm_member\" style=\"border-top:#31a07f solid 5px;\"><div class=\"tmm_photo tmm_pic_colaboradores_0\" style=\"background: url(https:\/\/utfpr-ct-static-content.s3.amazonaws.com\/utfpr.curitiba.br\/wp-content\/uploads\/sites\/29\/2017\/09\/marcos.png); margin-left: auto; margin-right:auto; background-size:cover !important;\"><\/div><div class=\"tmm_textblock\"><div class=\"tmm_names\"><span class=\"tmm_fname\">Marcos<\/span> <span class=\"tmm_lname\">Brown<\/span><\/div><div class=\"tmm_job\">RESEARCHER\/PROFESSOR<\/div><div class=\"tmm_desc\" style=\"text-align:center\">Researcher in the area of molecular modeling with emphasis in molecular biophysics and condensed matter physics<\/div><div class=\"tmm_scblock\"><a target=\"_blank\" class=\"tmm_sociallink\" href=\"http:\/\/laqmed.ct.utfpr.edu.br\/?page_id=194\" title=\"colaborador\"><img decoding=\"async\" alt=\"colaborador\" src=\"https:\/\/utfpr.curitiba.br\/laqmed\/wp-content\/plugins\/team-members\/inc\/img\/links\/website.png\"\/><\/a><\/div><\/div><\/div><div class=\"tmm_member\" style=\"border-top:#31a07f solid 5px;\"><div class=\"tmm_photo tmm_pic_colaboradores_1\" style=\"background: url(https:\/\/utfpr-ct-static-content.s3.amazonaws.com\/utfpr.curitiba.br\/wp-content\/uploads\/sites\/29\/2017\/08\/renan.png); margin-left: auto; margin-right:auto; background-size:cover !important;\"><\/div><div class=\"tmm_textblock\"><div class=\"tmm_names\"><span class=\"tmm_fname\">Renan<\/span> <span class=\"tmm_lname\">Campos<\/span><\/div><div class=\"tmm_job\">RESEARCHER\/PROFESSOR<\/div><div class=\"tmm_desc\" style=\"text-align:center\">Researcher in organic physics, working in theoretical-experimental methodologies applied to the elucidation of reaction mechanisms and studies of reactions involving phosphate esters.<\/div><div class=\"tmm_scblock\"><a target=\"_blank\" class=\"tmm_sociallink\" href=\"http:\/\/laqmed.ct.utfpr.edu.br\/?page_id=171\" title=\"colaborador\"><img decoding=\"async\" alt=\"colaborador\" src=\"https:\/\/utfpr.curitiba.br\/laqmed\/wp-content\/plugins\/team-members\/inc\/img\/links\/website.png\"\/><\/a><\/div><\/div><\/div><span class=\"tmm_two_containers_tablet\"><\/span><div class=\"tmm_member\" style=\"border-top:#31a07f solid 5px;\"><div class=\"tmm_photo tmm_pic_colaboradores_2\" style=\"background: url(https:\/\/utfpr-ct-static-content.s3.amazonaws.com\/utfpr.curitiba.br\/wp-content\/uploads\/sites\/29\/2017\/12\/thiago.png); margin-left: auto; margin-right:auto; background-size:cover !important;\"><\/div><div class=\"tmm_textblock\"><div class=\"tmm_names\"><span class=\"tmm_fname\">Tiago<\/span> <span class=\"tmm_lname\">Camargo<\/span><\/div><div class=\"tmm_job\">RESEARCHER\/PROFESSOR<\/div><div class=\"tmm_desc\" style=\"text-align:center\">Researcher working mainly on the following topics: Mono and binuclear complexes as biomimetic models of the active site of metalloenzymes and coordination compounds with luminescent properties.<\/div><div class=\"tmm_scblock\"><a target=\"_blank\" class=\"tmm_sociallink\" href=\"http:\/\/laqmed.ct.utfpr.edu.br\/?page_id=255\" title=\"colaborador\"><img decoding=\"async\" alt=\"colaborador\" src=\"https:\/\/utfpr.curitiba.br\/laqmed\/wp-content\/plugins\/team-members\/inc\/img\/links\/website.png\"\/><\/a><\/div><\/div><\/div><div style=\"clear:both;\"><\/div><\/div><\/div><\/div>\n<p><iframe src=\"https:\/\/www.youtube.com\/embed\/HYKVH8L1GI8?rel=0\" width=\"560\" height=\"315\" frameborder=\"0\" allowfullscreen=\"allowfullscreen\"><\/iframe><\/p>\n","protected":false},"excerpt":{"rendered":"<p>Est\u00e1 \u00e9 a p\u00e1gina do LaQmed, o laborat\u00f3rio \u00a0de qu\u00edmica medicinal do Departamento de Qu\u00edmica e Biologia (DAQBi) da UTFPR-Curitiba.<\/p>\n","protected":false},"author":6,"featured_media":0,"parent":0,"menu_order":0,"comment_status":"closed","ping_status":"open","template":"","meta":{"colormag_page_container_layout":"default_layout","colormag_page_sidebar_layout":"default_layout","footnotes":""},"class_list":["post-2","page","type-page","status-publish","hentry"],"_links":{"self":[{"href":"https:\/\/utfpr.curitiba.br\/laqmed\/wp-json\/wp\/v2\/pages\/2","targetHints":{"allow":["GET"]}}],"collection":[{"href":"https:\/\/utfpr.curitiba.br\/laqmed\/wp-json\/wp\/v2\/pages"}],"about":[{"href":"https:\/\/utfpr.curitiba.br\/laqmed\/wp-json\/wp\/v2\/types\/page"}],"author":[{"embeddable":true,"href":"https:\/\/utfpr.curitiba.br\/laqmed\/wp-json\/wp\/v2\/users\/6"}],"replies":[{"embeddable":true,"href":"https:\/\/utfpr.curitiba.br\/laqmed\/wp-json\/wp\/v2\/comments?post=2"}],"version-history":[{"count":20,"href":"https:\/\/utfpr.curitiba.br\/laqmed\/wp-json\/wp\/v2\/pages\/2\/revisions"}],"predecessor-version":[{"id":389,"href":"https:\/\/utfpr.curitiba.br\/laqmed\/wp-json\/wp\/v2\/pages\/2\/revisions\/389"}],"wp:attachment":[{"href":"https:\/\/utfpr.curitiba.br\/laqmed\/wp-json\/wp\/v2\/media?parent=2"}],"curies":[{"name":"wp","href":"https:\/\/api.w.org\/{rel}","templated":true}]}}