{"id":976,"date":"2020-05-14T14:54:02","date_gmt":"2020-05-14T17:54:02","guid":{"rendered":"http:\/\/labtutor.ct.utfpr.edu.br\/?page_id=976"},"modified":"2020-05-14T14:54:02","modified_gmt":"2020-05-14T17:54:02","slug":"depoimentos-de-alunos","status":"publish","type":"page","link":"https:\/\/utfpr.curitiba.br\/labtutor\/index.php\/depoimentos-de-alunos\/","title":{"rendered":"Depoimentos de alunos"},"content":{"rendered":"\n<p> Boa tarde, professora Maria Sara!<br>Conforme conversamos brevemente, tenho uma hist\u00f3ria minha pra te contar na qual voc\u00ea teve um impacto tremendo.Me chamo Willian, fui seu aluno por um semestre s\u00f3 em 2014, na qual voc\u00ea administrou uma mat\u00e9ria chamada Planejamento de Carreira para n\u00f3s, alunos de Engenharia El\u00e9trica, na UTFPR. Aquela disciplina, apesar de n\u00e3o estar diretamente ligada ao curso de engenharia, considero como uma das mais importantes que tive em toda a minha vida. E a maneira como voc\u00ea a ministrou foi sensacional e extremamente competente. Lembro que voc\u00ea nos ensinou a montar um bom curr\u00edculo, como nos comportar em uma entrevista de emprego e, obviamente, como planejar nossas carreiras (entre v\u00e1rias outras coisas).\u00a0Pois bem, me lembro que em uma das aulas voc\u00ea separou todo o tempo para falar de programas de trainees em grandes empresas. E me lembro de ter ficado fascinado com a proposta de r\u00e1pido crescimento, trabalhar no mundo corporativo, viajar pela empresa, transitar por diferentes setores, achei tudo incr\u00edvel. E pensei &#8220;quando eu terminar o curso, irei prestar um programa desses&#8221;. A semente foi plantada aquele dia.Mas o tempo passou, a mat\u00e9ria finalizou, assim como o semestre, e eu continuei minha vida de estudante. Dois anos se passaram, at\u00e9 que l\u00e1 pelo 7\u00ba per\u00edodo ingressei como estagi\u00e1rio em uma multinacional japonesa, e l\u00e1 fiquei at\u00e9 o final do curso (mais um ano e meio). Infelizmente, n\u00e3o houve vaga de efetiva\u00e7\u00e3o para mim, e meu \u00faltimo dia de aula da faculdade tamb\u00e9m foi meu \u00faltimo dia empregado l\u00e1. Eu fiquei arrasado. Em uma sexta-feira, estava trabalhando e estudando, na pr\u00f3xima segunda, nada.Ent\u00e3o comecei a procurar empregos em todas as plataformas que conhe\u00e7o: linkedin,\u00a0<a rel=\"noreferrer noopener\" href=\"http:\/\/vagas.com\/\" target=\"_blank\">vagas.com<\/a>, 99jobs, entre outros. Mas ent\u00e3o, num determinado dia, como em uma epifania, subitamente me lembrei daquela aula que tinha tido 4 anos atr\u00e1s: programas de trainee. Corri para meus materiais guardados, resgatei toda a papelada daquele semestre, e comecei n\u00e3o s\u00f3 a me inscrever para os programas, mas tamb\u00e9m a estudar novamente as t\u00e9cnicas de entrevista, apresenta\u00e7\u00e3o pessoal, curr\u00edculo, e outros que havia aprendido com voc\u00ea.Dentre muitos processos seletivos que participei, cheguei no da Bayer, empresa do setor farmac\u00eautico e agropecu\u00e1rio. Participei de um processo seletivo que contou com cerca de 15.000 inscritos do Brasil todo, para preencher 10 vagas&#8230;.e fui selecionado (especificamente para a \u00e1rea de Sa\u00fade Animal).Apliquei tudo que aprendi contigo nesse processo. E passei.Iniciei em janeiro de 2019.Fiz coisas incr\u00edveis: fiz um lan\u00e7amento de produto para cria\u00e7\u00e3o de gado no Paraguai, lan\u00e7amento de tr\u00eas produtos para produ\u00e7\u00e3o de peixe e camar\u00e3o em Natal\/RN, participei de conven\u00e7\u00f5es de vendas em Florian\u00f3polis, encontro com distribuidores comerciais em Atibaia e Florian\u00f3polis novamente, participei de projetos de inova\u00e7\u00e3o, ingressei no time de Marketing Digital da \u00e1rea de pets, entre muitos outros. Fiz de tudo. Conheci muita gente de praticamente todos os setores da empresa. Aprendi DEMAIS.E hoje, 1 ano e 3 meses depois de ingressar na empresa, deixei de ser trainee e fui promovido \u00e0 Coordenador de Projetos de Novos Lan\u00e7amentos, um cargo de n\u00edvel gerencial, cumprindo tudo aquilo que voc\u00ea nos passou 5 anos antes.\u00a0Escrevo essa carta (eletr\u00f4nica) pois n\u00e3o poderia deixar de dizer que, talvez, se eu n\u00e3o tivesse tido aquele semestre de aula contigo quase 6 anos atr\u00e1s, n\u00e3o estaria onde estou hoje.Agrade\u00e7o imensamente pela passagem que voc\u00ea teve em minha vida, pelo conhecimento passado, pela motiva\u00e7\u00e3o e gostaria muito que soubesse o enorme impacto positivo que voc\u00ea teve em mim.Se ainda estiver lecionando essa disciplina, e precisar de um depoimento de um aluno que efetivamente materializou a teoria que voc\u00ea passou, pode contar comigo!<br>Muito obrigado por tudo,Willian.<br><\/p>\n","protected":false},"excerpt":{"rendered":"<p>Boa tarde, professora Maria Sara!Conforme conversamos brevemente, tenho uma hist\u00f3ria minha pra te contar na qual voc\u00ea teve um impacto tremendo.Me chamo Willian, fui seu aluno por um semestre s\u00f3 em 2014, na qual voc\u00ea administrou uma mat\u00e9ria chamada Planejamento de Carreira para n\u00f3s, alunos de Engenharia El\u00e9trica, na UTFPR. Aquela disciplina, apesar de n\u00e3o &hellip; <a href=\"https:\/\/utfpr.curitiba.br\/labtutor\/index.php\/depoimentos-de-alunos\/\" class=\"more-link\">Continue lendo <span class=\"screen-reader-text\">Depoimentos de alunos<\/span> <span class=\"meta-nav\">&rarr;<\/span><\/a><\/p>\n","protected":false},"author":17,"featured_media":0,"parent":0,"menu_order":0,"comment_status":"closed","ping_status":"closed","template":"","meta":{"footnotes":""},"class_list":["post-976","page","type-page","status-publish","hentry"],"_links":{"self":[{"href":"https:\/\/utfpr.curitiba.br\/labtutor\/index.php\/wp-json\/wp\/v2\/pages\/976","targetHints":{"allow":["GET"]}}],"collection":[{"href":"https:\/\/utfpr.curitiba.br\/labtutor\/index.php\/wp-json\/wp\/v2\/pages"}],"about":[{"href":"https:\/\/utfpr.curitiba.br\/labtutor\/index.php\/wp-json\/wp\/v2\/types\/page"}],"author":[{"embeddable":true,"href":"https:\/\/utfpr.curitiba.br\/labtutor\/index.php\/wp-json\/wp\/v2\/users\/17"}],"replies":[{"embeddable":true,"href":"https:\/\/utfpr.curitiba.br\/labtutor\/index.php\/wp-json\/wp\/v2\/comments?post=976"}],"version-history":[{"count":1,"href":"https:\/\/utfpr.curitiba.br\/labtutor\/index.php\/wp-json\/wp\/v2\/pages\/976\/revisions"}],"predecessor-version":[{"id":977,"href":"https:\/\/utfpr.curitiba.br\/labtutor\/index.php\/wp-json\/wp\/v2\/pages\/976\/revisions\/977"}],"wp:attachment":[{"href":"https:\/\/utfpr.curitiba.br\/labtutor\/index.php\/wp-json\/wp\/v2\/media?parent=976"}],"curies":[{"name":"wp","href":"https:\/\/api.w.org\/{rel}","templated":true}]}}

<p> Boa tarde, professora Maria Sara!<br>Conforme conversamos brevemente, tenho uma história minha pra te contar na qual você teve um impacto tremendo.Me chamo Willian, fui seu aluno por um semestre só em 2014, na qual você administrou uma matéria chamada Planejamento de Carreira para nós, alunos de Engenharia Elétrica, na UTFPR. Aquela disciplina, apesar de não estar diretamente ligada ao curso de engenharia, considero como uma das mais importantes que tive em toda a minha vida. E a maneira como você a ministrou foi sensacional e extremamente competente. Lembro que você nos ensinou a montar um bom currículo, como nos comportar em uma entrevista de emprego e, obviamente, como planejar nossas carreiras (entre várias outras coisas). Pois bem, me lembro que em uma das aulas você separou todo o tempo para falar de programas de trainees em grandes empresas. E me lembro de ter ficado fascinado com a proposta de rápido crescimento, trabalhar no mundo corporativo, viajar pela empresa, transitar por diferentes setores, achei tudo incrível. E pensei &#8220;quando eu terminar o curso, irei prestar um programa desses&#8221;. A semente foi plantada aquele dia.Mas o tempo passou, a matéria finalizou, assim como o semestre, e eu continuei minha vida de estudante. Dois anos se passaram, até que lá pelo 7º período ingressei como estagiário em uma multinacional japonesa, e lá fiquei até o final do curso (mais um ano e meio). Infelizmente, não houve vaga de efetivação para mim, e meu último dia de aula da faculdade também foi meu último dia empregado lá. Eu fiquei arrasado. Em uma sexta-feira, estava trabalhando e estudando, na próxima segunda, nada.Então comecei a procurar empregos em todas as plataformas que conheço: linkedin, <a rel="noreferrer noopener" href="http://vagas.com/" target="_blank">vagas.com</a>, 99jobs, entre outros. Mas então, num determinado dia, como em uma epifania, subitamente me lembrei daquela aula que tinha tido 4 anos atrás: programas de trainee. Corri para meus materiais guardados, resgatei toda a papelada daquele semestre, e comecei não só a me inscrever para os programas, mas também a estudar novamente as técnicas de entrevista, apresentação pessoal, currículo, e outros que havia aprendido com você.Dentre muitos processos seletivos que participei, cheguei no da Bayer, empresa do setor farmacêutico e agropecuário. Participei de um processo seletivo que contou com cerca de 15.000 inscritos do Brasil todo, para preencher 10 vagas&#8230;.e fui selecionado (especificamente para a área de Saúde Animal).Apliquei tudo que aprendi contigo nesse processo. E passei.Iniciei em janeiro de 2019.Fiz coisas incríveis: fiz um lançamento de produto para criação de gado no Paraguai, lançamento de três produtos para produção de peixe e camarão em Natal/RN, participei de convenções de vendas em Florianópolis, encontro com distribuidores comerciais em Atibaia e Florianópolis novamente, participei de projetos de inovação, ingressei no time de Marketing Digital da área de pets, entre muitos outros. Fiz de tudo. Conheci muita gente de praticamente todos os setores da empresa. Aprendi DEMAIS.E hoje, 1 ano e 3 meses depois de ingressar na empresa, deixei de ser trainee e fui promovido à Coordenador de Projetos de Novos Lançamentos, um cargo de nível gerencial, cumprindo tudo aquilo que você nos passou 5 anos antes. Escrevo essa carta (eletrônica) pois não poderia deixar de dizer que, talvez, se eu não tivesse tido aquele semestre de aula contigo quase 6 anos atrás, não estaria onde estou hoje.Agradeço imensamente pela passagem que você teve em minha vida, pelo conhecimento passado, pela motivação e gostaria muito que soubesse o enorme impacto positivo que você teve em mim.Se ainda estiver lecionando essa disciplina, e precisar de um depoimento de um aluno que efetivamente materializou a teoria que você passou, pode contar comigo!<br>Muito obrigado por tudo,Willian.<br></p>

<p>Boa tarde, professora Maria Sara!Conforme conversamos brevemente, tenho uma história minha pra te contar na qual você teve um impacto tremendo.Me chamo Willian, fui seu aluno por um semestre só em 2014, na qual você administrou uma matéria chamada Planejamento de Carreira para nós, alunos de Engenharia Elétrica, na UTFPR. Aquela disciplina, apesar de não &hellip; <a href="https://utfpr.curitiba.br/labtutor/index.php/depoimentos-de-alunos/" class="more-link">Continue lendo <span class="screen-reader-text">Depoimentos de alunos</span> <span class="meta-nav">&rarr;</span></a></p>
