{"id":937,"date":"2020-04-21T01:33:02","date_gmt":"2020-04-21T04:33:02","guid":{"rendered":"http:\/\/labtutor.ct.utfpr.edu.br\/?page_id=937"},"modified":"2020-04-21T01:47:39","modified_gmt":"2020-04-21T04:47:39","slug":"prevencao","status":"publish","type":"page","link":"https:\/\/utfpr.curitiba.br\/labtutor\/index.php\/prevencao\/","title":{"rendered":"Preven\u00e7\u00e3o"},"content":{"rendered":"\n<div class=\"wp-block-image\"><figure class=\"aligncenter is-resized\"><img fetchpriority=\"high\" decoding=\"async\" src=\"http:\/\/utfpr-ct-static-content.s3.amazonaws.com\/utfpr.curitiba.br\/wp-content\/uploads\/sites\/87\/2020\/04\/00296405-853x1024.jpg\" alt=\"\" class=\"wp-image-941\" width=\"446\" height=\"535\" srcset=\"https:\/\/utfpr-ct-static-content.s3.amazonaws.com\/utfpr.curitiba.br\/wp-content\/uploads\/sites\/87\/2020\/04\/00296405-853x1024.jpg 853w, https:\/\/utfpr-ct-static-content.s3.amazonaws.com\/utfpr.curitiba.br\/wp-content\/uploads\/sites\/87\/2020\/04\/00296405-250x300.jpg 250w, https:\/\/utfpr-ct-static-content.s3.amazonaws.com\/utfpr.curitiba.br\/wp-content\/uploads\/sites\/87\/2020\/04\/00296405-768x922.jpg 768w, https:\/\/utfpr-ct-static-content.s3.amazonaws.com\/utfpr.curitiba.br\/wp-content\/uploads\/sites\/87\/2020\/04\/00296405.jpg 1000w\" sizes=\"(max-width: 446px) 100vw, 446px\" \/><\/figure><\/div>\n\n\n\n<div class=\"wp-block-image\"><figure class=\"aligncenter is-resized\"><img decoding=\"async\" src=\"http:\/\/utfpr-ct-static-content.s3.amazonaws.com\/utfpr.curitiba.br\/wp-content\/uploads\/sites\/87\/2020\/04\/00296403-853x1024.jpg\" alt=\"\" class=\"wp-image-945\" width=\"450\" height=\"540\" srcset=\"https:\/\/utfpr-ct-static-content.s3.amazonaws.com\/utfpr.curitiba.br\/wp-content\/uploads\/sites\/87\/2020\/04\/00296403-853x1024.jpg 853w, https:\/\/utfpr-ct-static-content.s3.amazonaws.com\/utfpr.curitiba.br\/wp-content\/uploads\/sites\/87\/2020\/04\/00296403-250x300.jpg 250w, https:\/\/utfpr-ct-static-content.s3.amazonaws.com\/utfpr.curitiba.br\/wp-content\/uploads\/sites\/87\/2020\/04\/00296403-768x922.jpg 768w, https:\/\/utfpr-ct-static-content.s3.amazonaws.com\/utfpr.curitiba.br\/wp-content\/uploads\/sites\/87\/2020\/04\/00296403.jpg 1000w\" sizes=\"(max-width: 450px) 100vw, 450px\" \/><\/figure><\/div>\n\n\n\n<div class=\"wp-block-image\"><figure class=\"aligncenter is-resized\"><img decoding=\"async\" src=\"http:\/\/utfpr-ct-static-content.s3.amazonaws.com\/utfpr.curitiba.br\/wp-content\/uploads\/sites\/87\/2020\/04\/00297065-3-1024x640.jpg\" alt=\"\" class=\"wp-image-947\" width=\"583\" height=\"364\" srcset=\"https:\/\/utfpr-ct-static-content.s3.amazonaws.com\/utfpr.curitiba.br\/wp-content\/uploads\/sites\/87\/2020\/04\/00297065-3-1024x640.jpg 1024w, https:\/\/utfpr-ct-static-content.s3.amazonaws.com\/utfpr.curitiba.br\/wp-content\/uploads\/sites\/87\/2020\/04\/00297065-3-300x187.jpg 300w, https:\/\/utfpr-ct-static-content.s3.amazonaws.com\/utfpr.curitiba.br\/wp-content\/uploads\/sites\/87\/2020\/04\/00297065-3-768x480.jpg 768w, https:\/\/utfpr-ct-static-content.s3.amazonaws.com\/utfpr.curitiba.br\/wp-content\/uploads\/sites\/87\/2020\/04\/00297065-3.jpg 1937w\" sizes=\"(max-width: 583px) 100vw, 583px\" \/><figcaption>M\u00e1scaras diminuem probabilidade de transmiss\u00e3o do v\u00edrus.<\/figcaption><\/figure><\/div>\n\n\n\n<p> A <strong>transmiss\u00e3o<\/strong> acontece de uma pessoa doente para outra ou por contato pr\u00f3ximo por meio de:&nbsp;<br>\u2022 Toque do aperto de m\u00e3o;<br>\u2022 Got\u00edculas de saliva;<br>\u2022 Espirro;<br>\u2022 Tosse;<br>\u2022 Catarro;<br>\u2022 Objetos ou superf\u00edcies contaminadas, como celulares, mesas, ma\u00e7anetas, brinquedos, teclados de computador etc. <\/p>\n\n\n\n<p>Os <strong>sintomas<\/strong> da COVID-19 podem variar de um simples resfriado at\u00e9 uma pneumonia severa. Sendo os sintomas mais comuns:<\/p>\n\n\n\n<ul class=\"wp-block-list\"><li>Tosse<\/li><li>Febre&nbsp;<\/li><li>Coriza&nbsp;<\/li><li>Dor de garganta<\/li><li>Dificuldade para respirar<\/li><\/ul>\n\n\n\n<p style=\"text-align:center\" class=\"has-background has-luminous-vivid-amber-background-color\"><strong>Em caso de d\u00favida <em><a href=\"http:\/\/labtutor.ct.utfpr.edu.br\/index.php\/telefones-uteis-e-de-emergencia\/\">ligue!<\/a><\/em><\/strong><\/p>\n\n\n\n<p>Voc\u00ea pode baixar o aplicativo sobre o Coronav\u00edrus <strong><a href=\"https:\/\/www.gov.br\/pt-br\/apps\/coronavirus-sus\">aqui<\/a><\/strong>!<\/p>\n\n\n\n<p style=\"text-align:center\" class=\"has-background has-luminous-vivid-amber-background-color\"><strong>SAIBA MAIS <em><a href=\"https:\/\/coronavirus.saude.gov.br\/\">AQUI <\/a><\/em><\/strong><\/p>\n","protected":false},"excerpt":{"rendered":"<p>A transmiss\u00e3o acontece de uma pessoa doente para outra ou por contato pr\u00f3ximo por meio de:&nbsp;\u2022 Toque do aperto de m\u00e3o;\u2022 Got\u00edculas de saliva;\u2022 Espirro;\u2022 Tosse;\u2022 Catarro;\u2022 Objetos ou superf\u00edcies contaminadas, como celulares, mesas, ma\u00e7anetas, brinquedos, teclados de computador etc. Os sintomas da COVID-19 podem variar de um simples resfriado at\u00e9 uma pneumonia severa. Sendo &hellip; <a href=\"https:\/\/utfpr.curitiba.br\/labtutor\/index.php\/prevencao\/\" class=\"more-link\">Continue lendo <span class=\"screen-reader-text\">Preven\u00e7\u00e3o<\/span> <span class=\"meta-nav\">&rarr;<\/span><\/a><\/p>\n","protected":false},"author":17,"featured_media":0,"parent":0,"menu_order":0,"comment_status":"closed","ping_status":"closed","template":"","meta":{"footnotes":""},"class_list":["post-937","page","type-page","status-publish","hentry"],"_links":{"self":[{"href":"https:\/\/utfpr.curitiba.br\/labtutor\/index.php\/wp-json\/wp\/v2\/pages\/937","targetHints":{"allow":["GET"]}}],"collection":[{"href":"https:\/\/utfpr.curitiba.br\/labtutor\/index.php\/wp-json\/wp\/v2\/pages"}],"about":[{"href":"https:\/\/utfpr.curitiba.br\/labtutor\/index.php\/wp-json\/wp\/v2\/types\/page"}],"author":[{"embeddable":true,"href":"https:\/\/utfpr.curitiba.br\/labtutor\/index.php\/wp-json\/wp\/v2\/users\/17"}],"replies":[{"embeddable":true,"href":"https:\/\/utfpr.curitiba.br\/labtutor\/index.php\/wp-json\/wp\/v2\/comments?post=937"}],"version-history":[{"count":5,"href":"https:\/\/utfpr.curitiba.br\/labtutor\/index.php\/wp-json\/wp\/v2\/pages\/937\/revisions"}],"predecessor-version":[{"id":952,"href":"https:\/\/utfpr.curitiba.br\/labtutor\/index.php\/wp-json\/wp\/v2\/pages\/937\/revisions\/952"}],"wp:attachment":[{"href":"https:\/\/utfpr.curitiba.br\/labtutor\/index.php\/wp-json\/wp\/v2\/media?parent=937"}],"curies":[{"name":"wp","href":"https:\/\/api.w.org\/{rel}","templated":true}]}}