{"id":930,"date":"2020-04-21T01:18:47","date_gmt":"2020-04-21T04:18:47","guid":{"rendered":"http:\/\/labtutor.ct.utfpr.edu.br\/?page_id=930"},"modified":"2020-04-21T01:43:47","modified_gmt":"2020-04-21T04:43:47","slug":"telefones-uteis-e-de-emergencia","status":"publish","type":"page","link":"https:\/\/utfpr.curitiba.br\/labtutor\/index.php\/telefones-uteis-e-de-emergencia\/","title":{"rendered":"Telefones \u00fateis e de emerg\u00eancia"},"content":{"rendered":"\n<div class=\"wp-block-image\"><figure class=\"aligncenter is-resized\"><img fetchpriority=\"high\" decoding=\"async\" src=\"http:\/\/utfpr-ct-static-content.s3.amazonaws.com\/utfpr.curitiba.br\/wp-content\/uploads\/sites\/87\/2020\/04\/00296404-853x1024.jpg\" alt=\"\" class=\"wp-image-946\" width=\"529\" height=\"635\" srcset=\"https:\/\/utfpr-ct-static-content.s3.amazonaws.com\/utfpr.curitiba.br\/wp-content\/uploads\/sites\/87\/2020\/04\/00296404-853x1024.jpg 853w, https:\/\/utfpr-ct-static-content.s3.amazonaws.com\/utfpr.curitiba.br\/wp-content\/uploads\/sites\/87\/2020\/04\/00296404-250x300.jpg 250w, https:\/\/utfpr-ct-static-content.s3.amazonaws.com\/utfpr.curitiba.br\/wp-content\/uploads\/sites\/87\/2020\/04\/00296404-768x922.jpg 768w, https:\/\/utfpr-ct-static-content.s3.amazonaws.com\/utfpr.curitiba.br\/wp-content\/uploads\/sites\/87\/2020\/04\/00296404.jpg 1000w\" sizes=\"(max-width: 529px) 100vw, 529px\" \/><\/figure><\/div>\n\n\n\n<h3 class=\"wp-block-heading\"><strong><em>A prefeitura de Curitiba disponibilizou este n\u00famero de telefone (41) 99876-2903 para que voc\u00ea possa tirar suas d\u00favidas no WhatsApp. \u00c9 s\u00f3 mandar uma mensagem escrito &#8221; CORONAV\u00cdRUS&#8221;.<\/em><\/strong><\/h3>\n\n\n\n<h3 class=\"wp-block-heading\"><strong><em>Se voc\u00ea \u00e9 de Curitiba ligue para a Central de Atendimento da Secretaria de Sa\u00fade, no telefone&nbsp;<\/em><a href=\"tel:3350-9000\"><em>3350-9000<\/em><\/a><\/strong><em> <\/em><strong><em>para fazer uma videoconsulta sobre o Coronav\u00edrus.  O atendimento m\u00e9dico por videoconfer\u00eancia ser\u00e1 feito por agendamento todos os dias, das 8h \u00e0s 23h. <\/em><\/strong><\/h3>\n\n\n\n<h4 class=\"wp-block-heading\"><strong>Corpo de Bombeiros &#8211; 193<\/strong><\/h4>\n\n\n\n<h4 class=\"wp-block-heading\"><strong>Policia Militar &#8211; 190<\/strong><\/h4>\n\n\n\n<h4 class=\"wp-block-heading\"><strong>Pol\u00edcia Rodovi\u00e1ria Federal &#8211; 191<\/strong><\/h4>\n\n\n\n<h4 class=\"wp-block-heading\"><strong>Pol\u00edcia Rodovi\u00e1ria Estadual &#8211; 198<\/strong><\/h4>\n\n\n\n<h4 class=\"wp-block-heading\"><strong>Defesa Civil &#8211; 199<\/strong><\/h4>\n\n\n\n<h4 class=\"wp-block-heading\"><strong>Servi\u00e7o de Atendimento M\u00f3vel de Urg\u00eancia &#8211; SAMU &#8211; 192<\/strong><\/h4>\n\n\n\n<h4 class=\"wp-block-heading\"><strong>Central de Atendimento \u00e0 Mulher no Brasil &#8211; 180<\/strong><\/h4>\n\n\n\n<h4 class=\"wp-block-heading\"><strong>Direitos Humanos &#8211; 100<\/strong><\/h4>\n\n\n\n<h4 class=\"wp-block-heading\"><strong>Ouvidoria do Minist\u00e9rio P\u00fablico &#8211; 127<\/strong><\/h4>\n\n\n\n<p>Em d\u00favida ? Saiba <em><a href=\"https:\/\/www.ebc.com.br\/cidadania\/2013\/09\/telefones-uteis-e-de-emergencia-do-brasil\">aqui<\/a><\/em> para quem ligar!<\/p>\n","protected":false},"excerpt":{"rendered":"<p>A prefeitura de Curitiba disponibilizou este n\u00famero de telefone (41) 99876-2903 para que voc\u00ea possa tirar suas d\u00favidas no WhatsApp. \u00c9 s\u00f3 mandar uma mensagem escrito &#8221; CORONAV\u00cdRUS&#8221;. Se voc\u00ea \u00e9 de Curitiba ligue para a Central de Atendimento da Secretaria de Sa\u00fade, no telefone&nbsp;3350-9000 para fazer uma videoconsulta sobre o Coronav\u00edrus. O atendimento m\u00e9dico &hellip; <a href=\"https:\/\/utfpr.curitiba.br\/labtutor\/index.php\/telefones-uteis-e-de-emergencia\/\" class=\"more-link\">Continue lendo <span class=\"screen-reader-text\">Telefones \u00fateis e de emerg\u00eancia<\/span> <span class=\"meta-nav\">&rarr;<\/span><\/a><\/p>\n","protected":false},"author":17,"featured_media":0,"parent":0,"menu_order":0,"comment_status":"closed","ping_status":"closed","template":"","meta":{"footnotes":""},"class_list":["post-930","page","type-page","status-publish","hentry"],"_links":{"self":[{"href":"https:\/\/utfpr.curitiba.br\/labtutor\/index.php\/wp-json\/wp\/v2\/pages\/930","targetHints":{"allow":["GET"]}}],"collection":[{"href":"https:\/\/utfpr.curitiba.br\/labtutor\/index.php\/wp-json\/wp\/v2\/pages"}],"about":[{"href":"https:\/\/utfpr.curitiba.br\/labtutor\/index.php\/wp-json\/wp\/v2\/types\/page"}],"author":[{"embeddable":true,"href":"https:\/\/utfpr.curitiba.br\/labtutor\/index.php\/wp-json\/wp\/v2\/users\/17"}],"replies":[{"embeddable":true,"href":"https:\/\/utfpr.curitiba.br\/labtutor\/index.php\/wp-json\/wp\/v2\/comments?post=930"}],"version-history":[{"count":3,"href":"https:\/\/utfpr.curitiba.br\/labtutor\/index.php\/wp-json\/wp\/v2\/pages\/930\/revisions"}],"predecessor-version":[{"id":950,"href":"https:\/\/utfpr.curitiba.br\/labtutor\/index.php\/wp-json\/wp\/v2\/pages\/930\/revisions\/950"}],"wp:attachment":[{"href":"https:\/\/utfpr.curitiba.br\/labtutor\/index.php\/wp-json\/wp\/v2\/media?parent=930"}],"curies":[{"name":"wp","href":"https:\/\/api.w.org\/{rel}","templated":true}]}}