{"id":756,"date":"2020-03-09T15:39:56","date_gmt":"2020-03-09T18:39:56","guid":{"rendered":"http:\/\/labtutor.ct.utfpr.edu.br\/?page_id=756"},"modified":"2020-03-09T16:04:16","modified_gmt":"2020-03-09T19:04:16","slug":"planejamento-de-carreira","status":"publish","type":"page","link":"https:\/\/utfpr.curitiba.br\/labtutor\/index.php\/planejamento-de-carreira\/","title":{"rendered":"Planejamento de Carreira"},"content":{"rendered":"\n<div class=\"wp-block-image\"><figure class=\"alignleft\"><img decoding=\"async\" width=\"200\" height=\"200\" src=\"http:\/\/utfpr-ct-static-content.s3.amazonaws.com\/utfpr.curitiba.br\/wp-content\/uploads\/sites\/87\/2020\/03\/prf-1.jpg\" alt=\"\" class=\"wp-image-762\" srcset=\"https:\/\/utfpr-ct-static-content.s3.amazonaws.com\/utfpr.curitiba.br\/wp-content\/uploads\/sites\/87\/2020\/03\/prf-1.jpg 200w, https:\/\/utfpr-ct-static-content.s3.amazonaws.com\/utfpr.curitiba.br\/wp-content\/uploads\/sites\/87\/2020\/03\/prf-1-150x150.jpg 150w, https:\/\/utfpr-ct-static-content.s3.amazonaws.com\/utfpr.curitiba.br\/wp-content\/uploads\/sites\/87\/2020\/03\/prf-1-100x100.jpg 100w\" sizes=\"(max-width: 200px) 100vw, 200px\" \/><\/figure><\/div>\n\n\n\n<p> Professora  Doutora <a href=\"http:\/\/paginapessoal.utfpr.edu.br\/mariadias\"><em>Maria Sara de Lima Dias<\/em><\/a><\/p>\n\n\n\n<p> P\u00f3s-Doutora em Psicologia pela Universidad Aut\u00f3noma de Barcelona (2016) como Bolsista CAPES, Doutora em Psicologia pela Universidade Federal de Santa Catarina (2009) possui mestrado (2004) em Psicologia da Inf\u00e2ncia e Adolesc\u00eancia e gradua\u00e7\u00e3o em Psicologia pela Universidade Federal do Paran\u00e1 (1990). Especialista em Pedagogia Social pela Universidade Cat\u00f3lica Portuguesa. Trabalha com projetos que discutem Tecnologia e Trabalho, Sa\u00fade do Trabalhador e Orienta\u00e7\u00e3o Profissional e Planejamento de Carreira. Professora do Departamento de Estudos Sociais (DAESO) na Universidade Tecnol\u00f3gica Federal do Paran\u00e1 , na gradua\u00e7\u00e3o leciona Psicologia do Trabalho e Planejamento de Carreira. No Programa de P\u00f3s-Gradua\u00e7\u00e3o em Tecnologia e Sociedade &#8211; PPGTE, \u00e9 orientadora de metrado e doutorado, na linha de pesquisa Tecnologia e Trabalho, e atua nas disciplinas Metodologia da Pesquisa, Tecnologia e Sociedade e Dimens\u00f5es Culturais da Tecnologia. <\/p>\n\n\n\n<p><strong>O que \u00e9 a disciplina? <\/strong><\/p>\n\n\n\n<p> \u00c9 comum ouvir, pelos corredores das universidades, que o mundo acad\u00eamico \u00e9 bem diferente do mercado de trabalho e que os alunos n\u00e3o recebem preparo suficiente para saberem como agir frente aos novos desafios que os esperam, tanto na tentativa de um primeiro est\u00e1gio quanto depois da formatura.<br> O que pouca gente sabe \u00e9 que no campus Curitiba da Universidade Tecnol\u00f3gica Federal do Paran\u00e1 (UTFPR) existe uma disciplina chamada \u201cPlanejamento de carreira\u201d, a \u00fanica na cidade com esse foco, fornecida pela professora Mar\u00eda Sara de Lima Dias, do Departamento de Estudos Sociais (DAESO).<br> O planejamento do curso engloba autoconhecimento, conhecimento do mundo profissional (como funcionam processos seletivos e din\u00e2micas em grupo, como apresentar um curr\u00edculo, o que os times de RH avaliam, etc), como planejar sua carreira e conceitos relacionados a tomada de decis\u00e3o. Segundo a professora, a disciplina \u00e9 ministrada todo semestre, dispon\u00edvel em tr\u00eas turnos para que mais pessoas possam ter acesso a esses conte\u00fados.<br> A disciplina \u00e9 ofertada a todos os cursos e tamb\u00e9m \u00e0 comunidade acad\u00eamica e n\u00e3o existem pr\u00e9-requisitos para poder cursar. A matr\u00edcula pode ser feita no in\u00edcio de cada semestre letivo na UTFPR. <\/p>\n\n\n\n<p> Ma\u00edsa Giraldelo Barbosa (COMORG-UTFPR) <\/p>\n\n\n\n<p><strong>Livros publicados:<\/strong><\/p>\n\n\n\n<ul class=\"wp-block-list\"><li>Programa de Desenvolvimento da Autoestima na Escola.<\/li><li> Introdu\u00e7\u00e3o \u00e0s leituras de Lev Vygotski: debates e atualidades na pesquisa. <\/li><li> \u00a0Anais da I Confer\u00eancia de Psicologia Hist\u00f3rico Cultural: Ci\u00eancia, Tecnologia e Sociedade. <\/li><li> Planejamento de Carreira e o projeto de vida. <\/li><li>Pr\u00e1ticas do Psic\u00f3logo em Pol\u00edticas P\u00fablicas.<\/li><li>Din\u00e2mica de Grupo : Aspectos te\u00f3ricos e pr\u00e1ticos. <\/li><li> Projeto de vida: sentidos do trabalho futuro.<\/li><li> Planejamento de Carreira: uma orienta\u00e7\u00e3o para estudantes universit\u00e1rios. <\/li><\/ul>\n","protected":false},"excerpt":{"rendered":"<p>Professora Doutora Maria Sara de Lima Dias P\u00f3s-Doutora em Psicologia pela Universidad Aut\u00f3noma de Barcelona (2016) como Bolsista CAPES, Doutora em Psicologia pela Universidade Federal de Santa Catarina (2009) possui mestrado (2004) em Psicologia da Inf\u00e2ncia e Adolesc\u00eancia e gradua\u00e7\u00e3o em Psicologia pela Universidade Federal do Paran\u00e1 (1990). Especialista em Pedagogia Social pela Universidade Cat\u00f3lica &hellip; <a href=\"https:\/\/utfpr.curitiba.br\/labtutor\/index.php\/planejamento-de-carreira\/\" class=\"more-link\">Continue lendo <span class=\"screen-reader-text\">Planejamento de Carreira<\/span> <span class=\"meta-nav\">&rarr;<\/span><\/a><\/p>\n","protected":false},"author":17,"featured_media":0,"parent":0,"menu_order":0,"comment_status":"closed","ping_status":"closed","template":"","meta":{"footnotes":""},"class_list":["post-756","page","type-page","status-publish","hentry"],"_links":{"self":[{"href":"https:\/\/utfpr.curitiba.br\/labtutor\/index.php\/wp-json\/wp\/v2\/pages\/756","targetHints":{"allow":["GET"]}}],"collection":[{"href":"https:\/\/utfpr.curitiba.br\/labtutor\/index.php\/wp-json\/wp\/v2\/pages"}],"about":[{"href":"https:\/\/utfpr.curitiba.br\/labtutor\/index.php\/wp-json\/wp\/v2\/types\/page"}],"author":[{"embeddable":true,"href":"https:\/\/utfpr.curitiba.br\/labtutor\/index.php\/wp-json\/wp\/v2\/users\/17"}],"replies":[{"embeddable":true,"href":"https:\/\/utfpr.curitiba.br\/labtutor\/index.php\/wp-json\/wp\/v2\/comments?post=756"}],"version-history":[{"count":4,"href":"https:\/\/utfpr.curitiba.br\/labtutor\/index.php\/wp-json\/wp\/v2\/pages\/756\/revisions"}],"predecessor-version":[{"id":765,"href":"https:\/\/utfpr.curitiba.br\/labtutor\/index.php\/wp-json\/wp\/v2\/pages\/756\/revisions\/765"}],"wp:attachment":[{"href":"https:\/\/utfpr.curitiba.br\/labtutor\/index.php\/wp-json\/wp\/v2\/media?parent=756"}],"curies":[{"name":"wp","href":"https:\/\/api.w.org\/{rel}","templated":true}]}}