{"id":692,"date":"2020-02-17T20:10:39","date_gmt":"2020-02-17T23:10:39","guid":{"rendered":"http:\/\/labtutor.ct.utfpr.edu.br\/?page_id=692"},"modified":"2020-05-19T10:39:30","modified_gmt":"2020-05-19T13:39:30","slug":"podcasts","status":"publish","type":"page","link":"https:\/\/utfpr.curitiba.br\/labtutor\/index.php\/podcasts\/","title":{"rendered":"Podcasts"},"content":{"rendered":"\n<p>Confira aqui o \u00e1udio do TALK SOBRE TRABALHO AGORA: NEM DENTRO, NEM FORA realizado pelo projeto TUTOR no dia 08 de Maio com o professor Pedro Moreira Nt.<\/p>\n\n\n\n<figure class=\"wp-block-audio\"><audio controls src=\"https:\/\/ia601506.us.archive.org\/5\/items\/talk-sobre-trabalho-agora-nem-dentro-nem-fora\/TALK%20SOBRE%20TRABALHO%20AGORA%20NEM%20DENTRO%20NEM%20FORA.mp4\"><\/audio><\/figure>\n\n\n\n<p>Confira aqui o \u00e1udio do TALK SOBRE CORONAV\u00cdRUS E ESTADO DE EMERG\u00caNCIA &#8211; O QUE MUDOU? realizado pelo projeto TUTOR no dia 29 de Abril com a professora Dra. Elena Shizuno e o professor Dr. Andr\u00e9 Giamberardino.<\/p>\n\n\n\n<figure class=\"wp-block-audio\"><audio controls src=\"https:\/\/ia801407.us.archive.org\/12\/items\/a-udio-talk-2904-coronavi-rus-e-estado-de-emerge-ncia-o-que-mudou-online-audio-converter.com\/%C3%81UDIO%20TALK%202904%20CORONAV%C3%8DRUS%20E%20ESTADO%20DE%20EMERG%C3%8ANCIA%20O%20QUE%20MUDOU%20%28online-audio-converter.com%29.mp3\"><\/audio><\/figure>\n\n\n\n<p> <strong>O NUAPE-CT<\/strong> (N\u00facleo de Acompanhamento Psicopedag\u00f3gico e Assist\u00eancia Estudantil)<strong>, em parceria com a Subcomiss\u00e3o de Sa\u00fade Mental e Qualidade de Vida da UTFPR, C\u00e2mpus Curitiba, est\u00e3o produzindo um podcast dedicado a reflex\u00f5es sobre sa\u00fade mental e psicologia. O podcast chama-se &#8216;Psis da UT&#8217; e j\u00e1 possui dois epis\u00f3dios. <\/strong> <\/p>\n\n\n\n<p><a href=\"https:\/\/anchor.fm\/psicologia-nuape-ct\/episodes\/Ep1---Entre-Vrus-e-Mortos-ecnr03\/a-a1u3lms\">Epis\u00f3dio 1<\/a> &#8211; Entre v\u00edrus e mortos.<\/p>\n\n\n\n<p><a href=\"https:\/\/anchor.fm\/psicologia-nuape-ct\/episodes\/Ep2---Corta--Natalia-ed1978\/a-a1vvmf5\">Epis\u00f3dios 2<\/a> &#8211; Corta, Natalia.<\/p>\n\n\n\n<p><a href=\"https:\/\/anchor.fm\/psicologia-nuape-ct\/episodes\/Ep3---Freud-edka4f\/a-a23tf6n\">Epis\u00f3dio 3 <\/a>&#8211; Freud?<\/p>\n\n\n\n<h3 class=\"wp-block-heading\"><strong>PODCASTS TUTOR:<\/strong><\/h3>\n\n\n\n<figure class=\"wp-block-image\"><img fetchpriority=\"high\" decoding=\"async\" width=\"960\" height=\"700\" src=\"http:\/\/utfpr-ct-static-content.s3.amazonaws.com\/utfpr.curitiba.br\/wp-content\/uploads\/sites\/87\/2019\/10\/se-eu-consegui-voc\u00ea-tamb\u00e9m-consegue.jpg\" alt=\"\" class=\"wp-image-542\" srcset=\"https:\/\/utfpr-ct-static-content.s3.amazonaws.com\/utfpr.curitiba.br\/wp-content\/uploads\/sites\/87\/2019\/10\/se-eu-consegui-voc\u00ea-tamb\u00e9m-consegue.jpg 960w, https:\/\/utfpr-ct-static-content.s3.amazonaws.com\/utfpr.curitiba.br\/wp-content\/uploads\/sites\/87\/2019\/10\/se-eu-consegui-voc\u00ea-tamb\u00e9m-consegue-300x219.jpg 300w, https:\/\/utfpr-ct-static-content.s3.amazonaws.com\/utfpr.curitiba.br\/wp-content\/uploads\/sites\/87\/2019\/10\/se-eu-consegui-voc\u00ea-tamb\u00e9m-consegue-768x560.jpg 768w\" sizes=\"(max-width: 960px) 100vw, 960px\" \/><\/figure>\n\n\n\n<figure class=\"wp-block-audio\"><audio controls src=\"https:\/\/ia801402.us.archive.org\/24\/items\/goodvibesmata.output\/Good%20Vibes%20Mata.output.mp3\"><\/audio><\/figure>\n\n\n\n<figure class=\"wp-block-image\"><img decoding=\"async\" width=\"960\" height=\"540\" src=\"http:\/\/utfpr-ct-static-content.s3.amazonaws.com\/utfpr.curitiba.br\/wp-content\/uploads\/sites\/87\/2019\/10\/felicidade-superestimada.jpg\" alt=\"\" class=\"wp-image-541\" srcset=\"https:\/\/utfpr-ct-static-content.s3.amazonaws.com\/utfpr.curitiba.br\/wp-content\/uploads\/sites\/87\/2019\/10\/felicidade-superestimada.jpg 960w, https:\/\/utfpr-ct-static-content.s3.amazonaws.com\/utfpr.curitiba.br\/wp-content\/uploads\/sites\/87\/2019\/10\/felicidade-superestimada-300x169.jpg 300w, https:\/\/utfpr-ct-static-content.s3.amazonaws.com\/utfpr.curitiba.br\/wp-content\/uploads\/sites\/87\/2019\/10\/felicidade-superestimada-768x432.jpg 768w\" sizes=\"(max-width: 960px) 100vw, 960px\" \/><\/figure>\n\n\n\n<figure class=\"wp-block-audio\"><audio controls src=\"https:\/\/ia801008.us.archive.org\/22\/items\/felicidadesuperestimada\/Felicidade%20Superestimada.mp3\"><\/audio><\/figure>\n\n\n\n<figure class=\"wp-block-image\"><img decoding=\"async\" width=\"940\" height=\"788\" src=\"http:\/\/utfpr-ct-static-content.s3.amazonaws.com\/utfpr.curitiba.br\/wp-content\/uploads\/sites\/87\/2019\/10\/vulnerabilidade.jpg\" alt=\"\" class=\"wp-image-538\" srcset=\"https:\/\/utfpr-ct-static-content.s3.amazonaws.com\/utfpr.curitiba.br\/wp-content\/uploads\/sites\/87\/2019\/10\/vulnerabilidade.jpg 940w, https:\/\/utfpr-ct-static-content.s3.amazonaws.com\/utfpr.curitiba.br\/wp-content\/uploads\/sites\/87\/2019\/10\/vulnerabilidade-300x251.jpg 300w, https:\/\/utfpr-ct-static-content.s3.amazonaws.com\/utfpr.curitiba.br\/wp-content\/uploads\/sites\/87\/2019\/10\/vulnerabilidade-768x644.jpg 768w\" sizes=\"(max-width: 940px) 100vw, 940px\" \/><\/figure>\n\n\n\n<figure class=\"wp-block-audio\"><audio controls src=\"https:\/\/ia800701.us.archive.org\/32\/items\/VulnerabilidadeNoEdges\/Vulnerabilidade%20-%20NoEdges.mp3\"><\/audio><\/figure>\n\n\n\n<figure class=\"wp-block-image\"><img loading=\"lazy\" decoding=\"async\" width=\"940\" height=\"788\" src=\"http:\/\/utfpr-ct-static-content.s3.amazonaws.com\/utfpr.curitiba.br\/wp-content\/uploads\/sites\/87\/2019\/10\/5-linguagens-do-amor.jpg\" alt=\"\" class=\"wp-image-539\" srcset=\"https:\/\/utfpr-ct-static-content.s3.amazonaws.com\/utfpr.curitiba.br\/wp-content\/uploads\/sites\/87\/2019\/10\/5-linguagens-do-amor.jpg 940w, https:\/\/utfpr-ct-static-content.s3.amazonaws.com\/utfpr.curitiba.br\/wp-content\/uploads\/sites\/87\/2019\/10\/5-linguagens-do-amor-300x251.jpg 300w, https:\/\/utfpr-ct-static-content.s3.amazonaws.com\/utfpr.curitiba.br\/wp-content\/uploads\/sites\/87\/2019\/10\/5-linguagens-do-amor-768x644.jpg 768w\" sizes=\"(max-width: 940px) 100vw, 940px\" \/><\/figure>\n\n\n\n<figure class=\"wp-block-audio\"><audio controls src=\"https:\/\/ia600709.us.archive.org\/13\/items\/CincoLinguagensDoAmorNoEdges\/Cinco%20linguagens%20do%20amor%20-%20NoEdges.mp3\"><\/audio><\/figure>\n","protected":false},"excerpt":{"rendered":"<p>Confira aqui o \u00e1udio do TALK SOBRE TRABALHO AGORA: NEM DENTRO, NEM FORA realizado pelo projeto TUTOR no dia 08 de Maio com o professor Pedro Moreira Nt. Confira aqui o \u00e1udio do TALK SOBRE CORONAV\u00cdRUS E ESTADO DE EMERG\u00caNCIA &#8211; O QUE MUDOU? realizado pelo projeto TUTOR no dia 29 de Abril com a &hellip; <a href=\"https:\/\/utfpr.curitiba.br\/labtutor\/index.php\/podcasts\/\" class=\"more-link\">Continue lendo <span class=\"screen-reader-text\">Podcasts<\/span> <span class=\"meta-nav\">&rarr;<\/span><\/a><\/p>\n","protected":false},"author":17,"featured_media":0,"parent":0,"menu_order":0,"comment_status":"closed","ping_status":"closed","template":"","meta":{"footnotes":""},"class_list":["post-692","page","type-page","status-publish","hentry"],"_links":{"self":[{"href":"https:\/\/utfpr.curitiba.br\/labtutor\/index.php\/wp-json\/wp\/v2\/pages\/692","targetHints":{"allow":["GET"]}}],"collection":[{"href":"https:\/\/utfpr.curitiba.br\/labtutor\/index.php\/wp-json\/wp\/v2\/pages"}],"about":[{"href":"https:\/\/utfpr.curitiba.br\/labtutor\/index.php\/wp-json\/wp\/v2\/types\/page"}],"author":[{"embeddable":true,"href":"https:\/\/utfpr.curitiba.br\/labtutor\/index.php\/wp-json\/wp\/v2\/users\/17"}],"replies":[{"embeddable":true,"href":"https:\/\/utfpr.curitiba.br\/labtutor\/index.php\/wp-json\/wp\/v2\/comments?post=692"}],"version-history":[{"count":9,"href":"https:\/\/utfpr.curitiba.br\/labtutor\/index.php\/wp-json\/wp\/v2\/pages\/692\/revisions"}],"predecessor-version":[{"id":986,"href":"https:\/\/utfpr.curitiba.br\/labtutor\/index.php\/wp-json\/wp\/v2\/pages\/692\/revisions\/986"}],"wp:attachment":[{"href":"https:\/\/utfpr.curitiba.br\/labtutor\/index.php\/wp-json\/wp\/v2\/media?parent=692"}],"curies":[{"name":"wp","href":"https:\/\/api.w.org\/{rel}","templated":true}]}}

<p>Confira aqui o áudio do TALK SOBRE TRABALHO AGORA: NEM DENTRO, NEM FORA realizado pelo projeto TUTOR no dia 08 de Maio com o professor Pedro Moreira Nt.</p>



<figure class="wp-block-audio"><audio controls src="https://ia601506.us.archive.org/5/items/talk-sobre-trabalho-agora-nem-dentro-nem-fora/TALK%20SOBRE%20TRABALHO%20AGORA%20NEM%20DENTRO%20NEM%20FORA.mp4"></audio></figure>



<p>Confira aqui o áudio do TALK SOBRE CORONAVÍRUS E ESTADO DE EMERGÊNCIA &#8211; O QUE MUDOU? realizado pelo projeto TUTOR no dia 29 de Abril com a professora Dra. Elena Shizuno e o professor Dr. André Giamberardino.</p>



<figure class="wp-block-audio"><audio controls src="https://ia801407.us.archive.org/12/items/a-udio-talk-2904-coronavi-rus-e-estado-de-emerge-ncia-o-que-mudou-online-audio-converter.com/%C3%81UDIO%20TALK%202904%20CORONAV%C3%8DRUS%20E%20ESTADO%20DE%20EMERG%C3%8ANCIA%20O%20QUE%20MUDOU%20%28online-audio-converter.com%29.mp3"></audio></figure>



<p> <strong>O NUAPE-CT</strong> (Núcleo de Acompanhamento Psicopedagógico e Assistência Estudantil)<strong>, em parceria com a Subcomissão de Saúde Mental e Qualidade de Vida da UTFPR, Câmpus Curitiba, estão produzindo um podcast dedicado a reflexões sobre saúde mental e psicologia. O podcast chama-se &#8216;Psis da UT&#8217; e já possui dois episódios. </strong> </p>



<p><a href="https://anchor.fm/psicologia-nuape-ct/episodes/Ep1---Entre-Vrus-e-Mortos-ecnr03/a-a1u3lms">Episódio 1</a> &#8211; Entre vírus e mortos.</p>



<p><a href="https://anchor.fm/psicologia-nuape-ct/episodes/Ep2---Corta--Natalia-ed1978/a-a1vvmf5">Episódios 2</a> &#8211; Corta, Natalia.</p>



<p><a href="https://anchor.fm/psicologia-nuape-ct/episodes/Ep3---Freud-edka4f/a-a23tf6n">Episódio 3 </a>&#8211; Freud?</p>



<h3 class="wp-block-heading"><strong>PODCASTS TUTOR:</strong></h3>



<figure class="wp-block-image"><img fetchpriority="high" decoding="async" width="960" height="700" src="http://utfpr-ct-static-content.s3.amazonaws.com/utfpr.curitiba.br/wp-content/uploads/sites/87/2019/10/se-eu-consegui-você-também-consegue.jpg" alt="" class="wp-image-542" srcset="https://utfpr-ct-static-content.s3.amazonaws.com/utfpr.curitiba.br/wp-content/uploads/sites/87/2019/10/se-eu-consegui-você-também-consegue.jpg 960w, https://utfpr-ct-static-content.s3.amazonaws.com/utfpr.curitiba.br/wp-content/uploads/sites/87/2019/10/se-eu-consegui-você-também-consegue-300x219.jpg 300w, https://utfpr-ct-static-content.s3.amazonaws.com/utfpr.curitiba.br/wp-content/uploads/sites/87/2019/10/se-eu-consegui-você-também-consegue-768x560.jpg 768w" sizes="(max-width: 960px) 100vw, 960px" /></figure>



<figure class="wp-block-audio"><audio controls src="https://ia801402.us.archive.org/24/items/goodvibesmata.output/Good%20Vibes%20Mata.output.mp3"></audio></figure>



<figure class="wp-block-image"><img decoding="async" width="960" height="540" src="http://utfpr-ct-static-content.s3.amazonaws.com/utfpr.curitiba.br/wp-content/uploads/sites/87/2019/10/felicidade-superestimada.jpg" alt="" class="wp-image-541" srcset="https://utfpr-ct-static-content.s3.amazonaws.com/utfpr.curitiba.br/wp-content/uploads/sites/87/2019/10/felicidade-superestimada.jpg 960w, https://utfpr-ct-static-content.s3.amazonaws.com/utfpr.curitiba.br/wp-content/uploads/sites/87/2019/10/felicidade-superestimada-300x169.jpg 300w, https://utfpr-ct-static-content.s3.amazonaws.com/utfpr.curitiba.br/wp-content/uploads/sites/87/2019/10/felicidade-superestimada-768x432.jpg 768w" sizes="(max-width: 960px) 100vw, 960px" /></figure>



<figure class="wp-block-audio"><audio controls src="https://ia801008.us.archive.org/22/items/felicidadesuperestimada/Felicidade%20Superestimada.mp3"></audio></figure>



<figure class="wp-block-image"><img decoding="async" width="940" height="788" src="http://utfpr-ct-static-content.s3.amazonaws.com/utfpr.curitiba.br/wp-content/uploads/sites/87/2019/10/vulnerabilidade.jpg" alt="" class="wp-image-538" srcset="https://utfpr-ct-static-content.s3.amazonaws.com/utfpr.curitiba.br/wp-content/uploads/sites/87/2019/10/vulnerabilidade.jpg 940w, https://utfpr-ct-static-content.s3.amazonaws.com/utfpr.curitiba.br/wp-content/uploads/sites/87/2019/10/vulnerabilidade-300x251.jpg 300w, https://utfpr-ct-static-content.s3.amazonaws.com/utfpr.curitiba.br/wp-content/uploads/sites/87/2019/10/vulnerabilidade-768x644.jpg 768w" sizes="(max-width: 940px) 100vw, 940px" /></figure>



<figure class="wp-block-audio"><audio controls src="https://ia800701.us.archive.org/32/items/VulnerabilidadeNoEdges/Vulnerabilidade%20-%20NoEdges.mp3"></audio></figure>



<figure class="wp-block-image"><img loading="lazy" decoding="async" width="940" height="788" src="http://utfpr-ct-static-content.s3.amazonaws.com/utfpr.curitiba.br/wp-content/uploads/sites/87/2019/10/5-linguagens-do-amor.jpg" alt="" class="wp-image-539" srcset="https://utfpr-ct-static-content.s3.amazonaws.com/utfpr.curitiba.br/wp-content/uploads/sites/87/2019/10/5-linguagens-do-amor.jpg 940w, https://utfpr-ct-static-content.s3.amazonaws.com/utfpr.curitiba.br/wp-content/uploads/sites/87/2019/10/5-linguagens-do-amor-300x251.jpg 300w, https://utfpr-ct-static-content.s3.amazonaws.com/utfpr.curitiba.br/wp-content/uploads/sites/87/2019/10/5-linguagens-do-amor-768x644.jpg 768w" sizes="(max-width: 940px) 100vw, 940px" /></figure>



<figure class="wp-block-audio"><audio controls src="https://ia600709.us.archive.org/13/items/CincoLinguagensDoAmorNoEdges/Cinco%20linguagens%20do%20amor%20-%20NoEdges.mp3"></audio></figure>

<p>Confira aqui o áudio do TALK SOBRE TRABALHO AGORA: NEM DENTRO, NEM FORA realizado pelo projeto TUTOR no dia 08 de Maio com o professor Pedro Moreira Nt. Confira aqui o áudio do TALK SOBRE CORONAVÍRUS E ESTADO DE EMERGÊNCIA &#8211; O QUE MUDOU? realizado pelo projeto TUTOR no dia 29 de Abril com a &hellip; <a href="https://utfpr.curitiba.br/labtutor/index.php/podcasts/" class="more-link">Continue lendo <span class="screen-reader-text">Podcasts</span> <span class="meta-nav">&rarr;</span></a></p>
