{"id":433,"date":"2018-12-17T09:33:42","date_gmt":"2018-12-17T11:33:42","guid":{"rendered":"http:\/\/labtutor.ct.utfpr.edu.br\/?page_id=433"},"modified":"2020-02-03T16:51:07","modified_gmt":"2020-02-03T19:51:07","slug":"sisu","status":"publish","type":"page","link":"https:\/\/utfpr.curitiba.br\/labtutor\/index.php\/sisu\/","title":{"rendered":"SISU"},"content":{"rendered":"\n<p>O Sistema de Sele\u00e7\u00e3o Unificada (SiSU) \u00e9 um sistema de reserva de vagas, organizado pelo Minist\u00e9rio da Educa\u00e7\u00e3o (MEC), no qual institui\u00e7\u00f5es p\u00fablicas de Ensino Superior oferecem vagas para candidatos participantes do Exame Nacional de Ensino M\u00e9dio (Enem). Universidades p\u00fablicas de todo o pa\u00eds oferecem, semestralmente, mais de 230 mil vagas. Os candidatos com melhor classifica\u00e7\u00e3o s\u00e3o selecionados, de acordo com suas notas no exame.<\/p>\n\n\n\n<p>Para participar, \u00e9 necess\u00e1rio que o estudante tenha realizado a \u00faltima edi\u00e7\u00e3o do Enem, obtendo nota superior a zero na reda\u00e7\u00e3o. A inscri\u00e7\u00e3o \u00e9 gratuita e feita pela internet. O processo seletivo do SISU possui uma \u00fanica etapa de inscri\u00e7\u00e3o. Para se inscrever, o candidato precisa fazer suas op\u00e7\u00f5es entre as vagas ofertadas pelas institui\u00e7\u00f5es participantes do programa. Al\u00e9m disso, precisa optar tamb\u00e9m se deseja concorrer \u00e0s vagas de ampla concorr\u00eancia ou \u00e0s vagas destinadas a pol\u00edticas afirmativas (cotas para afrodescendentes, ind\u00edgenas, alunos de escola p\u00fablica e para deficientes).<\/p>\n\n\n\n<p>Ap\u00f3s o per\u00edodo de inscri\u00e7\u00f5es, \u00e9 feita a sele\u00e7\u00e3o dos candidatos que obtiveram melhor classifica\u00e7\u00e3o dentro do n\u00famero de vagas ofertadas. O resultado final da sele\u00e7\u00e3o pode ser conferido atrav\u00e9s do Boletim de Desempenho ou por meio das duas chamadas sucessivas que o sistema possui. O SiSU realiza dois processos seletivos por ano, sendo um no in\u00edcio do primeiro semestre e outro no in\u00edcio do segundo semestre.<\/p>\n\n\n\n<p>Saiba o  que mudou no SISU a partir de 2020:<\/p>\n\n\n\n<figure class=\"wp-block-embed-youtube wp-block-embed is-type-video is-provider-youtube wp-embed-aspect-16-9 wp-has-aspect-ratio\"><div class=\"wp-block-embed__wrapper\">\n<iframe title=\"COMO FUNCIONA O SISU | Lucas Felpi\" width=\"474\" height=\"267\" src=\"https:\/\/www.youtube.com\/embed\/nAugzFroyTw?feature=oembed\" frameborder=\"0\" allow=\"accelerometer; autoplay; clipboard-write; encrypted-media; gyroscope; picture-in-picture; web-share\" referrerpolicy=\"strict-origin-when-cross-origin\" allowfullscreen><\/iframe>\n<\/div><\/figure>\n\n\n\n<p>Clique <a href=\"http:\/\/sisu.mec.gov.br\/\">aqui<\/a> e saiba mais sobre o SISU<\/p>\n","protected":false},"excerpt":{"rendered":"<p>O Sistema de Sele\u00e7\u00e3o Unificada (SiSU) \u00e9 um sistema de reserva de vagas, organizado pelo Minist\u00e9rio da Educa\u00e7\u00e3o (MEC), no qual institui\u00e7\u00f5es p\u00fablicas de Ensino Superior oferecem vagas para candidatos participantes do Exame Nacional de Ensino M\u00e9dio (Enem). Universidades p\u00fablicas de todo o pa\u00eds oferecem, semestralmente, mais de 230 mil vagas. Os candidatos com melhor &hellip; <a href=\"https:\/\/utfpr.curitiba.br\/labtutor\/index.php\/sisu\/\" class=\"more-link\">Continue lendo <span class=\"screen-reader-text\">SISU<\/span> <span class=\"meta-nav\">&rarr;<\/span><\/a><\/p>\n","protected":false},"author":17,"featured_media":0,"parent":0,"menu_order":0,"comment_status":"closed","ping_status":"closed","template":"","meta":{"footnotes":""},"class_list":["post-433","page","type-page","status-publish","hentry"],"_links":{"self":[{"href":"https:\/\/utfpr.curitiba.br\/labtutor\/index.php\/wp-json\/wp\/v2\/pages\/433","targetHints":{"allow":["GET"]}}],"collection":[{"href":"https:\/\/utfpr.curitiba.br\/labtutor\/index.php\/wp-json\/wp\/v2\/pages"}],"about":[{"href":"https:\/\/utfpr.curitiba.br\/labtutor\/index.php\/wp-json\/wp\/v2\/types\/page"}],"author":[{"embeddable":true,"href":"https:\/\/utfpr.curitiba.br\/labtutor\/index.php\/wp-json\/wp\/v2\/users\/17"}],"replies":[{"embeddable":true,"href":"https:\/\/utfpr.curitiba.br\/labtutor\/index.php\/wp-json\/wp\/v2\/comments?post=433"}],"version-history":[{"count":6,"href":"https:\/\/utfpr.curitiba.br\/labtutor\/index.php\/wp-json\/wp\/v2\/pages\/433\/revisions"}],"predecessor-version":[{"id":674,"href":"https:\/\/utfpr.curitiba.br\/labtutor\/index.php\/wp-json\/wp\/v2\/pages\/433\/revisions\/674"}],"wp:attachment":[{"href":"https:\/\/utfpr.curitiba.br\/labtutor\/index.php\/wp-json\/wp\/v2\/media?parent=433"}],"curies":[{"name":"wp","href":"https:\/\/api.w.org\/{rel}","templated":true}]}}

<p>O Sistema de Seleção Unificada (SiSU) é um sistema de reserva de vagas, organizado pelo Ministério da Educação (MEC), no qual instituições públicas de Ensino Superior oferecem vagas para candidatos participantes do Exame Nacional de Ensino Médio (Enem). Universidades públicas de todo o país oferecem, semestralmente, mais de 230 mil vagas. Os candidatos com melhor classificação são selecionados, de acordo com suas notas no exame.</p>



<p>Para participar, é necessário que o estudante tenha realizado a última edição do Enem, obtendo nota superior a zero na redação. A inscrição é gratuita e feita pela internet. O processo seletivo do SISU possui uma única etapa de inscrição. Para se inscrever, o candidato precisa fazer suas opções entre as vagas ofertadas pelas instituições participantes do programa. Além disso, precisa optar também se deseja concorrer às vagas de ampla concorrência ou às vagas destinadas a políticas afirmativas (cotas para afrodescendentes, indígenas, alunos de escola pública e para deficientes).</p>



<p>Após o período de inscrições, é feita a seleção dos candidatos que obtiveram melhor classificação dentro do número de vagas ofertadas. O resultado final da seleção pode ser conferido através do Boletim de Desempenho ou por meio das duas chamadas sucessivas que o sistema possui. O SiSU realiza dois processos seletivos por ano, sendo um no início do primeiro semestre e outro no início do segundo semestre.</p>



<p>Saiba o  que mudou no SISU a partir de 2020:</p>



<figure class="wp-block-embed-youtube wp-block-embed is-type-video is-provider-youtube wp-embed-aspect-16-9 wp-has-aspect-ratio"><div class="wp-block-embed__wrapper">
<iframe title="COMO FUNCIONA O SISU | Lucas Felpi" width="474" height="267" src="https://www.youtube.com/embed/nAugzFroyTw?feature=oembed" frameborder="0" allow="accelerometer; autoplay; clipboard-write; encrypted-media; gyroscope; picture-in-picture; web-share" referrerpolicy="strict-origin-when-cross-origin" allowfullscreen></iframe>
</div></figure>



<p>Clique <a href="http://sisu.mec.gov.br/">aqui</a> e saiba mais sobre o SISU</p>

<p>O Sistema de Seleção Unificada (SiSU) é um sistema de reserva de vagas, organizado pelo Ministério da Educação (MEC), no qual instituições públicas de Ensino Superior oferecem vagas para candidatos participantes do Exame Nacional de Ensino Médio (Enem). Universidades públicas de todo o país oferecem, semestralmente, mais de 230 mil vagas. Os candidatos com melhor &hellip; <a href="https://utfpr.curitiba.br/labtutor/index.php/sisu/" class="more-link">Continue lendo <span class="screen-reader-text">SISU</span> <span class="meta-nav">&rarr;</span></a></p>
