{"id":325,"date":"2016-06-14T14:57:03","date_gmt":"2016-06-14T14:57:03","guid":{"rendered":"https:\/\/novolabens2.ct.utfpr.edu.br\/?page_id=325"},"modified":"2020-08-08T14:21:45","modified_gmt":"2020-08-08T17:21:45","slug":"midia","status":"publish","type":"page","link":"https:\/\/utfpr.curitiba.br\/labens\/midia\/","title":{"rendered":"M\u00cdDIA"},"content":{"rendered":"<p><strong>13\/01\/2019 &#8211;\u00a0<\/strong>Una universidad de Brasil y Copel se al\u00edan para crear una red de estaciones de investigaci\u00f3n de energ\u00eda solar.\u00a0<a href=\"http:\/\/revistanuevasenergias.com\/2020\/01\/13\/una-universidad-de-brasil-y-copel-se-alian-para-crear-una-red-de-estaciones-de-investigacion-de-energia-solar\/\">http:\/\/revistanuevasenergias.com\/2020\/01\/13\/una-universidad-de-brasil-y-copel-se-alian-para-crear-una-red-de-estaciones-de-investigacion-de-energia-solar\/<\/a><\/p>\n<p><strong>09\/12\/2019 &#8211; <\/strong>Copel e UTFPR inauguram esta\u00e7\u00e3o de pesquisa.\u00a0<a href=\"http:\/\/www.aen.pr.gov.br\/modules\/video\/showVideo.php?video=39396\">http:\/\/www.aen.pr.gov.br\/modules\/video\/showVideo.php?video=39396<\/a><\/p>\n<p><strong>09\/12\/2019 &#8211; <\/strong>Copel e UTFPR inauguram esta\u00e7\u00f5es de pesquisa em energia solar. <a href=\"http:\/\/www.aen.pr.gov.br\/modules\/noticias\/article.php?storyid=104992&amp;tit=Copel-e-UTFPR-inauguram-estacoes-de-pesquisa-em-energia-solar\" target=\"_blank\" rel=\"noopener noreferrer\">http:\/\/www.aen.pr.gov.br\/modules\/noticias\/article.php?storyid=104992&amp;tit=Copel-e-UTFPR-inauguram-estacoes-de-pesquisa-em-energia-solar<\/a><\/p>\n<p><strong>09\/12\/2019 &#8211;<\/strong> Reportagem do Band Cidade 2\u00aa edi\u00e7\u00e3o sobre a inaugura\u00e7\u00e3o da rede de Esta\u00e7\u00f5es de Pesquisa em Energia Solar. \u00a0<a href=\"https:\/\/youtu.be\/qYxPEnSAijM\" target=\"_blank\" rel=\"noopener noreferrer\">https:\/\/youtu.be\/qYxPEnSAijM<\/a><\/p>\n<p><strong>09\/12\/2019 &#8211;<\/strong> Reportagem do Meio Dia Paran\u00e1 sobre a inaugura\u00e7\u00e3o da rede de Esta\u00e7\u00f5es de Pesquisa em Energia Solar. <a href=\"https:\/\/globoplay.globo.com\/v\/8150802\/programa\/?fbclid=IwAR0GWdhKp0lFUcXDXpBLNZkqJMvAyopqyJc0wKblpTkKGY3tvfm2TrKDcKU\" target=\"_blank\" rel=\"noopener noreferrer\">https:\/\/globoplay.globo.com\/v\/8150802\/programa\/?fbclid=IwAR0GWdhKp0lFUcXDXpBLNZkqJMvAyopqyJc0wKblpTkKGY3tvfm2TrKDcKU<\/a><\/p>\n<p><strong>26\/06\/2017 &#8211; <\/strong>Reportagem\u00a0\u00c9-Paran\u00e1 TV Cultura.\u00a0<a href=\"https:\/\/www.youtube.com\/watch?v=onmVBA68_qw\" target=\"_blank\" rel=\"noopener noreferrer\">https:\/\/www.youtube.com\/watch?v=onmVBA68_qw<\/a><\/p>\n<p><strong>30\/05\/2017 &#8211;<\/strong> Reportagem sobre o aumento do n\u00famero de instala\u00e7\u00f5es de m\u00f3dulos solares para gera\u00e7\u00e3o de energia el\u00e9trica.\u00a0<a href=\"http:\/\/g1.globo.com\/pr\/parana\/bom-dia-pr\/videos\/t\/edicoes\/v\/familias-estao-investindo-em-instalacao-de-placas-de-energia-solar\/5904268\/\" target=\"_blank\" rel=\"noopener noreferrer\">http:\/\/g1.globo.com\/pr\/parana\/bom-dia-pr\/videos\/t\/edicoes\/v\/familias-estao-investindo-em-instalacao-de-placas-de-energia-solar\/5904268\/<\/a><\/p>\n<p><strong>16\/11\/2016 &#8211;\u00a0<\/strong>Entrevista com os pesquisadores Gerson M\u00e1ximo Tiepolo e Jair Urbanetz Jr da UTFPR sobre o crescimento dos investimentos em energia solar em Curitiba\u00a0realizada em 16\/11\/2016 para o &#8220;Paran\u00e1 TV&#8221;\u00a0da RPC filiada da Rede Globo.<a href=\"http:\/\/g1.globo.com\/pr\/parana\/videos\/v\/investimento-em-energia-solar-cresce-em-curitiba\/5452472\/\" target=\"_blank\" rel=\"noopener noreferrer\"> http:\/\/g1.globo.com\/pr\/parana\/videos\/v\/investimento-em-energia-solar-cresce-em-curitiba\/5452472\/<\/a><\/p>\n<p><strong>08\/06\/2016 &#8211;<\/strong> Entrevista com o pesquisador Gerson M\u00e1ximo Tiepolo da UTFPR sobre estudos do potencial de gera\u00e7\u00e3o de energia sob o meio de pain\u00e9is solares no \u00a0estado do Paran\u00e1 realizada em 08\/06\/2016 para o &#8220;Bom Dia Paran\u00e1&#8221; da RPC filiada da Rede Globo. <a href=\"https:\/\/www.youtube.com\/watch?v=ad2Ljr45DrQ\" target=\"_blank\" rel=\"noopener noreferrer\">https:\/\/www.youtube.com\/watch?v=ad2Ljr45DrQ<\/a><\/p>\n<p><strong>27\/05\/2014<\/strong> &#8211; <a href=\"https:\/\/utfpr-ct-static-content.s3.amazonaws.com\/utfpr.curitiba.br\/wp-content\/uploads\/sites\/85\/2016\/06\/Entrevista-Energias-Renov%C3%A1veis-UTFPR-eCampus.pdf\">Pesquisadores da UTFPR C\u00e2mpus Curitiba participam do programa Smart Energy Paran\u00e1<\/a><\/p>\n<p><strong>17\/04\/2012<\/strong> &#8211; Entrevista com os pesquisadores Eloy Casagrande e Jair Urbanetz Junior da UTFPR sobre a inser\u00e7\u00e3o de pain\u00e9is fotovoltaicos no Escrit\u00f3rio Verde da UTFPR realizada em 17\/04\/2012\u00a0para o &#8220;Paran\u00e1 no Ar&#8221; da RIC filiada da Record.\u00a0<a href=\"https:\/\/www.youtube.com\/watch?v=DSOzrxJkKtQ\" target=\"_blank\" rel=\"noopener noreferrer\">https:\/\/www.youtube.com\/watch?v=DSOzrxJkKtQ<\/a><\/p>\n","protected":false},"excerpt":{"rendered":"<p>13\/01\/2019 &#8211;\u00a0Una universidad de Brasil y Copel se al\u00edan para crear una red de estaciones de investigaci\u00f3n de energ\u00eda solar.\u00a0http:\/\/revistanuevasenergias.com\/2020\/01\/13\/una-universidad-de-brasil-y-copel-se-alian-para-crear-una-red-de-estaciones-de-investigacion-de-energia-solar\/<\/p>\n","protected":false},"author":15,"featured_media":0,"parent":0,"menu_order":0,"comment_status":"closed","ping_status":"closed","template":"","meta":{"colormag_page_container_layout":"default_layout","colormag_page_sidebar_layout":"default_layout","footnotes":""},"class_list":["post-325","page","type-page","status-publish","hentry"],"_links":{"self":[{"href":"https:\/\/utfpr.curitiba.br\/labens\/wp-json\/wp\/v2\/pages\/325","targetHints":{"allow":["GET"]}}],"collection":[{"href":"https:\/\/utfpr.curitiba.br\/labens\/wp-json\/wp\/v2\/pages"}],"about":[{"href":"https:\/\/utfpr.curitiba.br\/labens\/wp-json\/wp\/v2\/types\/page"}],"author":[{"embeddable":true,"href":"https:\/\/utfpr.curitiba.br\/labens\/wp-json\/wp\/v2\/users\/15"}],"replies":[{"embeddable":true,"href":"https:\/\/utfpr.curitiba.br\/labens\/wp-json\/wp\/v2\/comments?post=325"}],"version-history":[{"count":1,"href":"https:\/\/utfpr.curitiba.br\/labens\/wp-json\/wp\/v2\/pages\/325\/revisions"}],"predecessor-version":[{"id":1615,"href":"https:\/\/utfpr.curitiba.br\/labens\/wp-json\/wp\/v2\/pages\/325\/revisions\/1615"}],"wp:attachment":[{"href":"https:\/\/utfpr.curitiba.br\/labens\/wp-json\/wp\/v2\/media?parent=325"}],"curies":[{"name":"wp","href":"https:\/\/api.w.org\/{rel}","templated":true}]}}