{"id":32,"date":"2021-07-09T16:01:08","date_gmt":"2021-07-09T19:01:08","guid":{"rendered":"https:\/\/ixdive.ct.utfpr.edu.br\/?page_id=32"},"modified":"2024-03-25T19:03:22","modified_gmt":"2024-03-25T22:03:22","slug":"project-details","status":"publish","type":"page","link":"https:\/\/utfpr.curitiba.br\/ixdive\/project-details\/","title":{"rendered":"metodologia"},"content":{"rendered":"\n<div class=\"wp-block-cover alignfull\" style=\"min-height:320px;aspect-ratio:unset;\"><span aria-hidden=\"true\" class=\"wp-block-cover__background has-nv-site-bg-background-color has-background-dim-100 has-background-dim\"><\/span><div class=\"wp-block-cover__inner-container is-layout-flow wp-block-cover-is-layout-flow\">\n<div class=\"wp-block-group\"><div class=\"wp-block-group__inner-container is-layout-flow wp-block-group-is-layout-flow\">\n<div class=\"wp-block-columns are-vertically-aligned-center is-layout-flex wp-container-core-columns-is-layout-9d6595d7 wp-block-columns-is-layout-flex\">\n<div class=\"wp-block-column is-vertically-aligned-center is-layout-flow wp-block-column-is-layout-flow\" style=\"flex-basis:70%\">\n<h1 class=\"wp-block-heading has-text-align-left has-neve-text-color-color has-text-color\">compreendendo a Metodologia ixDIVE<\/h1>\n\n\n\n<p class=\"has-neve-text-color-color has-text-color\" style=\"font-size:22px\">Organizamos as jornadas a partir de uma rela\u00e7\u00e3o metodol\u00f3gica que valoriza o concreto e o mundo vivido, de um entendimento ampliado dos contextos para quem, com quem e sobre quem falamos quando falamos de pessoas em projetos de intera\u00e7\u00e3o<\/p>\n<\/div>\n\n\n\n<div class=\"wp-block-column is-vertically-aligned-center is-layout-flow wp-block-column-is-layout-flow\" style=\"flex-basis:30%\"><\/div>\n<\/div>\n<\/div><\/div>\n<\/div><\/div>\n\n\n\n<div class=\"wp-block-cover alignfull\" style=\"min-height:600px;aspect-ratio:unset;\"><span aria-hidden=\"true\" class=\"wp-block-cover__background has-nv-light-bg-background-color has-background-dim-100 has-background-dim\"><\/span><div class=\"wp-block-cover__inner-container is-layout-flow wp-block-cover-is-layout-flow\">\n<div class=\"wp-block-group\"><div class=\"wp-block-group__inner-container is-layout-flow wp-block-group-is-layout-flow\">\n<div style=\"height:80px\" aria-hidden=\"true\" class=\"wp-block-spacer\"><\/div>\n\n\n\n<p class=\"has-nv-dark-bg-color has-nv-site-bg-background-color has-text-color has-background has-link-color has-small-font-size wp-elements-82500efaaf5aa80a423581245a1a3d8f\"><strong>Mergulho \u00e9 a pr\u00e1tica de submergir<\/strong> utilizando um artefato ou a pr\u00f3pria respira\u00e7\u00e3o. <br><strong>Os artefatos<\/strong> &#8211; equipamentos, roupas, tecnologias &#8211; podem ser utilizados para isolar o\/a mergulhador\/a dos efeitos do ambiente de alta press\u00e3o, ou reduzir os riscos de descompress\u00e3o ap\u00f3s mergulhos profundos.&nbsp;<\/p>\n\n\n\n<p class=\"has-nv-dark-bg-color has-nv-site-bg-background-color has-text-color has-background has-link-color has-small-font-size wp-elements-5d67eebbec984806b79217518568ccb4\"><strong>A atividade de mergulho<\/strong> pode ser feita em profundidades rasas ou em \u00e1reas profundas, tendo como restri\u00e7\u00e3o as condi\u00e7\u00f5es do mergulho &#8211; que n\u00e3o sejam extremamente hostis e de acordo com a experi\u00eancia do\/a mergulhador\/a. <strong>Para todo mergulho, \u00e9 preciso treinamento e avalia\u00e7\u00e3o das condi\u00e7\u00f5es, que mudam a partir dos contextos e do mergulhador\/a.<\/strong><\/p>\n\n\n\n<p class=\"has-nv-dark-bg-color has-nv-site-bg-background-color has-text-color has-background has-link-color has-small-font-size wp-elements-75cc8429bd7916480453fe2a8fbfc143\"><strong>A atividade de pesquisa em Design<\/strong>, como um conjunto de pr\u00e1ticas &#8211; <strong>ou em Design de Intera\u00e7\u00e3o<\/strong>, de modo espec\u00edfico &#8211; assemelha-se \u00e0 pr\u00e1tica de mergulhar e exige de n\u00f3s um conhecimento extenso dos meios e dos artefatos &#8211; das tecnologias, t\u00e9cnicas, m\u00e9todos, modos, abordagens, contextos, novos e variados a depender dos projetos que estamos nos envolvendo &#8211; ou mergulhando em busca de solu\u00e7\u00f5es, oportunidades, estrat\u00e9gias, conex\u00f5es, sentidos e valores. <strong>Para pesquisar e projetar bem \u00e9 preciso treinamento e a avalia\u00e7\u00e3o das condi\u00e7\u00f5es, que mudam a partir dos contextos e de designers.<\/strong><\/p>\n\n\n\n<div class=\"wp-block-columns is-layout-flex wp-container-core-columns-is-layout-9d6595d7 wp-block-columns-is-layout-flex\"><\/div>\n<\/div><\/div>\n<\/div><\/div>\n\n\n\n<div class=\"wp-block-cover alignfull has-nv-dark-bg-background-color has-background-dim\" style=\"min-height:300px;aspect-ratio:unset;\"><div class=\"wp-block-cover__inner-container is-layout-flow wp-block-cover-is-layout-flow\">\n<div style=\"height:140px\" aria-hidden=\"true\" class=\"wp-block-spacer\"><\/div>\n\n\n\n<h2 class=\"has-text-align-center has-nv-text-dark-bg-color has-text-color wp-block-heading\">Quer fazer parte do ixDIVE?<\/h2>\n\n\n\n<p class=\"has-text-align-center has-medium-font-size\">Inscreva-se e saiba mais sobre a pr\u00f3xima etapa de projeto, <br>que come\u00e7a em <strong>Setembro de 2021<\/strong><\/p>\n\n\n\n<div class=\"wp-block-buttons is-content-justification-center is-layout-flex wp-block-buttons-is-layout-flex\">\n<div class=\"wp-block-button is-style-primary\"><a class=\"wp-block-button__link\" href=\"#\">saiba mais sobre a inscri\u00e7\u00e3o<\/a><\/div>\n<\/div>\n\n\n\n<div style=\"height:140px\" aria-hidden=\"true\" class=\"wp-block-spacer\"><\/div>\n<\/div><\/div>\n","protected":false},"excerpt":{"rendered":"","protected":false},"author":2,"featured_media":0,"parent":0,"menu_order":0,"comment_status":"closed","ping_status":"closed","template":"","meta":{"neve_meta_sidebar":"","neve_meta_container":"","neve_meta_enable_content_width":"on","neve_meta_content_width":100,"neve_meta_title_alignment":"","neve_meta_author_avatar":"","neve_post_elements_order":"","neve_meta_disable_header":"","neve_meta_disable_footer":"","neve_meta_disable_title":"on","footnotes":""},"class_list":["post-32","page","type-page","status-publish","hentry"],"_links":{"self":[{"href":"https:\/\/utfpr.curitiba.br\/ixdive\/wp-json\/wp\/v2\/pages\/32","targetHints":{"allow":["GET"]}}],"collection":[{"href":"https:\/\/utfpr.curitiba.br\/ixdive\/wp-json\/wp\/v2\/pages"}],"about":[{"href":"https:\/\/utfpr.curitiba.br\/ixdive\/wp-json\/wp\/v2\/types\/page"}],"author":[{"embeddable":true,"href":"https:\/\/utfpr.curitiba.br\/ixdive\/wp-json\/wp\/v2\/users\/2"}],"replies":[{"embeddable":true,"href":"https:\/\/utfpr.curitiba.br\/ixdive\/wp-json\/wp\/v2\/comments?post=32"}],"version-history":[{"count":15,"href":"https:\/\/utfpr.curitiba.br\/ixdive\/wp-json\/wp\/v2\/pages\/32\/revisions"}],"predecessor-version":[{"id":342,"href":"https:\/\/utfpr.curitiba.br\/ixdive\/wp-json\/wp\/v2\/pages\/32\/revisions\/342"}],"wp:attachment":[{"href":"https:\/\/utfpr.curitiba.br\/ixdive\/wp-json\/wp\/v2\/media?parent=32"}],"curies":[{"name":"wp","href":"https:\/\/api.w.org\/{rel}","templated":true}]}}