{"id":31,"date":"2021-07-09T16:01:08","date_gmt":"2021-07-09T19:01:08","guid":{"rendered":"https:\/\/ixdive.ct.utfpr.edu.br\/?page_id=31"},"modified":"2026-04-24T06:52:05","modified_gmt":"2026-04-24T09:52:05","slug":"portofolio","status":"publish","type":"page","link":"https:\/\/utfpr.curitiba.br\/ixdive\/portofolio\/","title":{"rendered":"jornadas"},"content":{"rendered":"\t\t<div data-elementor-type=\"wp-page\" data-elementor-id=\"31\" class=\"elementor elementor-31\">\n\t\t\t\t\t\t<section class=\"elementor-section elementor-top-section elementor-element elementor-element-7a13c38e elementor-section-boxed elementor-section-height-default elementor-section-height-default\" data-id=\"7a13c38e\" data-element_type=\"section\" data-e-type=\"section\">\n\t\t\t\t\t\t<div class=\"elementor-container elementor-column-gap-default\">\n\t\t\t\t\t<div class=\"elementor-column elementor-col-100 elementor-top-column elementor-element elementor-element-538fa7fd\" data-id=\"538fa7fd\" data-element_type=\"column\" data-e-type=\"column\">\n\t\t\t<div class=\"elementor-widget-wrap elementor-element-populated\">\n\t\t\t\t\t\t<div class=\"elementor-element elementor-element-3485202c elementor-widget elementor-widget-text-editor\" data-id=\"3485202c\" data-element_type=\"widget\" data-e-type=\"widget\" data-widget_type=\"text-editor.default\">\n\t\t\t\t<div class=\"elementor-widget-container\">\n\t\t\t\t\t\t\t\t\t\n<div class=\"wp-block-cover alignfull\" style=\"min-height:300px;aspect-ratio:unset;\"><span aria-hidden=\"true\" class=\"wp-block-cover__background has-nv-site-bg-background-color has-background-dim-100 has-background-dim\"><\/span><div class=\"wp-block-cover__inner-container is-layout-flow wp-block-cover-is-layout-flow\">\n<div class=\"wp-block-group\"><div class=\"wp-block-group__inner-container is-layout-flow wp-block-group-is-layout-flow\">\n<h1 class=\"wp-block-heading has-text-align-left has-neve-text-color-color has-text-color\">escolha o mergulho!<\/h1>\n<\/div><\/div>\n\n\n\n<p class=\"has-neve-link-color-color has-text-color\">As Jornadas de Aprendizagem s\u00e3o atividades aut\u00f4nomas de curta dura\u00e7\u00e3o, com finalidade de adentrar alguns temas de estudo para in\u00edcios de projetos orientadas para pessoas e comunidades. <strong>S\u00e3o atividades auto-orientadas<\/strong>, ou seja, <strong>voc\u00ea faz no seu tempo e conforme sua motiva\u00e7\u00e3o de estudo<\/strong>, com op\u00e7\u00e3o de tutoria e acompanhamento de um grupo de discuss\u00e3o no DISCORD. <\/p>\n<\/div><\/div>\n\n\n\n<div class=\"wp-block-cover alignfull\" style=\"min-height:600px;aspect-ratio:unset;\"><span aria-hidden=\"true\" class=\"wp-block-cover__background has-nv-light-bg-background-color has-background-dim-100 has-background-dim\"><\/span><div class=\"wp-block-cover__inner-container is-layout-flow wp-block-cover-is-layout-flow\">\n<div class=\"wp-block-group\"><div class=\"wp-block-group__inner-container is-layout-flow wp-block-group-is-layout-flow\">\n<div class=\"wp-block-columns is-layout-flex wp-container-core-columns-is-layout-9d6595d7 wp-block-columns-is-layout-flex\">\n<div class=\"wp-block-column is-layout-flow wp-block-column-is-layout-flow\" style=\"flex-basis:100%\">\n<p class=\"has-neve-link-color-color has-text-color\">Aqui voc\u00ea encontra as <strong>Quatro Primeiras<\/strong> <strong>Jornadas de Aprendizagem<\/strong> preparadas para o seu mergulho, divididas a partir dos temas principais: <\/p>\n\n\n\n<p class=\"has-neve-link-color-color has-text-color\"><\/p>\n\n\n\n<div class=\"wp-block-group\"><div class=\"wp-block-group__inner-container is-layout-flow wp-block-group-is-layout-flow\">\n<div class=\"wp-block-columns is-layout-flex wp-container-core-columns-is-layout-9d6595d7 wp-block-columns-is-layout-flex\">\n<div class=\"wp-block-column is-layout-flow wp-block-column-is-layout-flow\">\n<figure class=\"wp-block-embed is-type-video is-provider-youtube wp-block-embed-youtube wp-embed-aspect-16-9 wp-has-aspect-ratio\"><div class=\"wp-block-embed__wrapper\">\nhttps:\/\/youtu.be\/Snv7viP&#8211;NU?si=Cd4Mccg34AyG-f2U\n<\/div><\/figure>\n<\/div>\n\n\n\n<div class=\"wp-block-column is-layout-flow wp-block-column-is-layout-flow\">\n<p class=\"has-neve-link-color-color has-text-color has-link-color has-medium-font-size wp-elements-cea492138b2e2043c0891669265930c6\"><strong>Teoria Queer e o Estranhamento em Projeto<\/strong>, <br>com Leander Oliveira e Gustavo Pulido<\/p>\n\n\n\n<p class=\"has-neve-link-color-color has-text-color has-link-color has-medium-font-size wp-elements-db8cb32ce8cc9c6399d5f1b457f9e203\"><strong>Quero fazer essa jornada!<\/strong><\/p>\n<\/div>\n<\/div>\n\n\n\n<div class=\"wp-block-columns is-layout-flex wp-container-core-columns-is-layout-9d6595d7 wp-block-columns-is-layout-flex\">\n<div class=\"wp-block-column is-layout-flow wp-block-column-is-layout-flow\">\n<figure class=\"wp-block-embed is-type-video is-provider-youtube wp-block-embed-youtube wp-embed-aspect-16-9 wp-has-aspect-ratio\"><div class=\"wp-block-embed__wrapper\">\n<div class=\"nv-iframe-embed\"><iframe title=\"Jogos, g\u00eanero, design e representatividade, com Let\u00edcia Rodrigues, Mariana Fontoura e Adrie Leliana\" width=\"1200\" height=\"675\" src=\"https:\/\/www.youtube.com\/embed\/W4PRhv1mDgs?feature=oembed\" frameborder=\"0\" allow=\"accelerometer; autoplay; clipboard-write; encrypted-media; gyroscope; picture-in-picture; web-share\" referrerpolicy=\"strict-origin-when-cross-origin\" allowfullscreen><\/iframe><\/div>\n<\/div><\/figure>\n<\/div>\n\n\n\n<div class=\"wp-block-column is-layout-flow wp-block-column-is-layout-flow\">\n<p class=\"has-neve-link-color-color has-text-color has-link-color has-medium-font-size wp-elements-f96423d56d55ff80c177b94f6b8898d2\"><strong>Jogos, g\u00eanero, design e representatividade<\/strong>, <br>com Let\u00edcia Rodrigues, Mariana Fontoura e Adrie Leliana<\/p>\n\n\n\n<p class=\"has-neve-link-color-color has-text-color has-link-color has-medium-font-size wp-elements-db8cb32ce8cc9c6399d5f1b457f9e203\"><strong>Quero fazer essa jornada!<\/strong><\/p>\n<\/div>\n<\/div>\n<\/div><\/div>\n<\/div>\n<\/div>\n\n\n\n<div class=\"wp-block-columns is-layout-flex wp-container-core-columns-is-layout-9d6595d7 wp-block-columns-is-layout-flex\">\n<div class=\"wp-block-column is-layout-flow wp-block-column-is-layout-flow\">\n<figure class=\"wp-block-embed is-type-video is-provider-youtube wp-block-embed-youtube wp-embed-aspect-16-9 wp-has-aspect-ratio\"><div class=\"wp-block-embed__wrapper\">\n<div class=\"nv-iframe-embed\"><iframe title=\"Design e Opress\u00e3o: participa\u00e7\u00e3o e colabora\u00e7\u00e3o em Design, com Frederick van Amstel e Jady Torraldo\" width=\"1200\" height=\"675\" src=\"https:\/\/www.youtube.com\/embed\/rv-4IMiFsZU?feature=oembed\" frameborder=\"0\" allow=\"accelerometer; autoplay; clipboard-write; encrypted-media; gyroscope; picture-in-picture; web-share\" referrerpolicy=\"strict-origin-when-cross-origin\" allowfullscreen><\/iframe><\/div>\n<\/div><\/figure>\n<\/div>\n\n\n\n<div class=\"wp-block-column is-layout-flow wp-block-column-is-layout-flow\">\n<p class=\"has-neve-link-color-color has-text-color has-link-color has-medium-font-size wp-elements-f9a11d2a92fcb1c170cf75183b3982e3\"><strong>Design e Opress\u00e3o: participa\u00e7\u00e3o e colabora\u00e7\u00e3o em Design<\/strong>, <br>com Frederick van Amstel e Jady Torraldo<\/p>\n\n\n\n<p class=\"has-neve-link-color-color has-text-color has-link-color has-medium-font-size wp-elements-db8cb32ce8cc9c6399d5f1b457f9e203\"><strong>Quero fazer essa jornada!<\/strong><\/p>\n<\/div>\n<\/div>\n\n\n\n<div style=\"height:40px\" aria-hidden=\"true\" class=\"wp-block-spacer\"><\/div>\n<\/div><\/div>\n\n\n\n<div class=\"wp-block-columns is-layout-flex wp-container-core-columns-is-layout-9d6595d7 wp-block-columns-is-layout-flex\">\n<div class=\"wp-block-column is-layout-flow wp-block-column-is-layout-flow\">\n<figure class=\"wp-block-embed is-type-video is-provider-youtube wp-block-embed-youtube wp-embed-aspect-16-9 wp-has-aspect-ratio\"><div class=\"wp-block-embed__wrapper\">\n<div class=\"nv-iframe-embed\"><iframe title=\"Diversidade, Identidade e Diferen\u00e7a: com Marin\u00eas Ribeiro dos Santos e Thalia Giorgetto\" width=\"1200\" height=\"675\" src=\"https:\/\/www.youtube.com\/embed\/JuGnsgir37I?feature=oembed\" frameborder=\"0\" allow=\"accelerometer; autoplay; clipboard-write; encrypted-media; gyroscope; picture-in-picture; web-share\" referrerpolicy=\"strict-origin-when-cross-origin\" allowfullscreen><\/iframe><\/div>\n<\/div><\/figure>\n<\/div>\n\n\n\n<div class=\"wp-block-column is-layout-flow wp-block-column-is-layout-flow\">\n<p class=\"has-neve-link-color-color has-text-color has-link-color has-medium-font-size wp-elements-e5a4f2797f25902db3633e8833a4c480\"><strong>Diversidade, Identidade e Diferen\u00e7a,<\/strong><br>com Marin\u00eas Ribeiro dos Santos e Thalia Giorgetto<\/p>\n\n\n\n<p class=\"has-neve-link-color-color has-text-color has-link-color has-medium-font-size wp-elements-db8cb32ce8cc9c6399d5f1b457f9e203\"><strong>Quero fazer essa jornada!<\/strong><\/p>\n<\/div>\n<\/div>\n<\/div><\/div>\n\n\n\n<div class=\"wp-block-cover alignfull\" style=\"min-height:300px;aspect-ratio:unset;\"><span aria-hidden=\"true\" class=\"wp-block-cover__background has-nv-dark-bg-background-color has-background-dim-100 has-background-dim\"><\/span><div class=\"wp-block-cover__inner-container is-layout-flow wp-block-cover-is-layout-flow\">\n<div style=\"height:80px\" aria-hidden=\"true\" class=\"wp-block-spacer\"><\/div>\n<\/div><\/div>\n\t\t\t\t\t\t\t\t<\/div>\n\t\t\t\t<\/div>\n\t\t\t\t\t<\/div>\n\t\t<\/div>\n\t\t\t\t\t<\/div>\n\t\t<\/section>\n\t\t\t\t<\/div>\n\t\t","protected":false},"excerpt":{"rendered":"","protected":false},"author":2,"featured_media":0,"parent":0,"menu_order":0,"comment_status":"closed","ping_status":"closed","template":"","meta":{"neve_meta_sidebar":"","neve_meta_container":"","neve_meta_enable_content_width":"on","neve_meta_content_width":100,"neve_meta_title_alignment":"","neve_meta_author_avatar":"","neve_post_elements_order":"","neve_meta_disable_header":"","neve_meta_disable_footer":"","neve_meta_disable_title":"on","footnotes":""},"class_list":["post-31","page","type-page","status-publish","hentry"],"_links":{"self":[{"href":"https:\/\/utfpr.curitiba.br\/ixdive\/wp-json\/wp\/v2\/pages\/31","targetHints":{"allow":["GET"]}}],"collection":[{"href":"https:\/\/utfpr.curitiba.br\/ixdive\/wp-json\/wp\/v2\/pages"}],"about":[{"href":"https:\/\/utfpr.curitiba.br\/ixdive\/wp-json\/wp\/v2\/types\/page"}],"author":[{"embeddable":true,"href":"https:\/\/utfpr.curitiba.br\/ixdive\/wp-json\/wp\/v2\/users\/2"}],"replies":[{"embeddable":true,"href":"https:\/\/utfpr.curitiba.br\/ixdive\/wp-json\/wp\/v2\/comments?post=31"}],"version-history":[{"count":14,"href":"https:\/\/utfpr.curitiba.br\/ixdive\/wp-json\/wp\/v2\/pages\/31\/revisions"}],"predecessor-version":[{"id":481,"href":"https:\/\/utfpr.curitiba.br\/ixdive\/wp-json\/wp\/v2\/pages\/31\/revisions\/481"}],"wp:attachment":[{"href":"https:\/\/utfpr.curitiba.br\/ixdive\/wp-json\/wp\/v2\/media?parent=31"}],"curies":[{"name":"wp","href":"https:\/\/api.w.org\/{rel}","templated":true}]}}