{"id":408,"date":"2022-07-20T15:06:57","date_gmt":"2022-07-20T18:06:57","guid":{"rendered":"https:\/\/utfpr.curitiba.br\/internacional\/?page_id=408"},"modified":"2022-09-28T15:03:33","modified_gmt":"2022-09-28T18:03:33","slug":"buddy-program","status":"publish","type":"page","link":"https:\/\/utfpr.curitiba.br\/internacional\/buddy-program\/","title":{"rendered":"Buddy Program"},"content":{"rendered":"\t\t<div data-elementor-type=\"wp-page\" data-elementor-id=\"408\" class=\"elementor elementor-408\">\n\t\t\t\t\t\t<section class=\"elementor-section elementor-top-section elementor-element elementor-element-c8ddbac elementor-section-full_width elementor-section-height-default elementor-section-height-default\" data-id=\"c8ddbac\" data-element_type=\"section\" data-e-type=\"section\" data-settings=\"{&quot;background_background&quot;:&quot;classic&quot;}\">\n\t\t\t\t\t\t<div class=\"elementor-container elementor-column-gap-default\">\n\t\t\t\t\t<div class=\"elementor-column elementor-col-100 elementor-top-column elementor-element elementor-element-dca1d5f\" data-id=\"dca1d5f\" data-element_type=\"column\" data-e-type=\"column\">\n\t\t\t<div class=\"elementor-widget-wrap elementor-element-populated\">\n\t\t\t\t\t\t<div class=\"elementor-element elementor-element-ae53f98 elementor-widget elementor-widget-image\" data-id=\"ae53f98\" data-element_type=\"widget\" data-e-type=\"widget\" data-widget_type=\"image.default\">\n\t\t\t\t<div class=\"elementor-widget-container\">\n\t\t\t\t\t\t\t\t\t\t\t\t\t\t\t<img fetchpriority=\"high\" decoding=\"async\" width=\"820\" height=\"312\" src=\"https:\/\/utfpr-ct-static-content.s3.amazonaws.com\/utfpr.curitiba.br\/wp-content\/uploads\/sites\/125\/2022\/09\/Padrinhos-Internacionais.png\" class=\"attachment-slider size-slider wp-image-1989\" alt=\"\" srcset=\"https:\/\/utfpr-ct-static-content.s3.amazonaws.com\/utfpr.curitiba.br\/wp-content\/uploads\/sites\/125\/2022\/09\/Padrinhos-Internacionais.png 820w, https:\/\/utfpr-ct-static-content.s3.amazonaws.com\/utfpr.curitiba.br\/wp-content\/uploads\/sites\/125\/2022\/09\/Padrinhos-Internacionais-300x114.png 300w, https:\/\/utfpr-ct-static-content.s3.amazonaws.com\/utfpr.curitiba.br\/wp-content\/uploads\/sites\/125\/2022\/09\/Padrinhos-Internacionais-768x292.png 768w\" sizes=\"(max-width: 820px) 100vw, 820px\" \/>\t\t\t\t\t\t\t\t\t\t\t\t\t\t\t<\/div>\n\t\t\t\t<\/div>\n\t\t\t\t\t<\/div>\n\t\t<\/div>\n\t\t\t\t\t<\/div>\n\t\t<\/section>\n\t\t\t\t<section class=\"elementor-section elementor-top-section elementor-element elementor-element-76a7c5e elementor-section-boxed elementor-section-height-default elementor-section-height-default\" data-id=\"76a7c5e\" data-element_type=\"section\" data-e-type=\"section\">\n\t\t\t\t\t\t<div class=\"elementor-container elementor-column-gap-default\">\n\t\t\t\t\t<div class=\"elementor-column elementor-col-100 elementor-top-column elementor-element elementor-element-39d0e20\" data-id=\"39d0e20\" data-element_type=\"column\" data-e-type=\"column\">\n\t\t\t<div class=\"elementor-widget-wrap elementor-element-populated\">\n\t\t\t\t\t\t<div class=\"elementor-element elementor-element-8118dc0 elementor-widget elementor-widget-spacer\" data-id=\"8118dc0\" data-element_type=\"widget\" data-e-type=\"widget\" data-widget_type=\"spacer.default\">\n\t\t\t\t<div class=\"elementor-widget-container\">\n\t\t\t\t\t\t\t<div class=\"elementor-spacer\">\n\t\t\t<div class=\"elementor-spacer-inner\"><\/div>\n\t\t<\/div>\n\t\t\t\t\t\t<\/div>\n\t\t\t\t<\/div>\n\t\t\t\t\t<\/div>\n\t\t<\/div>\n\t\t\t\t\t<\/div>\n\t\t<\/section>\n\t\t\t\t<section class=\"elementor-section elementor-top-section elementor-element elementor-element-23c72a7 elementor-section-boxed elementor-section-height-default elementor-section-height-default\" data-id=\"23c72a7\" data-element_type=\"section\" data-e-type=\"section\">\n\t\t\t\t\t\t<div class=\"elementor-container elementor-column-gap-default\">\n\t\t\t\t\t<div class=\"elementor-column elementor-col-100 elementor-top-column elementor-element elementor-element-8ce554e\" data-id=\"8ce554e\" data-element_type=\"column\" data-e-type=\"column\">\n\t\t\t<div class=\"elementor-widget-wrap elementor-element-populated\">\n\t\t\t\t\t\t<div class=\"elementor-element elementor-element-a329941 elementor-widget elementor-widget-heading\" data-id=\"a329941\" data-element_type=\"widget\" data-e-type=\"widget\" data-widget_type=\"heading.default\">\n\t\t\t\t<div class=\"elementor-widget-container\">\n\t\t\t\t\t<h2 class=\"elementor-heading-title elementor-size-default\">Buddy Program<\/h2>\t\t\t\t<\/div>\n\t\t\t\t<\/div>\n\t\t\t\t\t<\/div>\n\t\t<\/div>\n\t\t\t\t\t<\/div>\n\t\t<\/section>\n\t\t\t\t<section class=\"elementor-section elementor-top-section elementor-element elementor-element-86b3755 elementor-section-boxed elementor-section-height-default elementor-section-height-default\" data-id=\"86b3755\" data-element_type=\"section\" data-e-type=\"section\">\n\t\t\t\t\t\t<div class=\"elementor-container elementor-column-gap-default\">\n\t\t\t\t\t<div class=\"elementor-column elementor-col-100 elementor-top-column elementor-element elementor-element-f814ea3\" data-id=\"f814ea3\" data-element_type=\"column\" data-e-type=\"column\">\n\t\t\t<div class=\"elementor-widget-wrap elementor-element-populated\">\n\t\t\t\t\t\t<div class=\"elementor-element elementor-element-835b31a elementor-widget elementor-widget-text-editor\" data-id=\"835b31a\" data-element_type=\"widget\" data-e-type=\"widget\" data-widget_type=\"text-editor.default\">\n\t\t\t\t<div class=\"elementor-widget-container\">\n\t\t\t\t\t\t\t\t\tProjeto em desenvolvimento pelo DERINT para melhorar as atividades de recep\u00e7\u00e3o e de prepara\u00e7\u00e3o de estudantes nos programas institucionais de mobilidade internacional.\nO principal foco \u00e9 colaborar com o desenvolvimento de um ambiente voltado \u00e0 internacionaliza\u00e7\u00e3o e \u00e0 interculturalidade no Campus Curitiba.\t\t\t\t\t\t\t\t<\/div>\n\t\t\t\t<\/div>\n\t\t\t\t\t<\/div>\n\t\t<\/div>\n\t\t\t\t\t<\/div>\n\t\t<\/section>\n\t\t\t\t<section class=\"elementor-section elementor-top-section elementor-element elementor-element-e80974a elementor-section-boxed elementor-section-height-default elementor-section-height-default\" data-id=\"e80974a\" data-element_type=\"section\" data-e-type=\"section\">\n\t\t\t\t\t\t<div class=\"elementor-container elementor-column-gap-default\">\n\t\t\t\t\t<div class=\"elementor-column elementor-col-100 elementor-top-column elementor-element elementor-element-ec10a00\" data-id=\"ec10a00\" data-element_type=\"column\" data-e-type=\"column\">\n\t\t\t<div class=\"elementor-widget-wrap elementor-element-populated\">\n\t\t\t\t\t\t<div class=\"elementor-element elementor-element-4d5dbe4 elementor-widget elementor-widget-spacer\" data-id=\"4d5dbe4\" data-element_type=\"widget\" data-e-type=\"widget\" data-widget_type=\"spacer.default\">\n\t\t\t\t<div class=\"elementor-widget-container\">\n\t\t\t\t\t\t\t<div class=\"elementor-spacer\">\n\t\t\t<div class=\"elementor-spacer-inner\"><\/div>\n\t\t<\/div>\n\t\t\t\t\t\t<\/div>\n\t\t\t\t<\/div>\n\t\t\t\t\t<\/div>\n\t\t<\/div>\n\t\t\t\t\t<\/div>\n\t\t<\/section>\n\t\t\t\t<section class=\"elementor-section elementor-top-section elementor-element elementor-element-f916cd6 elementor-section-boxed elementor-section-height-default elementor-section-height-default\" data-id=\"f916cd6\" data-element_type=\"section\" data-e-type=\"section\">\n\t\t\t\t\t\t<div class=\"elementor-container elementor-column-gap-default\">\n\t\t\t\t\t<div class=\"elementor-column elementor-col-100 elementor-top-column elementor-element elementor-element-80487c3\" data-id=\"80487c3\" data-element_type=\"column\" data-e-type=\"column\">\n\t\t\t<div class=\"elementor-widget-wrap elementor-element-populated\">\n\t\t\t\t\t\t<div class=\"elementor-element elementor-element-beafdb7 elementor-widget elementor-widget-heading\" data-id=\"beafdb7\" data-element_type=\"widget\" data-e-type=\"widget\" data-widget_type=\"heading.default\">\n\t\t\t\t<div class=\"elementor-widget-container\">\n\t\t\t\t\t<h2 class=\"elementor-heading-title elementor-size-default\">Objetivos das a\u00e7\u00f5es do projeto<\/h2>\t\t\t\t<\/div>\n\t\t\t\t<\/div>\n\t\t\t\t\t<\/div>\n\t\t<\/div>\n\t\t\t\t\t<\/div>\n\t\t<\/section>\n\t\t\t\t<section class=\"elementor-section elementor-top-section elementor-element elementor-element-3c1199d elementor-section-boxed elementor-section-height-default elementor-section-height-default\" data-id=\"3c1199d\" data-element_type=\"section\" data-e-type=\"section\">\n\t\t\t\t\t\t<div class=\"elementor-container elementor-column-gap-default\">\n\t\t\t\t\t<div class=\"elementor-column elementor-col-100 elementor-top-column elementor-element elementor-element-e683b8b\" data-id=\"e683b8b\" data-element_type=\"column\" data-e-type=\"column\">\n\t\t\t<div class=\"elementor-widget-wrap elementor-element-populated\">\n\t\t\t\t\t\t<div class=\"elementor-element elementor-element-10f50b9 elementor-widget elementor-widget-text-editor\" data-id=\"10f50b9\" data-element_type=\"widget\" data-e-type=\"widget\" data-widget_type=\"text-editor.default\">\n\t\t\t\t<div class=\"elementor-widget-container\">\n\t\t\t\t\t\t\t\t\t<ul><li>Criar um grupo volunt\u00e1rio de recep\u00e7\u00e3o e integra\u00e7\u00e3o no Campus Curitiba;<\/li><li>Ampliar as possibilidades de experi\u00eancias internacionais para al\u00e9m dos interc\u00e2mbios;<\/li><li>Melhorar a experi\u00eancia dos estudantes recebidos e a prepara\u00e7\u00e3o dos enviados (auxiliando na adapta\u00e7\u00e3o, experi\u00eancia acad\u00eamica e cultural).<\/li><\/ul>\t\t\t\t\t\t\t\t<\/div>\n\t\t\t\t<\/div>\n\t\t\t\t\t<\/div>\n\t\t<\/div>\n\t\t\t\t\t<\/div>\n\t\t<\/section>\n\t\t\t\t<section class=\"elementor-section elementor-top-section elementor-element elementor-element-43c054c elementor-hidden-desktop elementor-hidden-tablet elementor-hidden-mobile elementor-section-boxed elementor-section-height-default elementor-section-height-default\" data-id=\"43c054c\" data-element_type=\"section\" data-e-type=\"section\">\n\t\t\t\t\t\t<div class=\"elementor-container elementor-column-gap-default\">\n\t\t\t\t\t<div class=\"elementor-column elementor-col-100 elementor-top-column elementor-element elementor-element-1537721\" data-id=\"1537721\" data-element_type=\"column\" data-e-type=\"column\">\n\t\t\t<div class=\"elementor-widget-wrap elementor-element-populated\">\n\t\t\t\t\t\t<div class=\"elementor-element elementor-element-f35c7f4 elementor-widget elementor-widget-heading\" data-id=\"f35c7f4\" data-element_type=\"widget\" data-e-type=\"widget\" data-widget_type=\"heading.default\">\n\t\t\t\t<div class=\"elementor-widget-container\">\n\t\t\t\t\t<h2 class=\"elementor-heading-title elementor-size-default\">Trocas Interculturais<\/h2>\t\t\t\t<\/div>\n\t\t\t\t<\/div>\n\t\t\t\t\t<\/div>\n\t\t<\/div>\n\t\t\t\t\t<\/div>\n\t\t<\/section>\n\t\t\t\t<section class=\"elementor-section elementor-top-section elementor-element elementor-element-ee58961 elementor-hidden-desktop elementor-hidden-tablet elementor-hidden-mobile elementor-section-boxed elementor-section-height-default elementor-section-height-default\" data-id=\"ee58961\" data-element_type=\"section\" data-e-type=\"section\">\n\t\t\t\t\t\t<div class=\"elementor-container elementor-column-gap-default\">\n\t\t\t\t\t<div class=\"elementor-column elementor-col-50 elementor-top-column elementor-element elementor-element-fa66161\" data-id=\"fa66161\" data-element_type=\"column\" data-e-type=\"column\">\n\t\t\t<div class=\"elementor-widget-wrap elementor-element-populated\">\n\t\t\t\t\t\t<div class=\"elementor-element elementor-element-e6770c7 elementor-widget elementor-widget-image\" data-id=\"e6770c7\" data-element_type=\"widget\" data-e-type=\"widget\" data-widget_type=\"image.default\">\n\t\t\t\t<div class=\"elementor-widget-container\">\n\t\t\t\t\t\t\t\t\t\t\t\t\t\t\t<img decoding=\"async\" width=\"500\" height=\"500\" src=\"https:\/\/utfpr-ct-static-content.s3.amazonaws.com\/utfpr.curitiba.br\/wp-content\/uploads\/sites\/125\/2022\/08\/os-SETORES-ADMINISTRATIVOS-NAO-FARAO-ATENDIMENTO-AO-PUBLICO-AS-QUARTAS-FEIRAS.-2.png\" class=\"attachment-large size-large wp-image-1866\" alt=\"\" srcset=\"https:\/\/utfpr-ct-static-content.s3.amazonaws.com\/utfpr.curitiba.br\/wp-content\/uploads\/sites\/125\/2022\/08\/os-SETORES-ADMINISTRATIVOS-NAO-FARAO-ATENDIMENTO-AO-PUBLICO-AS-QUARTAS-FEIRAS.-2.png 500w, https:\/\/utfpr-ct-static-content.s3.amazonaws.com\/utfpr.curitiba.br\/wp-content\/uploads\/sites\/125\/2022\/08\/os-SETORES-ADMINISTRATIVOS-NAO-FARAO-ATENDIMENTO-AO-PUBLICO-AS-QUARTAS-FEIRAS.-2-300x300.png 300w, https:\/\/utfpr-ct-static-content.s3.amazonaws.com\/utfpr.curitiba.br\/wp-content\/uploads\/sites\/125\/2022\/08\/os-SETORES-ADMINISTRATIVOS-NAO-FARAO-ATENDIMENTO-AO-PUBLICO-AS-QUARTAS-FEIRAS.-2-150x150.png 150w\" sizes=\"(max-width: 500px) 100vw, 500px\" \/>\t\t\t\t\t\t\t\t\t\t\t\t\t\t\t<\/div>\n\t\t\t\t<\/div>\n\t\t\t\t\t<\/div>\n\t\t<\/div>\n\t\t\t\t<div class=\"elementor-column elementor-col-50 elementor-top-column elementor-element elementor-element-0c8a343\" data-id=\"0c8a343\" data-element_type=\"column\" data-e-type=\"column\">\n\t\t\t<div class=\"elementor-widget-wrap elementor-element-populated\">\n\t\t\t\t\t\t<div class=\"elementor-element elementor-element-a65c0dc elementor-widget elementor-widget-text-editor\" data-id=\"a65c0dc\" data-element_type=\"widget\" data-e-type=\"widget\" data-widget_type=\"text-editor.default\">\n\t\t\t\t<div class=\"elementor-widget-container\">\n\t\t\t\t\t\t\t\t\t<ul style=\"text-align: justify;\"><li><span style=\"color: #17242d;\">Grupo de Recep\u00e7\u00e3o e Integra\u00e7\u00e3o da UTFPR Campus Curitiba;<\/span><\/li><li><span style=\"color: #17242d;\">Atividade volunt\u00e1ria a ser desempenhada por estudantes da UTFPR, tendo como contrapartida emiss\u00e3o de declara\u00e7\u00e3o referente \u00e0s horas de atividades realizadas; sendo de no m\u00ednimo 30 horas no decorrer do semestre;<\/span><\/li><li><span style=\"color: #17242d;\">Padrinhos e madrinhas ser\u00e3o o principal ponto de contato com os estudantes de mobilidade recebidos e designados;<\/span><\/li><li><span style=\"color: #17242d;\">Espera-se que no decorrer das atividades, al\u00e9m do envolvimento institucional, haja a possibilidade de uma viv\u00eancia cotidiana entre os estudantes internacionais e o grupo, promovendo oportunidades para a forma\u00e7\u00e3o de um ambiente mais internacional no campus ao dar visibilidade aos processos de Rela\u00e7\u00f5es Internacionais.<\/span><\/li><\/ul>\t\t\t\t\t\t\t\t<\/div>\n\t\t\t\t<\/div>\n\t\t\t\t\t<\/div>\n\t\t<\/div>\n\t\t\t\t\t<\/div>\n\t\t<\/section>\n\t\t\t\t<\/div>\n\t\t","protected":false},"excerpt":{"rendered":"<p>Buddy Program Projeto em desenvolvimento pelo DERINT para melhorar as atividades de recep\u00e7\u00e3o e de prepara\u00e7\u00e3o de estudantes nos programas institucionais de mobilidade internacional. O principal foco \u00e9 colaborar com o desenvolvimento de um ambiente voltado \u00e0 internacionaliza\u00e7\u00e3o e \u00e0 interculturalidade no Campus Curitiba. Objetivos das a\u00e7\u00f5es do projeto Criar um grupo volunt\u00e1rio de recep\u00e7\u00e3o [&hellip;]<\/p>\n","protected":false},"author":104,"featured_media":0,"parent":0,"menu_order":0,"comment_status":"closed","ping_status":"closed","template":"","meta":{"footnotes":""},"class_list":["post-408","page","type-page","status-publish","czr-hentry"],"_links":{"self":[{"href":"https:\/\/utfpr.curitiba.br\/internacional\/wp-json\/wp\/v2\/pages\/408","targetHints":{"allow":["GET"]}}],"collection":[{"href":"https:\/\/utfpr.curitiba.br\/internacional\/wp-json\/wp\/v2\/pages"}],"about":[{"href":"https:\/\/utfpr.curitiba.br\/internacional\/wp-json\/wp\/v2\/types\/page"}],"author":[{"embeddable":true,"href":"https:\/\/utfpr.curitiba.br\/internacional\/wp-json\/wp\/v2\/users\/104"}],"replies":[{"embeddable":true,"href":"https:\/\/utfpr.curitiba.br\/internacional\/wp-json\/wp\/v2\/comments?post=408"}],"version-history":[{"count":57,"href":"https:\/\/utfpr.curitiba.br\/internacional\/wp-json\/wp\/v2\/pages\/408\/revisions"}],"predecessor-version":[{"id":2061,"href":"https:\/\/utfpr.curitiba.br\/internacional\/wp-json\/wp\/v2\/pages\/408\/revisions\/2061"}],"wp:attachment":[{"href":"https:\/\/utfpr.curitiba.br\/internacional\/wp-json\/wp\/v2\/media?parent=408"}],"curies":[{"name":"wp","href":"https:\/\/api.w.org\/{rel}","templated":true}]}}