{"id":399,"date":"2022-06-09T13:30:36","date_gmt":"2022-06-09T16:30:36","guid":{"rendered":"https:\/\/utfpr.curitiba.br\/inteduc\/?page_id=399"},"modified":"2023-07-09T12:41:35","modified_gmt":"2023-07-09T15:41:35","slug":"cronograma_old","status":"publish","type":"page","link":"https:\/\/utfpr.curitiba.br\/inteduc\/cronograma_old\/","title":{"rendered":"Cronograma_old"},"content":{"rendered":"\t\t<div data-elementor-type=\"wp-page\" data-elementor-id=\"399\" class=\"elementor elementor-399\">\n\t\t\t\t\t\t<section class=\"elementor-section elementor-top-section elementor-element elementor-element-2b17284 elementor-section-boxed elementor-section-height-default elementor-section-height-default\" data-id=\"2b17284\" data-element_type=\"section\" data-e-type=\"section\">\n\t\t\t\t\t\t<div class=\"elementor-container elementor-column-gap-default\">\n\t\t\t\t\t<div class=\"elementor-column elementor-col-100 elementor-top-column elementor-element elementor-element-f608546\" data-id=\"f608546\" data-element_type=\"column\" data-e-type=\"column\">\n\t\t\t<div class=\"elementor-widget-wrap elementor-element-populated\">\n\t\t\t\t\t\t<div class=\"elementor-element elementor-element-26c840b elementor-widget elementor-widget-spacer\" data-id=\"26c840b\" data-element_type=\"widget\" data-e-type=\"widget\" data-widget_type=\"spacer.default\">\n\t\t\t\t<div class=\"elementor-widget-container\">\n\t\t\t\t\t\t\t<div class=\"elementor-spacer\">\n\t\t\t<div class=\"elementor-spacer-inner\"><\/div>\n\t\t<\/div>\n\t\t\t\t\t\t<\/div>\n\t\t\t\t<\/div>\n\t\t\t\t<div class=\"elementor-element elementor-element-24afb61 elementor-widget elementor-widget-heading\" data-id=\"24afb61\" data-element_type=\"widget\" data-e-type=\"widget\" data-widget_type=\"heading.default\">\n\t\t\t\t<div class=\"elementor-widget-container\">\n\t\t\t\t\t<h2 class=\"elementor-heading-title elementor-size-default\">Cronograma do curso<\/h2>\t\t\t\t<\/div>\n\t\t\t\t<\/div>\n\t\t\t\t<div class=\"elementor-element elementor-element-1882e38 elementor-widget elementor-widget-htmega-verticletimeline-addons\" data-id=\"1882e38\" data-element_type=\"widget\" data-e-type=\"widget\" data-widget_type=\"htmega-verticletimeline-addons.default\">\n\t\t\t\t<div class=\"elementor-widget-container\">\n\t\t\t\t\t        <div class=\"htc-verctimeline-wrapper htmega-verticletimeline-style-2\">\n\n                           \n                                    <div class=\"ht-ver-timeline--2\">\n                                                    <div class=\"vertical-time\">\n                                <div class=\"vertical-date\">\n                                    <span class=\"month\">13\/02\/2023<\/span>\n                                <\/div>\n                            <\/div>\n                                                    <div class=\"timeline-content\">\n                                <p>In\u00edcio das atividades letivas em 2023<\/p>                            <\/div>\n                                            <\/div>\n                \n                           \n                                    <div class=\"ht-ver-timeline--2 vertical-reverse\">\n                                                    <div class=\"vertical-time\">\n                                <div class=\"vertical-date\">\n                                    <span class=\"month\">24\/12\/2023<\/span>\n                                <\/div>\n                            <\/div>\n                                                    <div class=\"timeline-content\">\n                                <p>T\u00e9rmino das atividades letivas de 2023<\/p>                            <\/div>\n                                            <\/div>\n\n                \n                           \n                                    <div class=\"ht-ver-timeline--2\">\n                                                    <div class=\"vertical-time\">\n                                <div class=\"vertical-date\">\n                                    <span class=\"month\"> 01\/01\/2024 a 30\/01\/2024<\/span>\n                                <\/div>\n                            <\/div>\n                                                    <div class=\"timeline-content\">\n                                <p>F\u00e9rias 2024<\/p>                            <\/div>\n                                            <\/div>\n                \n                           \n                                    <div class=\"ht-ver-timeline--2 vertical-reverse\">\n                                                    <div class=\"vertical-time\">\n                                <div class=\"vertical-date\">\n                                    <span class=\"month\">01\/02\/2024<\/span>\n                                <\/div>\n                            <\/div>\n                                                    <div class=\"timeline-content\">\n                                <p>In\u00edcio das atividades letivas em 2024<\/p>                            <\/div>\n                                            <\/div>\n\n                \n                           \n                                    <div class=\"ht-ver-timeline--2\">\n                                                    <div class=\"vertical-time\">\n                                <div class=\"vertical-date\">\n                                    <span class=\"month\">31\/08\/2024<\/span>\n                                <\/div>\n                            <\/div>\n                                                    <div class=\"timeline-content\">\n                                <p>T\u00e9rmino das atividades letivas de 2024<\/p>                            <\/div>\n                                            <\/div>\n                \n                           \n                                    <div class=\"ht-ver-timeline--2 vertical-reverse\">\n                                                    <div class=\"vertical-time\">\n                                <div class=\"vertical-date\">\n                                    <span class=\"month\">31\/08\/2024<\/span>\n                                <\/div>\n                            <\/div>\n                                                    <div class=\"timeline-content\">\n                                <p>Encerramento do curso<\/p>                            <\/div>\n                                            <\/div>\n\n                \n            \n        <\/div>\n\n        \t\t\t\t<\/div>\n\t\t\t\t<\/div>\n\t\t\t\t<div class=\"elementor-element elementor-element-28e91ff elementor-widget elementor-widget-spacer\" data-id=\"28e91ff\" data-element_type=\"widget\" data-e-type=\"widget\" data-widget_type=\"spacer.default\">\n\t\t\t\t<div class=\"elementor-widget-container\">\n\t\t\t\t\t\t\t<div class=\"elementor-spacer\">\n\t\t\t<div class=\"elementor-spacer-inner\"><\/div>\n\t\t<\/div>\n\t\t\t\t\t\t<\/div>\n\t\t\t\t<\/div>\n\t\t\t\t\t<\/div>\n\t\t<\/div>\n\t\t\t\t\t<\/div>\n\t\t<\/section>\n\t\t\t\t<\/div>\n\t\t","protected":false},"excerpt":{"rendered":"<p>\/*! elementor &#8211; v3.6.8 &#8211; 27-07-2022 *\/ .e-container.e-container&#8211;row .elementor-spacer-inner{width:var(&#8211;spacer-size)}.e-container.e-container&#8211;column .elementor-spacer-inner,.elementor-column .elementor-spacer-inner{height:var(&#8211;spacer-size)} \/*! elementor &#8211; v3.6.8 &#8211; 27-07-2022 *\/ .elementor-heading-title{padding:0;margin:0;line-height:1}.elementor-widget-heading .elementor-heading-title[class*=elementor-size-]&gt;a{color:inherit;font-size:inherit;line-height:inherit}.elementor-widget-heading .elementor-heading-title.elementor-size-small{font-size:15px}.elementor-widget-heading .elementor-heading-title.elementor-size-medium{font-size:19px}.elementor-widget-heading .elementor-heading-title.elementor-size-large{font-size:29px}.elementor-widget-heading .elementor-heading-title.elementor-size-xl{font-size:39px}.elementor-widget-heading .elementor-heading-title.elementor-size-xxl{font-size:59px} Cronograma do curso 13\/02\/2023 In\u00edcio das atividades letivas em 2023 24\/12\/2023 T\u00e9rmino das atividades letivas de 2023 01\/01\/2024 a 30\/01\/2024 F\u00e9rias 2024 01\/02\/2024 In\u00edcio das atividades letivas em 2024 31\/08\/2024 [&hellip;]<\/p>\n","protected":false},"author":85,"featured_media":0,"parent":0,"menu_order":4,"comment_status":"closed","ping_status":"closed","template":"","meta":{"site-sidebar-layout":"no-sidebar","site-content-layout":"page-builder","ast-site-content-layout":"default","site-content-style":"default","site-sidebar-style":"default","ast-global-header-display":"","ast-banner-title-visibility":"","ast-main-header-display":"","ast-hfb-above-header-display":"","ast-hfb-below-header-display":"","ast-hfb-mobile-header-display":"","site-post-title":"disabled","ast-breadcrumbs-content":"","ast-featured-img":"disabled","footer-sml-layout":"","ast-disable-related-posts":"","theme-transparent-header-meta":"","adv-header-id-meta":"","stick-header-meta":"","header-above-stick-meta":"","header-main-stick-meta":"","header-below-stick-meta":"","astra-migrate-meta-layouts":"default","ast-page-background-enabled":"default","ast-page-background-meta":{"desktop":{"background-color":"var(--ast-global-color-4)","background-image":"","background-repeat":"repeat","background-position":"center center","background-size":"auto","background-attachment":"scroll","background-type":"","background-media":"","overlay-type":"","overlay-color":"","overlay-opacity":"","overlay-gradient":""},"tablet":{"background-color":"","background-image":"","background-repeat":"repeat","background-position":"center center","background-size":"auto","background-attachment":"scroll","background-type":"","background-media":"","overlay-type":"","overlay-color":"","overlay-opacity":"","overlay-gradient":""},"mobile":{"background-color":"","background-image":"","background-repeat":"repeat","background-position":"center center","background-size":"auto","background-attachment":"scroll","background-type":"","background-media":"","overlay-type":"","overlay-color":"","overlay-opacity":"","overlay-gradient":""}},"ast-content-background-meta":{"desktop":{"background-color":"var(--ast-global-color-5)","background-image":"","background-repeat":"repeat","background-position":"center center","background-size":"auto","background-attachment":"scroll","background-type":"","background-media":"","overlay-type":"","overlay-color":"","overlay-opacity":"","overlay-gradient":""},"tablet":{"background-color":"var(--ast-global-color-5)","background-image":"","background-repeat":"repeat","background-position":"center center","background-size":"auto","background-attachment":"scroll","background-type":"","background-media":"","overlay-type":"","overlay-color":"","overlay-opacity":"","overlay-gradient":""},"mobile":{"background-color":"var(--ast-global-color-5)","background-image":"","background-repeat":"repeat","background-position":"center center","background-size":"auto","background-attachment":"scroll","background-type":"","background-media":"","overlay-type":"","overlay-color":"","overlay-opacity":"","overlay-gradient":""}},"footnotes":""},"class_list":["post-399","page","type-page","status-publish","hentry"],"yoast_head":"<!-- This site is optimized with the Yoast SEO plugin v27.2 - https:\/\/yoast.com\/product\/yoast-seo-wordpress\/ -->\n<title>Cronograma_old - INTEDUC<\/title>\n<meta name=\"robots\" content=\"index, follow, max-snippet:-1, max-image-preview:large, max-video-preview:-1\" \/>\n<link rel=\"canonical\" href=\"https:\/\/utfpr.curitiba.br\/inteduc\/cronograma_old\/\" \/>\n<meta property=\"og:locale\" content=\"pt_BR\" \/>\n<meta property=\"og:type\" content=\"article\" \/>\n<meta property=\"og:title\" content=\"Cronograma_old - INTEDUC\" \/>\n<meta property=\"og:description\" content=\"\/*! elementor &#8211; v3.6.8 &#8211; 27-07-2022 *\/ .e-container.e-container&#8211;row .elementor-spacer-inner{width:var(&#8211;spacer-size)}.e-container.e-container&#8211;column .elementor-spacer-inner,.elementor-column .elementor-spacer-inner{height:var(&#8211;spacer-size)} \/*! elementor &#8211; v3.6.8 &#8211; 27-07-2022 *\/ .elementor-heading-title{padding:0;margin:0;line-height:1}.elementor-widget-heading .elementor-heading-title[class*=elementor-size-]&gt;a{color:inherit;font-size:inherit;line-height:inherit}.elementor-widget-heading .elementor-heading-title.elementor-size-small{font-size:15px}.elementor-widget-heading .elementor-heading-title.elementor-size-medium{font-size:19px}.elementor-widget-heading .elementor-heading-title.elementor-size-large{font-size:29px}.elementor-widget-heading .elementor-heading-title.elementor-size-xl{font-size:39px}.elementor-widget-heading .elementor-heading-title.elementor-size-xxl{font-size:59px} Cronograma do curso 13\/02\/2023 In\u00edcio das atividades letivas em 2023 24\/12\/2023 T\u00e9rmino das atividades letivas de 2023 01\/01\/2024 a 30\/01\/2024 F\u00e9rias 2024 01\/02\/2024 In\u00edcio das atividades letivas em 2024 31\/08\/2024 [&hellip;]\" \/>\n<meta property=\"og:url\" content=\"https:\/\/utfpr.curitiba.br\/inteduc\/cronograma_old\/\" \/>\n<meta property=\"og:site_name\" content=\"INTEDUC\" \/>\n<meta property=\"article:modified_time\" content=\"2023-07-09T15:41:35+00:00\" \/>\n<meta name=\"twitter:card\" content=\"summary_large_image\" \/>\n<meta name=\"twitter:label1\" content=\"Est. reading time\" \/>\n\t<meta name=\"twitter:data1\" content=\"1 minuto\" \/>\n<script type=\"application\/ld+json\" class=\"yoast-schema-graph\">{\"@context\":\"https:\/\/schema.org\",\"@graph\":[{\"@type\":\"WebPage\",\"@id\":\"https:\/\/utfpr.curitiba.br\/inteduc\/cronograma_old\/\",\"url\":\"https:\/\/utfpr.curitiba.br\/inteduc\/cronograma_old\/\",\"name\":\"Cronograma_old - INTEDUC\",\"isPartOf\":{\"@id\":\"https:\/\/utfpr.curitiba.br\/inteduc\/#website\"},\"datePublished\":\"2022-06-09T16:30:36+00:00\",\"dateModified\":\"2023-07-09T15:41:35+00:00\",\"breadcrumb\":{\"@id\":\"https:\/\/utfpr.curitiba.br\/inteduc\/cronograma_old\/#breadcrumb\"},\"inLanguage\":\"pt-BR\",\"potentialAction\":[{\"@type\":\"ReadAction\",\"target\":[\"https:\/\/utfpr.curitiba.br\/inteduc\/cronograma_old\/\"]}]},{\"@type\":\"BreadcrumbList\",\"@id\":\"https:\/\/utfpr.curitiba.br\/inteduc\/cronograma_old\/#breadcrumb\",\"itemListElement\":[{\"@type\":\"ListItem\",\"position\":1,\"name\":\"Home\",\"item\":\"https:\/\/utfpr.curitiba.br\/inteduc\/\"},{\"@type\":\"ListItem\",\"position\":2,\"name\":\"Cronograma_old\"}]},{\"@type\":\"WebSite\",\"@id\":\"https:\/\/utfpr.curitiba.br\/inteduc\/#website\",\"url\":\"https:\/\/utfpr.curitiba.br\/inteduc\/\",\"name\":\"INTEDUC\",\"description\":\"Especializa\u00e7\u00e3o em Inova\u00e7\u00e3o e Tecnologias na Educa\u00e7\u00e3o\",\"publisher\":{\"@id\":\"https:\/\/utfpr.curitiba.br\/inteduc\/#organization\"},\"potentialAction\":[{\"@type\":\"SearchAction\",\"target\":{\"@type\":\"EntryPoint\",\"urlTemplate\":\"https:\/\/utfpr.curitiba.br\/inteduc\/?s={search_term_string}\"},\"query-input\":{\"@type\":\"PropertyValueSpecification\",\"valueRequired\":true,\"valueName\":\"search_term_string\"}}],\"inLanguage\":\"pt-BR\"},{\"@type\":\"Organization\",\"@id\":\"https:\/\/utfpr.curitiba.br\/inteduc\/#organization\",\"name\":\"N\u00facleo de Inova\u00e7\u00e3o e Tecnologias na Educa\u00e7\u00e3o UTFPR\",\"url\":\"https:\/\/utfpr.curitiba.br\/inteduc\/\",\"logo\":{\"@type\":\"ImageObject\",\"inLanguage\":\"pt-BR\",\"@id\":\"https:\/\/utfpr.curitiba.br\/inteduc\/#\/schema\/logo\/image\/\",\"url\":\"https:\/\/utfpr-ct-static-content.s3.amazonaws.com\/utfpr.curitiba.br\/wp-content\/uploads\/sites\/83\/2022\/06\/LogotipoInteduc.svg\",\"contentUrl\":\"https:\/\/utfpr-ct-static-content.s3.amazonaws.com\/utfpr.curitiba.br\/wp-content\/uploads\/sites\/83\/2022\/06\/LogotipoInteduc.svg\",\"width\":530,\"height\":162,\"caption\":\"N\u00facleo de Inova\u00e7\u00e3o e Tecnologias na Educa\u00e7\u00e3o UTFPR\"},\"image\":{\"@id\":\"https:\/\/utfpr.curitiba.br\/inteduc\/#\/schema\/logo\/image\/\"},\"sameAs\":[\"https:\/\/gpinteduc.wixsite.com\/utfpr\"]}]}<\/script>\n<!-- \/ Yoast SEO plugin. -->","yoast_head_json":{"title":"Cronograma_old - INTEDUC","robots":{"index":"index","follow":"follow","max-snippet":"max-snippet:-1","max-image-preview":"max-image-preview:large","max-video-preview":"max-video-preview:-1"},"canonical":"https:\/\/utfpr.curitiba.br\/inteduc\/cronograma_old\/","og_locale":"pt_BR","og_type":"article","og_title":"Cronograma_old - INTEDUC","og_description":"\/*! elementor &#8211; v3.6.8 &#8211; 27-07-2022 *\/ .e-container.e-container&#8211;row .elementor-spacer-inner{width:var(&#8211;spacer-size)}.e-container.e-container&#8211;column .elementor-spacer-inner,.elementor-column .elementor-spacer-inner{height:var(&#8211;spacer-size)} \/*! elementor &#8211; v3.6.8 &#8211; 27-07-2022 *\/ .elementor-heading-title{padding:0;margin:0;line-height:1}.elementor-widget-heading .elementor-heading-title[class*=elementor-size-]&gt;a{color:inherit;font-size:inherit;line-height:inherit}.elementor-widget-heading .elementor-heading-title.elementor-size-small{font-size:15px}.elementor-widget-heading .elementor-heading-title.elementor-size-medium{font-size:19px}.elementor-widget-heading .elementor-heading-title.elementor-size-large{font-size:29px}.elementor-widget-heading .elementor-heading-title.elementor-size-xl{font-size:39px}.elementor-widget-heading .elementor-heading-title.elementor-size-xxl{font-size:59px} Cronograma do curso 13\/02\/2023 In\u00edcio das atividades letivas em 2023 24\/12\/2023 T\u00e9rmino das atividades letivas de 2023 01\/01\/2024 a 30\/01\/2024 F\u00e9rias 2024 01\/02\/2024 In\u00edcio das atividades letivas em 2024 31\/08\/2024 [&hellip;]","og_url":"https:\/\/utfpr.curitiba.br\/inteduc\/cronograma_old\/","og_site_name":"INTEDUC","article_modified_time":"2023-07-09T15:41:35+00:00","twitter_card":"summary_large_image","twitter_misc":{"Est. reading time":"1 minuto"},"schema":{"@context":"https:\/\/schema.org","@graph":[{"@type":"WebPage","@id":"https:\/\/utfpr.curitiba.br\/inteduc\/cronograma_old\/","url":"https:\/\/utfpr.curitiba.br\/inteduc\/cronograma_old\/","name":"Cronograma_old - INTEDUC","isPartOf":{"@id":"https:\/\/utfpr.curitiba.br\/inteduc\/#website"},"datePublished":"2022-06-09T16:30:36+00:00","dateModified":"2023-07-09T15:41:35+00:00","breadcrumb":{"@id":"https:\/\/utfpr.curitiba.br\/inteduc\/cronograma_old\/#breadcrumb"},"inLanguage":"pt-BR","potentialAction":[{"@type":"ReadAction","target":["https:\/\/utfpr.curitiba.br\/inteduc\/cronograma_old\/"]}]},{"@type":"BreadcrumbList","@id":"https:\/\/utfpr.curitiba.br\/inteduc\/cronograma_old\/#breadcrumb","itemListElement":[{"@type":"ListItem","position":1,"name":"Home","item":"https:\/\/utfpr.curitiba.br\/inteduc\/"},{"@type":"ListItem","position":2,"name":"Cronograma_old"}]},{"@type":"WebSite","@id":"https:\/\/utfpr.curitiba.br\/inteduc\/#website","url":"https:\/\/utfpr.curitiba.br\/inteduc\/","name":"INTEDUC","description":"Especializa\u00e7\u00e3o em Inova\u00e7\u00e3o e Tecnologias na Educa\u00e7\u00e3o","publisher":{"@id":"https:\/\/utfpr.curitiba.br\/inteduc\/#organization"},"potentialAction":[{"@type":"SearchAction","target":{"@type":"EntryPoint","urlTemplate":"https:\/\/utfpr.curitiba.br\/inteduc\/?s={search_term_string}"},"query-input":{"@type":"PropertyValueSpecification","valueRequired":true,"valueName":"search_term_string"}}],"inLanguage":"pt-BR"},{"@type":"Organization","@id":"https:\/\/utfpr.curitiba.br\/inteduc\/#organization","name":"N\u00facleo de Inova\u00e7\u00e3o e Tecnologias na Educa\u00e7\u00e3o UTFPR","url":"https:\/\/utfpr.curitiba.br\/inteduc\/","logo":{"@type":"ImageObject","inLanguage":"pt-BR","@id":"https:\/\/utfpr.curitiba.br\/inteduc\/#\/schema\/logo\/image\/","url":"https:\/\/utfpr-ct-static-content.s3.amazonaws.com\/utfpr.curitiba.br\/wp-content\/uploads\/sites\/83\/2022\/06\/LogotipoInteduc.svg","contentUrl":"https:\/\/utfpr-ct-static-content.s3.amazonaws.com\/utfpr.curitiba.br\/wp-content\/uploads\/sites\/83\/2022\/06\/LogotipoInteduc.svg","width":530,"height":162,"caption":"N\u00facleo de Inova\u00e7\u00e3o e Tecnologias na Educa\u00e7\u00e3o UTFPR"},"image":{"@id":"https:\/\/utfpr.curitiba.br\/inteduc\/#\/schema\/logo\/image\/"},"sameAs":["https:\/\/gpinteduc.wixsite.com\/utfpr"]}]}},"_links":{"self":[{"href":"https:\/\/utfpr.curitiba.br\/inteduc\/wp-json\/wp\/v2\/pages\/399","targetHints":{"allow":["GET"]}}],"collection":[{"href":"https:\/\/utfpr.curitiba.br\/inteduc\/wp-json\/wp\/v2\/pages"}],"about":[{"href":"https:\/\/utfpr.curitiba.br\/inteduc\/wp-json\/wp\/v2\/types\/page"}],"author":[{"embeddable":true,"href":"https:\/\/utfpr.curitiba.br\/inteduc\/wp-json\/wp\/v2\/users\/85"}],"replies":[{"embeddable":true,"href":"https:\/\/utfpr.curitiba.br\/inteduc\/wp-json\/wp\/v2\/comments?post=399"}],"version-history":[{"count":70,"href":"https:\/\/utfpr.curitiba.br\/inteduc\/wp-json\/wp\/v2\/pages\/399\/revisions"}],"predecessor-version":[{"id":1215,"href":"https:\/\/utfpr.curitiba.br\/inteduc\/wp-json\/wp\/v2\/pages\/399\/revisions\/1215"}],"wp:attachment":[{"href":"https:\/\/utfpr.curitiba.br\/inteduc\/wp-json\/wp\/v2\/media?parent=399"}],"curies":[{"name":"wp","href":"https:\/\/api.w.org\/{rel}","templated":true}]}}