{"id":559,"date":"2023-07-24T22:32:09","date_gmt":"2023-07-25T01:32:09","guid":{"rendered":"https:\/\/utfpr.lsda.online\/mbagestaoempresaria\/?page_id=9"},"modified":"2023-10-04T22:58:35","modified_gmt":"2023-10-05T01:58:35","slug":"disciplinas","status":"publish","type":"page","link":"https:\/\/utfpr.curitiba.br\/industria40\/disciplinas\/","title":{"rendered":"DISCIPLINAS"},"content":{"rendered":"\t\t<div data-elementor-type=\"wp-page\" data-elementor-id=\"559\" class=\"elementor elementor-559\">\n\t\t\t\t\t\t<section class=\"elementor-section elementor-top-section elementor-element elementor-element-824bd2e elementor-section-boxed elementor-section-height-default elementor-section-height-default\" data-id=\"824bd2e\" data-element_type=\"section\" data-e-type=\"section\">\n\t\t\t\t\t\t<div class=\"elementor-container elementor-column-gap-default\">\n\t\t\t\t\t<div class=\"elementor-column elementor-col-100 elementor-top-column elementor-element elementor-element-bac7607\" data-id=\"bac7607\" data-element_type=\"column\" data-e-type=\"column\">\n\t\t\t<div class=\"elementor-widget-wrap elementor-element-populated\">\n\t\t\t\t\t\t<div class=\"elementor-element elementor-element-ac075b5 elementor-widget elementor-widget-heading\" data-id=\"ac075b5\" data-element_type=\"widget\" data-e-type=\"widget\" data-widget_type=\"heading.default\">\n\t\t\t\t<div class=\"elementor-widget-container\">\n\t\t\t\t\t<h2 class=\"elementor-heading-title elementor-size-default\">Disciplinas<\/h2>\t\t\t\t<\/div>\n\t\t\t\t<\/div>\n\t\t\t\t<div class=\"elementor-element elementor-element-599da69 elementor-widget elementor-widget-text-editor\" data-id=\"599da69\" data-element_type=\"widget\" data-e-type=\"widget\" data-widget_type=\"text-editor.default\">\n\t\t\t\t<div class=\"elementor-widget-container\">\n\t\t\t\t\t\t\t\t\t<p>1.&nbsp;<b>Introdu\u00e7\u00e3o a Ind\u00fastria 4.0<\/b>: 30h<b><br><\/b>Conhecimento e compreens\u00e3o do surgimento da Ind\u00fastria4.0 e sua rela\u00e7\u00e3o com as<br>demais revolu\u00e7\u00f5es Industriais e os impactos na sociedade e no mundo do trabalho.<br><br>2.&nbsp;<b>Controladores program\u00e1veis para Ind\u00fastria 4.0<\/b>: 30h<b><br><\/b>Apresentar ao aluno os principais conceitos de programa\u00e7\u00e3o de CLPs e os recursos<br>necess\u00e1rios para os controladores na Ind\u00fastria 4.0<br><br>3.&nbsp;<b>T\u00f3picos Especiais em Rob\u00f3tica Industrial Avan\u00e7ada<\/b>: 30h<b><br><\/b>Essa disciplina tem como objetivo apresentar os principais conceitos da rob\u00f3tica<br>inserida no ambiente industrial. Ensinar aos alunos as interfaces e perif\u00e9ricos<br>usualmente utilizados junto aos rob\u00f4s. Apresentar aos discentes o framework Robot<br>Operating System (ROS) e suas utilidades fundamentais atrav\u00e9s da integra\u00e7\u00e3o de<br>diferentes componentes de um rob\u00f4. Capacitar os estudantes para aplicar t\u00e9cnicasde <br>Intelig\u00eancia Artificial para sistemas rob\u00f3ticos, com a finalidade de permitir que o <br>equipamento trabalhe de maneira aut\u00f4noma ou semi-aut\u00f4noma.<br><br>4.&nbsp;<b>Lideran\u00e7a e Gest\u00e3o de Equipes 4.0<\/b>: 30h<b><br><\/b>Desenvolver compet\u00eancias para a condu\u00e7\u00e3o de equipes de projetos na ind\u00fastria 4.0,<br>processos ou desenvolvimento de produtos sem necessariamente ter liga\u00e7\u00e3o<br>hier\u00e1rquica.<br><br>5<b>.&nbsp;Sistema de Coleta de Dados para Confiabilidade e Gest\u00e3o da Manuten\u00e7\u00e3o<\/b>:<br>30h<br>Apresentar os conhecimentos b\u00e1sicos sobre processos da gest\u00e3o da manuten\u00e7\u00e3o e<br>de engenharia de confiabilidade, capacitando os estudantes a reconhecer os<br>elementos determinantes no processo de amostragem para as an\u00e1lises de<br>confiabilidade e para elabora\u00e7\u00e3o de um sistema de informa\u00e7\u00f5es para gest\u00e3o de<br>ativos f\u00edsicos, considerando as orienta\u00e7\u00f5es de normas como a ISO 14.224 e os<br>conceitos atuais da ind\u00fastria 4.0.<br><br>6.&nbsp;<b>Projeto Final<\/b>: 30h<b><br><\/b>Ser\u00e1 feita nessa disciplina a uni\u00e3o de todas as outras disciplinas aonde ser\u00e3o<br>propostas alguns projetos para que os alunos possam faz\u00ea-los em equipe e<br>posteriormente apresent\u00e1-los, podendo sair desses projetos propostas de mestrado<br>na \u00e1rea em quest\u00e3o.<br><br>7.&nbsp;<b>Semin\u00e1rios Direcionados<\/b>: 60h<b><br><\/b>Nessa disciplina ser\u00e3o convidados profissionais para fazer palestras sobre Ind\u00fastria<br>4.0, com alguns temas relacionados ao assunto, por exemplo: computa\u00e7\u00e3o em<br>nuvem, internet das coisas, big data, lean six sigma entre outros.<br><br>8.&nbsp;<b>Manufatura Aditiva e H\u00edbrida<\/b>: 30 h<b><br><\/b>Familiarizar o discente com os conceitos e princ\u00edpios da manufatura aditiva, atrav\u00e9s<br>do conhecimento de sua hist\u00f3ria, conceitos e principais tecnologias. Auxiliar os<br>estudantes a entender como esta tecnologia se aplica aos processos produtivos<br>industriais atuais e como entender o processo de avalia\u00e7\u00e3o e ado\u00e7\u00e3o da tecnologia<br>na ind\u00fastria.<br><br>9.&nbsp;<b>Sistemas Ciber F\u00edsicos<\/b>: 30h<b><br><\/b>Essa disciplina tem como objetivo ilustrar evolutivamente como sistemas ciber-<br>f\u00edsicos CPSs s\u00e3o concebidos, como sistemas legados se tornam CPSs, porque eles<br>s\u00e3o necess\u00e1rios e como \u00e9 poss\u00edvel medir a maturidade de tais sistemas (bem como<br>o benef\u00edcio que proporcionam). A Ind\u00fastria 4.0 (I4.0) est\u00e1 associada \u00e0 concep\u00e7\u00e3o de<br>Sistemas Ciber-f\u00edsicos (CPSs) em produ\u00e7\u00e3o. Eles s\u00e3o a fus\u00e3o de sistemas el\u00e9tricos<br>e eletr\u00f4nicos, ou o dom\u00ednio \u201ccibern\u00e9tico\u201d de dados de informa\u00e7\u00e3o, com componentes<br>\u201cf\u00edsicos\u201d. Isso permitem a intera\u00e7\u00e3o digital do mundo f\u00edsico criando uma c\u00f3pia virtual<br>dele. Essa contraparte cibern\u00e9tica tamb\u00e9m pode ser associada a muitos outros<br>conceitos, como por exemplo o g\u00eameo digital (DT). Em suma, CPSs s\u00e3o<br>respons\u00e1veis por habilitar sistemas a assumirem uma gama de tecnologias de<br>informa\u00e7\u00e3o e comunica\u00e7\u00e3o, gerenciando capacidades computacionais e f\u00edsicas<br>interconectadas. Estes sistemas objetivam a recupera\u00e7\u00e3o, consumo e execu\u00e7\u00e3o de<br>opera\u00e7\u00f5es com informa\u00e7\u00f5es (dados) para um melhor desempenho dos processos.<br><br>10.&nbsp;<b>Engenharia de Produto 4.0<\/b>: 30h<b><br><\/b>Desenvolver de forma cooperativa novos produtos funcionais e sustent\u00e1veis,<br>integrando processos e definindo criativamente solu\u00e7\u00f5es industriais para fabrica\u00e7\u00e3o<br>de produtos sob requisitos da Ind\u00fastria 4.0<br><br>11.&nbsp;<b>Gest\u00e3o Estrat\u00e9gica de Tecnol\u00f3gica \u00e0 Ind\u00fastria 4.0<\/b>: 30h<br>O principal objetivo deste curso \u00e9 capacitar os alunos a compreender, analisar e<br>aplicar os conceitos empregados na Gest\u00e3o Tecnol\u00f3gica na Ind\u00fastria 4.0,<br>destacando a estrutura conceitual, abordagens e ferramentas, possibilitando a<br>realiza\u00e7\u00e3o de trabalhos emp\u00edricos no processo de an\u00e1lise dos processos industriais<br>com metodologias de apoio a tomada de decis\u00f5es multi-crit\u00e9rios. Neste sentido, os<br>alunos ser\u00e3o fortemente encorajados a aplicar os conceitos e ferramentas discutidos<br>em sala de aula.<br><br><strong>Carga hor\u00e1ria total de 360h.<\/strong><\/p>\n<p><\/p>\t\t\t\t\t\t\t\t<\/div>\n\t\t\t\t<\/div>\n\t\t\t\t\t<\/div>\n\t\t<\/div>\n\t\t\t\t\t<\/div>\n\t\t<\/section>\n\t\t\t\t<\/div>\n\t\t","protected":false},"excerpt":{"rendered":"<p>\/*! elementor &#8211; v3.15.0 &#8211; 20-08-2023 *\/ .elementor-heading-title{padding:0;margin:0;line-height:1}.elementor-widget-heading .elementor-heading-title[class*=elementor-size-]&gt;a{color:inherit;font-size:inherit;line-height:inherit}.elementor-widget-heading .elementor-heading-title.elementor-size-small{font-size:15px}.elementor-widget-heading .elementor-heading-title.elementor-size-medium{font-size:19px}.elementor-widget-heading .elementor-heading-title.elementor-size-large{font-size:29px}.elementor-widget-heading .elementor-heading-title.elementor-size-xl{font-size:39px}.elementor-widget-heading .elementor-heading-title.elementor-size-xxl{font-size:59px} Disciplinas 1.&nbsp;Introdu\u00e7\u00e3o a Ind\u00fastria 4.0: 30hConhecimento e compreens\u00e3o do surgimento da Ind\u00fastria4.0 e sua rela\u00e7\u00e3o com asdemais revolu\u00e7\u00f5es Industriais e os impactos na sociedade e no mundo do trabalho. 2.&nbsp;Controladores program\u00e1veis para Ind\u00fastria 4.0: 30hApresentar ao aluno os principais conceitos de [&hellip;]<\/p>\n","protected":false},"author":15,"featured_media":0,"parent":0,"menu_order":0,"comment_status":"closed","ping_status":"closed","template":"","meta":{"footnotes":""},"class_list":["post-559","page","type-page","status-publish","hentry"],"_links":{"self":[{"href":"https:\/\/utfpr.curitiba.br\/industria40\/wp-json\/wp\/v2\/pages\/559","targetHints":{"allow":["GET"]}}],"collection":[{"href":"https:\/\/utfpr.curitiba.br\/industria40\/wp-json\/wp\/v2\/pages"}],"about":[{"href":"https:\/\/utfpr.curitiba.br\/industria40\/wp-json\/wp\/v2\/types\/page"}],"author":[{"embeddable":true,"href":"https:\/\/utfpr.curitiba.br\/industria40\/wp-json\/wp\/v2\/users\/15"}],"replies":[{"embeddable":true,"href":"https:\/\/utfpr.curitiba.br\/industria40\/wp-json\/wp\/v2\/comments?post=559"}],"version-history":[{"count":43,"href":"https:\/\/utfpr.curitiba.br\/industria40\/wp-json\/wp\/v2\/pages\/559\/revisions"}],"predecessor-version":[{"id":711,"href":"https:\/\/utfpr.curitiba.br\/industria40\/wp-json\/wp\/v2\/pages\/559\/revisions\/711"}],"wp:attachment":[{"href":"https:\/\/utfpr.curitiba.br\/industria40\/wp-json\/wp\/v2\/media?parent=559"}],"curies":[{"name":"wp","href":"https:\/\/api.w.org\/{rel}","templated":true}]}}