{"id":39,"date":"2020-06-09T18:48:13","date_gmt":"2020-06-09T21:48:13","guid":{"rendered":"https:\/\/gyro.ct.utfpr.edu.br\/?page_id=39"},"modified":"2023-02-16T15:20:54","modified_gmt":"2023-02-16T18:20:54","slug":"gyro-4-energy","status":"publish","type":"page","link":"https:\/\/utfpr.curitiba.br\/gyro\/gyro-4-energy\/","title":{"rendered":"4ENERGY"},"content":{"rendered":"\n<p>O projeto Gyro 4Energy visa contribuir com informa\u00e7\u00f5es acerca do desempenho da sustentabilidade de fontes energ\u00e9ticas, envolvendo trabalhos em carv\u00e3o vegetal, etanol e eletricidade.<\/p>\n\n\n\n<p>Um dos trabalhos em andamento \u00e9 o Invent\u00e1rio do Ciclo de Vida do Carv\u00e3o Vegetal, I(CV)<sup>2<\/sup>, apoiado pelo CNPq, que ir\u00e1 fornecer invent\u00e1rios para a base de dados de ACV brasileira, o SICV Brasil. Al\u00e9m de prover informa\u00e7\u00f5es acerca dos impactos ambientais potenciais das tecnologias mais utilizadas na produ\u00e7\u00e3o de carv\u00e3o vegetal no pa\u00eds, o projeto visa averiguar novas tecnologias, o aproveitamento de finos de carv\u00e3o e as emiss\u00f5es de material particulado.<\/p>\n\n\n\n<p>Para tanto, o projeto conta com a parceria dos laborat\u00f3rios do setor privado, do LAPEM, da UFV, LEMA, da UTFPR.<\/p>\n\n\n\n<p><img decoding=\"async\" style=\"color: initial;\" src=\"https:\/\/utfpr-ct-static-content.s3.amazonaws.com\/utfpr.curitiba.br\/wp-content\/uploads\/sites\/82\/2020\/08\/carvao.png\" alt=\"O atributo alt desta imagem est\u00e1 vazio. O nome do arquivo \u00e9 carvao.png\"><\/p>\n\n\n\n<figure class=\"wp-block-image size-large\"><img fetchpriority=\"high\" decoding=\"async\" width=\"657\" height=\"324\" src=\"https:\/\/utfpr-ct-static-content.s3.amazonaws.com\/utfpr.curitiba.br\/wp-content\/uploads\/sites\/82\/2020\/08\/carvao.png\" alt=\"\" class=\"wp-image-511\" srcset=\"https:\/\/utfpr-ct-static-content.s3.amazonaws.com\/utfpr.curitiba.br\/wp-content\/uploads\/sites\/82\/2020\/08\/carvao.png 657w, https:\/\/utfpr-ct-static-content.s3.amazonaws.com\/utfpr.curitiba.br\/wp-content\/uploads\/sites\/82\/2020\/08\/carvao-300x148.png 300w, https:\/\/utfpr-ct-static-content.s3.amazonaws.com\/utfpr.curitiba.br\/wp-content\/uploads\/sites\/82\/2020\/08\/carvao-122x60.png 122w\" sizes=\"(max-width: 657px) 100vw, 657px\" \/><figcaption>Carv\u00e3o vegetal<\/figcaption><\/figure>\n\n\n\n<p id=\"block-ffb23048-1425-4d43-8363-5d553e9758ee\">Um projeto associado ao tema foi desenvolvido em parceria com a Polytechnique de Montreal, que elaborou um modelo para calcular o impacto ambiental do consumo de madeira na disponibilidade de recurso.<\/p>\n\n\n\n<p>Outro trabalho do Gyro 4Energy \u00e9 acerca da ACV Social da cadeia do etanol, colaborando com a Universidade de Coimbra e o Centro de Tecnologia em Bioetanol. <\/p>\n\n\n\n<p>Por fim, mas n\u00e3o menos relevante, a avalia\u00e7\u00e3o dos impactos potenciais decorrentes do aumento da frota de ve\u00edculos el\u00e9tricos no Brasil foi avaliada. O estudo recebeu o a men\u00e7\u00e3o honrosa da Associa\u00e7\u00e3o de Engenharia Automotiva em 2015.<\/p>\n\n\n\n<p>Saiba mais!<\/p>\n\n\n\n<p>ESQUIAQUI, L. ; DE OLIVEIRA MIRANDA SANTOS, S. D. F. ;&nbsp;UGAYA, C. M. L.&nbsp;. A systematic review of densified biomass products life cycle assessments. International Journal of Environmental Science and Technology, v. X, p. X, 2023.<\/p>\n\n\n\n<p>SOUZA, ALEXANDRE ; WATANABE, MARCOS D. B. ; CAVALETT, OTAVIO ; CUNHA, MARCELO ;&nbsp;UGAYA, C\u00c1SSIA M. L.&nbsp;; BONOMI, ANTONIO . A novel social life cycle assessment method for determining workers? human development: a case study of the sugarcane biorefineries in Brazil. INTERNATIONAL JOURNAL OF LIFE CYCLE ASSESSMENT, v. X, p. X, 2021.<\/p>\n\n\n\n<p>ODPPES, G. F. ; BULLE, C. ;\u00a0UGAYA, C. M. L.\u00a0. Wood forest resource consumption impact assessment based on a scarcity index accounting for wood functionality and substitutability (WoodSI). INTERNATIONAL JOURNAL OF LIFE CYCLE ASSESSMENT, v. 26, p. 1045-1061, 2021.<\/p>\n\n\n\n<p>SOUZA, ALEXANDRE ; WATANABE, MARCOS DJUN BARBOSA ; CAVALETT, OTAVIO ;\u00a0Ugaya, Cassia Maria Lie\u00a0; BONOMI, ANTONIO . Social life cycle assessment of first and second-generation ethanol production technologies in Brazil. The International Journal of Life Cycle Assessment, v. 23, p. 617-628, 2018.<\/p>\n\n\n\n<p>GARCIA DE LIMA, ELAINE ; BULLE, C\u00c9CILE ; UGAYA, C\u00e1ssia\u00a0. A Functionality Based Wood Substitutability Index. Sustainability, v. 10, p. 1750, 2018.<\/p>\n\n\n\n<p>CHOMA, ERNANI FRANCISCO ;&nbsp;UGAYA, C. M. L.. Environmental impact assessment of increasing electric vehicles in the Brazilian fleet. JOURNAL OF CLEANER PRODUCTION, v. 152, p. 497-507, 2017.<\/p>\n\n\n\n<p>MIRANDA SANTOS, SUELI ; PIEKARSKI, CASSIANO ;&nbsp;UGAYA, C\u00c1SSIA&nbsp;; DONATO, DANILO ; BRAGHINI J\u00daNIOR, ALDO ; DE FRANCISCO, ANTONIO ; CARVALHO, ANA . Life Cycle Analysis of Charcoal Production in Masonry Kilns with and without Carbonization Process Generated Gas Combustion. Sustainability, v. 9, p. 1558, 2017.<\/p>\n\n\n\n<p>MACIEL, V. G. ;&nbsp;ZORTEA, R. B.; GRILLO, I. B. ;&nbsp;UGAYA, C. M. L.&nbsp;; EINLOFT, S. ; SEFERIN, M. . Greenhouse gases assessment of soybean cultivation steps in southern Brazil. Journal of Cleaner Production, v. 131, p. 747-753, 2016.<\/p>\n\n\n\n<p>CAMARGO, Arilde Sutil Gabriel de ;&nbsp;UGAYA, C. M. L<strong>.<\/strong>&nbsp;;&nbsp;AGUDELO, L. P. P.&nbsp;. Proposta de defini\u00e7\u00e3o de indicadores de sustentabilidade para a gera\u00e7\u00e3o de energia el\u00e9trica. Revista Educa\u00e7\u00e3o &amp; Tecnologia, Curitiba, v. 8, n.1, p. 1-21, 2004.<\/p>\n","protected":false},"excerpt":{"rendered":"<p>O projeto Gyro 4Energy visa contribuir com informa\u00e7\u00f5es acerca do desempenho da sustentabilidade de fontes energ\u00e9ticas, envolvendo trabalhos em carv\u00e3o vegetal, etanol e eletricidade. Um dos trabalhos em andamento \u00e9 &hellip; <\/p>\n","protected":false},"author":2,"featured_media":0,"parent":0,"menu_order":0,"comment_status":"closed","ping_status":"closed","template":"","meta":{"footnotes":""},"class_list":["post-39","page","type-page","status-publish","hentry"],"_links":{"self":[{"href":"https:\/\/utfpr.curitiba.br\/gyro\/wp-json\/wp\/v2\/pages\/39","targetHints":{"allow":["GET"]}}],"collection":[{"href":"https:\/\/utfpr.curitiba.br\/gyro\/wp-json\/wp\/v2\/pages"}],"about":[{"href":"https:\/\/utfpr.curitiba.br\/gyro\/wp-json\/wp\/v2\/types\/page"}],"author":[{"embeddable":true,"href":"https:\/\/utfpr.curitiba.br\/gyro\/wp-json\/wp\/v2\/users\/2"}],"replies":[{"embeddable":true,"href":"https:\/\/utfpr.curitiba.br\/gyro\/wp-json\/wp\/v2\/comments?post=39"}],"version-history":[{"count":12,"href":"https:\/\/utfpr.curitiba.br\/gyro\/wp-json\/wp\/v2\/pages\/39\/revisions"}],"predecessor-version":[{"id":771,"href":"https:\/\/utfpr.curitiba.br\/gyro\/wp-json\/wp\/v2\/pages\/39\/revisions\/771"}],"wp:attachment":[{"href":"https:\/\/utfpr.curitiba.br\/gyro\/wp-json\/wp\/v2\/media?parent=39"}],"curies":[{"name":"wp","href":"https:\/\/api.w.org\/{rel}","templated":true}]}}