{"id":235,"date":"2020-06-17T09:25:29","date_gmt":"2020-06-17T12:25:29","guid":{"rendered":"https:\/\/gyro.ct.utfpr.edu.br\/?page_id=235"},"modified":"2023-02-16T15:30:43","modified_gmt":"2023-02-16T18:30:43","slug":"walks-the-talk","status":"publish","type":"page","link":"https:\/\/utfpr.curitiba.br\/gyro\/walks-the-talk\/","title":{"rendered":"Walk the Talk"},"content":{"rendered":"\n<p>Fa\u00e7o o que eu digo. Pensando nisso, o Gyro resolveu fazer o que diz e est\u00e1 incluindo a ASCV de suas atividades para praticar o discurso do Gyro e, simultaneamente, utilizar o estudo como aprendizado da Avalia\u00e7\u00e3o do Ciclo de Vida (ACV) realizada nos tr\u00eas pilares da sustentabilidade. <\/p>\n\n\n\n<p>O objetivo da ASCV do Gyro foi identificar pontos cr\u00edticos para melhoria do desempenho da sustentabilidade das atividades do Gyro. Neste sentido, o Gyro est\u00e1 utilizando a ACV Ambiental (ACV-A), os Custos do Ciclo de Vida (CCV) e a Avalia\u00e7\u00e3o Social do Ciclo de Vida (ACV-S).<\/p>\n\n\n\n<p>Na primeira etapa do projeto, as atividades foram realizadas no Laborat\u00f3rio do Gyro na UTFPR. Os resultados preliminares estar\u00e3o dispon\u00edveis em Ugaya et al. (2020).<\/p>\n\n\n\n<p>Com a COVID-19, as atividades do Gyro passaram a ser em Home Office e novos alinhamentos foram necess\u00e1rios. <\/p>\n\n\n\n<p>Veja os resultados preliminares da ACV referentes a uma semana de 2020, em que se observa quais os fluxos e os integrantes que mais causaram impacto.<\/p>\n\n\n\n<iframe width=\"500\" height=\"800\" src=\"https:\/\/app.powerbi.com\/view?r=eyJrIjoiNzQ5ZjU4MTktMGE3MS00MzU2LWFlNGItNTYxOWY5NDc3MWIwIiwidCI6ImQ1ZWJlMDUzLTRjZGMtNDFkNS04ODcwLWU3ZGJjMzdlYzYwNSJ9&amp;pageName=ReportSection\" frameborder=\"0\" allowfullscreen=\"true\"><\/iframe>\n\n\n\n<p>Os principais resultados apontaram que o consumo de eletricidade, componentes eletr\u00f4nicos e caf\u00e9 s\u00e3o os principais aspectos que causaram impactos e riscos potenciais no desempenho da sustentabilidade do Gyro. Al\u00e9m disso, alimentos e m\u00f3veis s\u00e3o relevantes especialmente para a ACV-S e os CCV, conforme mostrado na Figura 1.<\/p>\n\n\n\n<figure class=\"wp-block-image size-large is-resized\"><img fetchpriority=\"high\" decoding=\"async\" src=\"https:\/\/utfpr-ct-static-content.s3.amazonaws.com\/utfpr.curitiba.br\/wp-content\/uploads\/sites\/82\/2020\/10\/Captura-de-Tela-2020-10-29-a\u0300s-14.52.26.png\" alt=\"\" class=\"wp-image-606\" width=\"560\" height=\"296\" srcset=\"https:\/\/utfpr-ct-static-content.s3.amazonaws.com\/utfpr.curitiba.br\/wp-content\/uploads\/sites\/82\/2020\/10\/Captura-de-Tela-2020-10-29-a\u0300s-14.52.26.png 893w, https:\/\/utfpr-ct-static-content.s3.amazonaws.com\/utfpr.curitiba.br\/wp-content\/uploads\/sites\/82\/2020\/10\/Captura-de-Tela-2020-10-29-a\u0300s-14.52.26-300x159.png 300w, https:\/\/utfpr-ct-static-content.s3.amazonaws.com\/utfpr.curitiba.br\/wp-content\/uploads\/sites\/82\/2020\/10\/Captura-de-Tela-2020-10-29-a\u0300s-14.52.26-768x406.png 768w, https:\/\/utfpr-ct-static-content.s3.amazonaws.com\/utfpr.curitiba.br\/wp-content\/uploads\/sites\/82\/2020\/10\/Captura-de-Tela-2020-10-29-a\u0300s-14.52.26-114x60.png 114w\" sizes=\"(max-width: 560px) 100vw, 560px\" \/><figcaption><br>Figura 1: Resultados da ASCV para 1 hora de atividades<\/figcaption><\/figure>\n\n\n\n<p><strong>M\u00e9todo<\/strong><\/p>\n\n\n\n<p><em>Defini\u00e7\u00e3o do objetivo e escopo<\/em><\/p>\n\n\n\n<p>Adotou-se a ACV Organizacional, sendo o objetivo do estudo:<\/p>\n\n\n\n<ul class=\"wp-block-list\"><li>identificar os pontos-chave para melhorar o desempenho de sustentabilidade do Gyro<\/li><li>facilitar a aplica\u00e7\u00e3o da ASCV<\/li><li>entender os desafios para implementar ASCV<\/li><\/ul>\n\n\n\n<p>A fun\u00e7\u00e3o est\u00e1 relacionada com a miss\u00e3o do Gyro, de fornecer informa\u00e7\u00f5es para apoiar os tomadores de decis\u00e3o sobre os impactos potenciais da sustentabilidade ao longo do ciclo de vida por meio de pesquisa, educa\u00e7\u00e3o e relacionamento com a comunidade. Para tanto, selecionou-se como unidade funcional 1 hora de atividades.<\/p>\n\n\n\n<p><em>Invent\u00e1rio<\/em><\/p>\n\n\n\n<p>A realiza\u00e7\u00e3o do invent\u00e1rio envolveu a coleta de dados prim\u00e1ria, que foi realizada com uso de formul\u00e1rios e organizados em planilhas, a partir do qual foram realizadas an\u00e1lise iterativas e inseridas nas bases de dados.<\/p>\n\n\n\n<figure class=\"wp-block-image size-large\"><img decoding=\"async\" width=\"1024\" height=\"424\" src=\"https:\/\/utfpr-ct-static-content.s3.amazonaws.com\/utfpr.curitiba.br\/wp-content\/uploads\/sites\/82\/2020\/10\/Captura-de-Tela-2020-10-29-a\u0300s-14.41.00-1024x424.png\" alt=\"\" class=\"wp-image-604\" srcset=\"https:\/\/utfpr-ct-static-content.s3.amazonaws.com\/utfpr.curitiba.br\/wp-content\/uploads\/sites\/82\/2020\/10\/Captura-de-Tela-2020-10-29-a\u0300s-14.41.00-1024x424.png 1024w, https:\/\/utfpr-ct-static-content.s3.amazonaws.com\/utfpr.curitiba.br\/wp-content\/uploads\/sites\/82\/2020\/10\/Captura-de-Tela-2020-10-29-a\u0300s-14.41.00-300x124.png 300w, https:\/\/utfpr-ct-static-content.s3.amazonaws.com\/utfpr.curitiba.br\/wp-content\/uploads\/sites\/82\/2020\/10\/Captura-de-Tela-2020-10-29-a\u0300s-14.41.00-768x318.png 768w, https:\/\/utfpr-ct-static-content.s3.amazonaws.com\/utfpr.curitiba.br\/wp-content\/uploads\/sites\/82\/2020\/10\/Captura-de-Tela-2020-10-29-a\u0300s-14.41.00-145x60.png 145w, https:\/\/utfpr-ct-static-content.s3.amazonaws.com\/utfpr.curitiba.br\/wp-content\/uploads\/sites\/82\/2020\/10\/Captura-de-Tela-2020-10-29-a\u0300s-14.41.00.png 1026w\" sizes=\"(max-width: 1024px) 100vw, 1024px\" \/><figcaption>Figura 2: Etapas para realiza\u00e7\u00e3o do invent\u00e1rio<\/figcaption><\/figure>\n\n\n\n<p><em>Impacto<\/em><\/p>\n\n\n\n<p>As categorias de impacto avaliadas foram:<\/p>\n\n\n\n<ul class=\"wp-block-list\"><li>Para ACV: Recomenda\u00e7\u00f5es do UNEP e SETAC (2016) + RAICV (exceto PM e escassez de \u00e1gua)<\/li><li>Para ACV-S: SHDB + M\u00e9todo de Avalia\u00e7\u00e3o de Subcategoria (SAM)<\/li><li>Para CCV: res\u00edduos, manuten\u00e7\u00e3o, alimentos, m\u00f3veis e equipamentos eletr\u00f4nicos<\/li><\/ul>\n\n\n\n<p><strong>Conclus\u00f5es<\/strong> <strong>e recomenda\u00e7\u00f5es<\/strong><\/p>\n\n\n\n<p>De acordo com o estudo, os principais resultados apontaram que o consumo de eletricidade, componentes eletr\u00f4nicos e caf\u00e9 s\u00e3o os principais aspectos a serem melhorados no desempenho da sustentabilidade do Gyro. <\/p>\n\n\n\n<p><strong>Agradecimento<\/strong><\/p>\n\n\n\n<p>Agradecemos o apoio da <a href=\"http:\/\/lifecycleinitiative.org\/\" target=\"_blank\" rel=\"noreferrer noopener\">The Life Cycle Initiative<\/a>, IFU Hamburg e New Earth e \u00e0s bolsas do CNPq, CAPES e Funda\u00e7\u00e3o Arauc\u00e1ria. <\/p>\n\n\n\n<p><strong>Refer\u00eancias<\/strong><\/p>\n\n\n\n<p>Ugaya et al. (2020) Fa\u00e7o o que eu digo: ACV ambiental, social e econ\u00f4mica do Gyro <strong>GCV 2020<\/strong> 6p.<\/p>\n\n\n\n<p><strong>Outras publica\u00e7\u00f5es relacionadas<\/strong><\/p>\n\n\n\n<p>Valdivia, Sonia ; BACKES, JANA GERTA ; TRAVERSO, MARZIA ; SONNEMANN, Guido ; CUCURACHI, STEFANO ; GUIN\u00c9E, JEROEN B. ; SCHAUBROECK, THOMAS ; Finkbeiner, Matthias ; LEROY-PARMENTIER, NOEMIE ;\u00a0UGAYA, C\u00c1SSIA\u00a0; PE\u00d1A, Claudia ; ZAMAGNI, ALESSANDRA ; Inaba, Atsushi ; AMARAL, MILENA ; BERGER, MARKUS ; DVARIONIENE, JOLANTA ; VAKHITOVA, TATIANA ; BENOIT-NORRIS, CATHERINE ; PROX, MARTINA ; FOOLMAUN, RAJENDRA ; GOEDKOOP, MARK . Principles for the application of life cycle sustainability assessment. The International Journal of Life Cycle Assessment, v. X, p. I, 2021.<\/p>\n\n\n\n<p>TSAMBE, MALAQUIAS ZILDO ANT\u00d3NIO ; DE ALMEIDA, C\u00c1SSIO FLORISBAL ;\u00a0Ugaya, C\u00e1ssia Maria Lie\u00a0; DE ABREU CYBIS, LUIZ FERNANDO . Application of Life Cycle Sustainability Assessment to Used Lubricant Oil Management in South Brazilian Region. Sustainability, v. 13, p. 13583, 2021.<\/p>\n","protected":false},"excerpt":{"rendered":"<p>Fa\u00e7o o que eu digo. Pensando nisso, o Gyro resolveu fazer o que diz e est\u00e1 incluindo a ASCV de suas atividades para praticar o discurso do Gyro e, simultaneamente, &hellip; <\/p>\n","protected":false},"author":2,"featured_media":0,"parent":0,"menu_order":0,"comment_status":"closed","ping_status":"closed","template":"","meta":{"footnotes":""},"class_list":["post-235","page","type-page","status-publish","hentry"],"_links":{"self":[{"href":"https:\/\/utfpr.curitiba.br\/gyro\/wp-json\/wp\/v2\/pages\/235","targetHints":{"allow":["GET"]}}],"collection":[{"href":"https:\/\/utfpr.curitiba.br\/gyro\/wp-json\/wp\/v2\/pages"}],"about":[{"href":"https:\/\/utfpr.curitiba.br\/gyro\/wp-json\/wp\/v2\/types\/page"}],"author":[{"embeddable":true,"href":"https:\/\/utfpr.curitiba.br\/gyro\/wp-json\/wp\/v2\/users\/2"}],"replies":[{"embeddable":true,"href":"https:\/\/utfpr.curitiba.br\/gyro\/wp-json\/wp\/v2\/comments?post=235"}],"version-history":[{"count":33,"href":"https:\/\/utfpr.curitiba.br\/gyro\/wp-json\/wp\/v2\/pages\/235\/revisions"}],"predecessor-version":[{"id":777,"href":"https:\/\/utfpr.curitiba.br\/gyro\/wp-json\/wp\/v2\/pages\/235\/revisions\/777"}],"wp:attachment":[{"href":"https:\/\/utfpr.curitiba.br\/gyro\/wp-json\/wp\/v2\/media?parent=235"}],"curies":[{"name":"wp","href":"https:\/\/api.w.org\/{rel}","templated":true}]}}